{"id":963,"date":"2021-11-20T08:29:34","date_gmt":"2021-11-20T07:29:34","guid":{"rendered":"https:\/\/ateneoescurialense.org\/senderismo\/?page_id=963"},"modified":"2021-12-02T22:45:25","modified_gmt":"2021-12-02T21:45:25","slug":"el-bosque-plateado","status":"publish","type":"page","link":"https:\/\/ateneoescurialense.org\/senderismo\/el-bosque-plateado\/","title":{"rendered":"El Bosque Plateado"},"content":{"rendered":"<p>[et_pb_section fb_built=\u00bb1&#8243; _builder_version=\u00bb4.9.4&#8243; background_color=\u00bb#e2e8ce\u00bb use_background_color_gradient=\u00bbon\u00bb background_color_gradient_start=\u00bb#688987&#8243; background_color_gradient_end=\u00bb#35ffff\u00bb global_colors_info=\u00bb{}\u00bb][et_pb_row _builder_version=\u00bb4.4.9&#8243; global_colors_info=\u00bb{}\u00bb][et_pb_column type=\u00bb4_4&#8243; _builder_version=\u00bb4.4.9&#8243; global_colors_info=\u00bb{}\u00bb][et_pb_text admin_label=\u00bbT\u00edtulo de la ruta\u00bb _builder_version=\u00bb4.14.2&#8243; hover_enabled=\u00bb0&#8243; border_color_all=\u00bbrgba(0,0,0,0)\u00bb global_colors_info=\u00bb{}\u00bb sticky_enabled=\u00bb0&#8243;]<\/p>\n<h1><span style=\"color: #800000;\">El Bosque Plateado<\/span><\/h1>\n<p>[\/et_pb_text][et_pb_blurb use_icon=\u00bbon\u00bb font_icon=\u00bb&#x3b;||divi||400&#8243; icon_color=\u00bb#B7321A\u00bb icon_placement=\u00bbleft\u00bb image_icon_width=\u00bb25px\u00bb admin_label=\u00bbFecha\/hora\u00bb _builder_version=\u00bb4.14.2&#8243; _module_preset=\u00bbdefault\u00bb body_font_size=\u00bb16px\u00bb hover_enabled=\u00bb0&#8243; icon_font_size=\u00bb25px\u00bb global_colors_info=\u00bb{}\u00bb sticky_enabled=\u00bb0&#8243;]<\/p>\n<p>Domingo 5 de noviembre 2021 a las 9:30h<\/p>\n<p>[\/et_pb_blurb][et_pb_blurb use_icon=\u00bbon\u00bb font_icon=\u00bb&#xe081;||divi||400&#8243; icon_color=\u00bb#B7321A\u00bb icon_placement=\u00bbleft\u00bb image_icon_width=\u00bb25px\u00bb admin_label=\u00bbLugar de salida\u00bb _builder_version=\u00bb4.14.2&#8243; _module_preset=\u00bbdefault\u00bb body_font_size=\u00bb16px\u00bb hover_enabled=\u00bb0&#8243; icon_font_size=\u00bb25px\u00bb global_colors_info=\u00bb{}\u00bb sticky_enabled=\u00bb0&#8243;]<\/p>\n<p>Punto de encuentro y salida: parking del SuperCor de San Lorenzo de El Escorial<\/p>\n<p>[\/et_pb_blurb][et_pb_blurb use_icon=\u00bbon\u00bb font_icon=\u00bb&#xe08a;||divi||400&#8243; icon_color=\u00bb#B7321A\u00bb icon_placement=\u00bbleft\u00bb image_icon_width=\u00bb25px\u00bb admin_label=\u00bbCoordinador\u00bb _builder_version=\u00bb4.13.0&#8243; _module_preset=\u00bbdefault\u00bb icon_font_size=\u00bb25px\u00bb global_colors_info=\u00bb{}\u00bb]<\/p>\n<h2><span style=\"color: #993300\">Coordinado por:\u00a0 Miguel \u00c1ngel Santiago<\/span><\/h2>\n<p>[\/et_pb_blurb][\/et_pb_column][\/et_pb_row][et_pb_row _builder_version=\u00bb4.4.9&#8243; background_color=\u00bbrgba(0,0,0,0)\u00bb background_size=\u00bbinitial\u00bb background_position=\u00bbtop_left\u00bb background_repeat=\u00bbrepeat\u00bb global_colors_info=\u00bb{}\u00bb][et_pb_column type=\u00bb4_4&#8243; _builder_version=\u00bb3.25&#8243; custom_padding=\u00bb|||\u00bb global_colors_info=\u00bb{}\u00bb custom_padding__hover=\u00bb|||\u00bb][et_pb_text admin_label=\u00bbDescripci\u00f3n de la ruta\u00bb _builder_version=\u00bb4.13.1&#8243; text_font_size=\u00bb16px\u00bb background_size=\u00bbinitial\u00bb background_position=\u00bbtop_left\u00bb background_repeat=\u00bbrepeat\u00bb global_colors_info=\u00bb{}\u00bb]<\/p>\n<p>En esta ocasi\u00f3n nos vamos a pasear por los pinares de <strong><em>La Jarosa<\/em><\/strong>. En este lugar se encuentra el embalse del mismo nombre, construido en el a\u00f1o 1968 sobre un poblado llamado <em>La Herrer\u00eda, <\/em>el cu\u00e1l hab\u00eda sido abandonado dos siglos antes y del que a\u00fan se conservan las ruinas de la ermita de <em>San Macario<\/em> .<\/p>\n<p>En el entorno de la Jarosa presenta variados ecosistemas y formaciones arb\u00f3reas; en los pinares encontramos varias familias de pinos: el pino resinero, el salgare\u00f1o y el silvestre.\u00a0 A destacar el pinar de pino <em>Laricio<\/em> (Pinus Nigra) de la Hilera, ya que es el \u00fanico de Espa\u00f1a sobre terrenos sil\u00edceos, adem\u00e1s de ser de los m\u00e1s longevos, con ejemplares de mas de 500 a\u00f1os.<\/p>\n<p>Aunque la ruta trascurre en su mayor\u00eda por una pista forestal, presenta pendientes significativas que, sin ser exigentes, no se recomienda a personas que no est\u00e9n en buena forma f\u00edsica o al menos, habituadas a caminar.<\/p>\n<p>Debido a la previsi\u00f3n meteorol\u00f3gica, se recomienda llevar prendas que protejan del fr\u00edo y del agua; del mismo modo, el calzado de senderismo (o incluso de trekking) con membrana del tipo <em>Gore Tex y<\/em> suela con buen agarre, est\u00e1 muy indicado para esta actividad. As\u00ed mismo, en esta ocasi\u00f3n, llevar comida con alto contenido cal\u00f3rico, es una consideraci\u00f3n a tener muy en cuenta.<\/p>\n<ul>\n<li>Lugar de concentraci\u00f3n: Parking de SuperCor en San Lorenzo de El Escorial<\/li>\n<li>Hora de Salida: 9:30 AM<\/li>\n<li>Lugar de arranque del paseo: Zona baja del parking \u201c<strong><em>la Jarosa II<\/em><\/strong>\u201d en la Jarosa, Guadarrama.<\/li>\n<li>Dificultad: Media.<\/li>\n<li>Longitud: 10 Km.<\/li>\n<li>Tiempo estimado de duraci\u00f3n: 4 Horas<\/li>\n<\/ul>\n<p>Previsi\u00f3n meteorol\u00f3gica: Temperaturas bajas y posibles chubascos d\u00e9biles<\/p>\n<p>[\/et_pb_text][et_pb_text admin_label=\u00bbDisclaimer\u00bb _builder_version=\u00bb4.9.2&#8243; text_font_size=\u00bb16px\u00bb background_size=\u00bbinitial\u00bb background_position=\u00bbtop_left\u00bb background_repeat=\u00bbrepeat\u00bb border_radii=\u00bbon|11px|11px|11px|11px\u00bb border_width_all=\u00bb2px\u00bb global_colors_info=\u00bb{}\u00bb]<\/p>\n<p style=\"text-align: center\">Aquellos que no sean socios del Ateneo, deber\u00e1n enviar un correo con sus datos a la direcci\u00f3n <span style=\"color: #800000\"><strong>senderismo@ateneoescurialense.org<\/strong><\/span> antes del pr\u00f3ximo viernes.<\/p>\n<p style=\"text-align: center\">Incluimos el v\u00ednculo a las recomendaciones de la <strong><span style=\"color: #800000\"><a style=\"color: #800000\" href=\"https:\/\/seguridadfedme.es\/capsulas-formativa\/\">FEDME sobre seguridad en la monta\u00f1a<\/a><\/span>.<\/strong><\/p>\n<p>[\/et_pb_text][\/et_pb_column][\/et_pb_row][et_pb_row column_structure=\u00bb2_3,1_3&#8243; _builder_version=\u00bb4.4.9&#8243; background_color=\u00bbrgba(0,0,0,0)\u00bb background_size=\u00bbinitial\u00bb background_position=\u00bbtop_left\u00bb background_repeat=\u00bbrepeat\u00bb global_colors_info=\u00bb{}\u00bb][et_pb_column type=\u00bb2_3&#8243; _builder_version=\u00bb3.25&#8243; custom_padding=\u00bb|||\u00bb global_colors_info=\u00bb{}\u00bb custom_padding__hover=\u00bb|||\u00bb][et_pb_image src=\u00bbhttps:\/\/drive.google.com\/thumbnail?sz=w1000&#038;id=117QdNWYssyFwJHro3IlC6UQDwdLGNP8z\u00bb title_text=\u00bbInnovacion2&#8243; url=\u00bbhttps:\/\/drive.google.com\/thumbnail?sz=w1000&#038;id=117QdNWYssyFwJHro3IlC6UQDwdLGNP8z\u00bb align=\u00bbcenter\u00bb admin_label=\u00bbMapa\u00bb _builder_version=\u00bb4.13.1&#8243; global_colors_info=\u00bb{}\u00bb][\/et_pb_image][\/et_pb_column][et_pb_column type=\u00bb1_3&#8243; _builder_version=\u00bb3.25&#8243; custom_padding=\u00bb|||\u00bb global_colors_info=\u00bb{}\u00bb custom_padding__hover=\u00bb|||\u00bb][et_pb_image src=\u00bbhttps:\/\/drive.google.com\/thumbnail?sz=w1000&#038;id=1ONSoXwjPV1o_a2uOew3b18OKhcYQsg2I\u00bb title_text=\u00bbInnovacion2&#8243; align=\u00bbcenter\u00bb disabled_on=\u00bboff|off|off\u00bb admin_label=\u00bbPrevisi\u00f3n del tiempo\u00bb _builder_version=\u00bb4.14.2&#8243; hover_enabled=\u00bb0&#8243; global_colors_info=\u00bb{}\u00bb sticky_enabled=\u00bb0&#8243;][\/et_pb_image][\/et_pb_column][\/et_pb_row][\/et_pb_section]<\/p>\n","protected":false},"excerpt":{"rendered":"<p>El Bosque PlateadoDomingo 5 de noviembre 2021 a las 9:30hPunto de encuentro y salida: parking del SuperCor de San Lorenzo de El EscorialCoordinado por:\u00a0 Miguel \u00c1ngel SantiagoEn esta ocasi\u00f3n nos vamos a pasear por los pinares de La Jarosa. En este lugar se encuentra el embalse del mismo nombre, construido en el a\u00f1o 1968 sobre [&hellip;]<\/p>\n","protected":false},"author":3,"featured_media":0,"parent":0,"menu_order":0,"comment_status":"closed","ping_status":"closed","template":"","meta":{"_et_pb_use_builder":"on","_et_pb_old_content":"","_et_gb_content_width":"","footnotes":""},"class_list":["post-963","page","type-page","status-publish","hentry"],"_links":{"self":[{"href":"https:\/\/ateneoescurialense.org\/senderismo\/wp-json\/wp\/v2\/pages\/963","targetHints":{"allow":["GET"]}}],"collection":[{"href":"https:\/\/ateneoescurialense.org\/senderismo\/wp-json\/wp\/v2\/pages"}],"about":[{"href":"https:\/\/ateneoescurialense.org\/senderismo\/wp-json\/wp\/v2\/types\/page"}],"author":[{"embeddable":true,"href":"https:\/\/ateneoescurialense.org\/senderismo\/wp-json\/wp\/v2\/users\/3"}],"replies":[{"embeddable":true,"href":"https:\/\/ateneoescurialense.org\/senderismo\/wp-json\/wp\/v2\/comments?post=963"}],"version-history":[{"count":7,"href":"https:\/\/ateneoescurialense.org\/senderismo\/wp-json\/wp\/v2\/pages\/963\/revisions"}],"predecessor-version":[{"id":998,"href":"https:\/\/ateneoescurialense.org\/senderismo\/wp-json\/wp\/v2\/pages\/963\/revisions\/998"}],"wp:attachment":[{"href":"https:\/\/ateneoescurialense.org\/senderismo\/wp-json\/wp\/v2\/media?parent=963"}],"curies":[{"name":"wp","href":"https:\/\/api.w.org\/{rel}","templated":true}]}}

<p>[et_pb_section fb_built=»1&#8243; _builder_version=»4.9.4&#8243; background_color=»#e2e8ce» use_background_color_gradient=»on» background_color_gradient_start=»#688987&#8243; background_color_gradient_end=»#35ffff» global_colors_info=»{}»][et_pb_row _builder_version=»4.4.9&#8243; global_colors_info=»{}»][et_pb_column type=»4_4&#8243; _builder_version=»4.4.9&#8243; global_colors_info=»{}»][et_pb_text admin_label=»Título de la ruta» _builder_version=»4.14.2&#8243; hover_enabled=»0&#8243; border_color_all=»rgba(0,0,0,0)» global_colors_info=»{}» sticky_enabled=»0&#8243;]</p>
<h1><span style="color: #800000;">El Bosque Plateado</span></h1>
<p>[/et_pb_text][et_pb_blurb use_icon=»on» font_icon=»&#x3b;||divi||400&#8243; icon_color=»#B7321A» icon_placement=»left» image_icon_width=»25px» admin_label=»Fecha/hora» _builder_version=»4.14.2&#8243; _module_preset=»default» body_font_size=»16px» hover_enabled=»0&#8243; icon_font_size=»25px» global_colors_info=»{}» sticky_enabled=»0&#8243;]</p>
<p>Domingo 5 de noviembre 2021 a las 9:30h</p>
<p>[/et_pb_blurb][et_pb_blurb use_icon=»on» font_icon=»&#xe081;||divi||400&#8243; icon_color=»#B7321A» icon_placement=»left» image_icon_width=»25px» admin_label=»Lugar de salida» _builder_version=»4.14.2&#8243; _module_preset=»default» body_font_size=»16px» hover_enabled=»0&#8243; icon_font_size=»25px» global_colors_info=»{}» sticky_enabled=»0&#8243;]</p>
<p>Punto de encuentro y salida: parking del SuperCor de San Lorenzo de El Escorial</p>
<p>[/et_pb_blurb][et_pb_blurb use_icon=»on» font_icon=»&#xe08a;||divi||400&#8243; icon_color=»#B7321A» icon_placement=»left» image_icon_width=»25px» admin_label=»Coordinador» _builder_version=»4.13.0&#8243; _module_preset=»default» icon_font_size=»25px» global_colors_info=»{}»]</p>
<h2><span style="color: #993300">Coordinado por:  Miguel Ángel Santiago</span></h2>
<p>[/et_pb_blurb][/et_pb_column][/et_pb_row][et_pb_row _builder_version=»4.4.9&#8243; background_color=»rgba(0,0,0,0)» background_size=»initial» background_position=»top_left» background_repeat=»repeat» global_colors_info=»{}»][et_pb_column type=»4_4&#8243; _builder_version=»3.25&#8243; custom_padding=»|||» global_colors_info=»{}» custom_padding__hover=»|||»][et_pb_text admin_label=»Descripción de la ruta» _builder_version=»4.13.1&#8243; text_font_size=»16px» background_size=»initial» background_position=»top_left» background_repeat=»repeat» global_colors_info=»{}»]</p>
<p>En esta ocasión nos vamos a pasear por los pinares de <strong><em>La Jarosa</em></strong>. En este lugar se encuentra el embalse del mismo nombre, construido en el año 1968 sobre un poblado llamado <em>La Herrería, </em>el cuál había sido abandonado dos siglos antes y del que aún se conservan las ruinas de la ermita de <em>San Macario</em> .</p>
<p>En el entorno de la Jarosa presenta variados ecosistemas y formaciones arbóreas; en los pinares encontramos varias familias de pinos: el pino resinero, el salgareño y el silvestre.  A destacar el pinar de pino <em>Laricio</em> (Pinus Nigra) de la Hilera, ya que es el único de España sobre terrenos silíceos, además de ser de los más longevos, con ejemplares de mas de 500 años.</p>
<p>Aunque la ruta trascurre en su mayoría por una pista forestal, presenta pendientes significativas que, sin ser exigentes, no se recomienda a personas que no estén en buena forma física o al menos, habituadas a caminar.</p>
<p>Debido a la previsión meteorológica, se recomienda llevar prendas que protejan del frío y del agua; del mismo modo, el calzado de senderismo (o incluso de trekking) con membrana del tipo <em>Gore Tex y</em> suela con buen agarre, está muy indicado para esta actividad. Así mismo, en esta ocasión, llevar comida con alto contenido calórico, es una consideración a tener muy en cuenta.</p>
<ul>
<li>Lugar de concentración: Parking de SuperCor en San Lorenzo de El Escorial</li>
<li>Hora de Salida: 9:30 AM</li>
<li>Lugar de arranque del paseo: Zona baja del parking “<strong><em>la Jarosa II</em></strong>” en la Jarosa, Guadarrama.</li>
<li>Dificultad: Media.</li>
<li>Longitud: 10 Km.</li>
<li>Tiempo estimado de duración: 4 Horas</li>
</ul>
<p>Previsión meteorológica: Temperaturas bajas y posibles chubascos débiles</p>
<p>[/et_pb_text][et_pb_text admin_label=»Disclaimer» _builder_version=»4.9.2&#8243; text_font_size=»16px» background_size=»initial» background_position=»top_left» background_repeat=»repeat» border_radii=»on|11px|11px|11px|11px» border_width_all=»2px» global_colors_info=»{}»]</p>
<p style="text-align: center">Aquellos que no sean socios del Ateneo, deberán enviar un correo con sus datos a la dirección <span style="color: #800000"><strong>senderismo@ateneoescurialense.org</strong></span> antes del próximo viernes.</p>
<p style="text-align: center">Incluimos el vínculo a las recomendaciones de la <strong><span style="color: #800000"><a style="color: #800000" href="https://seguridadfedme.es/capsulas-formativa/">FEDME sobre seguridad en la montaña</a></span>.</strong></p>
<p>[/et_pb_text][/et_pb_column][/et_pb_row][et_pb_row column_structure=»2_3,1_3&#8243; _builder_version=»4.4.9&#8243; background_color=»rgba(0,0,0,0)» background_size=»initial» background_position=»top_left» background_repeat=»repeat» global_colors_info=»{}»][et_pb_column type=»2_3&#8243; _builder_version=»3.25&#8243; custom_padding=»|||» global_colors_info=»{}» custom_padding__hover=»|||»][et_pb_image src=»https://drive.google.com/thumbnail?sz=w1000&#038;id=117QdNWYssyFwJHro3IlC6UQDwdLGNP8z» title_text=»Innovacion2&#8243; url=»https://drive.google.com/thumbnail?sz=w1000&#038;id=117QdNWYssyFwJHro3IlC6UQDwdLGNP8z» align=»center» admin_label=»Mapa» _builder_version=»4.13.1&#8243; global_colors_info=»{}»][/et_pb_image][/et_pb_column][et_pb_column type=»1_3&#8243; _builder_version=»3.25&#8243; custom_padding=»|||» global_colors_info=»{}» custom_padding__hover=»|||»][et_pb_image src=»https://drive.google.com/thumbnail?sz=w1000&#038;id=1ONSoXwjPV1o_a2uOew3b18OKhcYQsg2I» title_text=»Innovacion2&#8243; align=»center» disabled_on=»off|off|off» admin_label=»Previsión del tiempo» _builder_version=»4.14.2&#8243; hover_enabled=»0&#8243; global_colors_info=»{}» sticky_enabled=»0&#8243;][/et_pb_image][/et_pb_column][/et_pb_row][/et_pb_section]</p>

<p>El Bosque PlateadoDomingo 5 de noviembre 2021 a las 9:30hPunto de encuentro y salida: parking del SuperCor de San Lorenzo de El EscorialCoordinado por:  Miguel Ángel SantiagoEn esta ocasión nos vamos a pasear por los pinares de La Jarosa. En este lugar se encuentra el embalse del mismo nombre, construido en el año 1968 sobre [&hellip;]</p>
