{"id":953,"date":"2021-11-13T08:03:46","date_gmt":"2021-11-13T07:03:46","guid":{"rendered":"https:\/\/ateneoescurialense.org\/senderismo\/?page_id=953"},"modified":"2021-11-20T08:38:15","modified_gmt":"2021-11-20T07:38:15","slug":"canada-real-segoviana","status":"publish","type":"page","link":"https:\/\/ateneoescurialense.org\/senderismo\/canada-real-segoviana\/","title":{"rendered":"Ca\u00f1ada Real segoviana"},"content":{"rendered":"<p>[et_pb_section fb_built=\u00bb1&#8243; _builder_version=\u00bb4.9.4&#8243; background_color=\u00bb#e2e8ce\u00bb use_background_color_gradient=\u00bbon\u00bb background_color_gradient_start=\u00bb#688987&#8243; background_color_gradient_end=\u00bb#35ffff\u00bb global_colors_info=\u00bb{}\u00bb][et_pb_row _builder_version=\u00bb4.4.9&#8243; global_colors_info=\u00bb{}\u00bb][et_pb_column type=\u00bb4_4&#8243; _builder_version=\u00bb4.4.9&#8243; global_colors_info=\u00bb{}\u00bb][et_pb_text admin_label=\u00bbT\u00edtulo de la ruta\u00bb _builder_version=\u00bb4.13.1&#8243; border_color_all=\u00bbrgba(0,0,0,0)\u00bb global_colors_info=\u00bb{}\u00bb]<\/p>\n<h1><span style=\"color: #800000;\">Ca\u00f1ada Real segoviana<\/span><\/h1>\n<p>[\/et_pb_text][et_pb_blurb use_icon=\u00bbon\u00bb font_icon=\u00bb&#x3b;||divi||400&#8243; icon_color=\u00bb#B7321A\u00bb icon_placement=\u00bbleft\u00bb image_icon_width=\u00bb25px\u00bb admin_label=\u00bbFecha\/hora\u00bb _builder_version=\u00bb4.13.1&#8243; _module_preset=\u00bbdefault\u00bb body_font_size=\u00bb16px\u00bb icon_font_size=\u00bb25px\u00bb global_colors_info=\u00bb{}\u00bb]<\/p>\n<p>Domingo 21 de noviembre 2021 a las 9:30h<\/p>\n<p>[\/et_pb_blurb][et_pb_blurb use_icon=\u00bbon\u00bb font_icon=\u00bb&#xe081;||divi||400&#8243; icon_color=\u00bb#B7321A\u00bb icon_placement=\u00bbleft\u00bb image_icon_width=\u00bb25px\u00bb admin_label=\u00bbLugar de salida\u00bb _builder_version=\u00bb4.13.0&#8243; _module_preset=\u00bbdefault\u00bb body_font_size=\u00bb16px\u00bb icon_font_size=\u00bb25px\u00bb global_colors_info=\u00bb{}\u00bb]<\/p>\n<p>Punto de encuentro y salida: parking del SuperCor de San Lorenzo de El Escorial<\/p>\n<p>[\/et_pb_blurb][et_pb_blurb use_icon=\u00bbon\u00bb font_icon=\u00bb&#xe08a;||divi||400&#8243; icon_color=\u00bb#B7321A\u00bb icon_placement=\u00bbleft\u00bb image_icon_width=\u00bb25px\u00bb admin_label=\u00bbCoordinador\u00bb _builder_version=\u00bb4.13.0&#8243; _module_preset=\u00bbdefault\u00bb icon_font_size=\u00bb25px\u00bb global_colors_info=\u00bb{}\u00bb]<\/p>\n<h2><span style=\"color: #993300\">Coordinado por:\u00a0 Miguel \u00c1ngel Santiago<\/span><\/h2>\n<p>[\/et_pb_blurb][\/et_pb_column][\/et_pb_row][et_pb_row _builder_version=\u00bb4.4.9&#8243; background_color=\u00bbrgba(0,0,0,0)\u00bb background_size=\u00bbinitial\u00bb background_position=\u00bbtop_left\u00bb background_repeat=\u00bbrepeat\u00bb global_colors_info=\u00bb{}\u00bb][et_pb_column type=\u00bb4_4&#8243; _builder_version=\u00bb3.25&#8243; custom_padding=\u00bb|||\u00bb global_colors_info=\u00bb{}\u00bb custom_padding__hover=\u00bb|||\u00bb][et_pb_text admin_label=\u00bbDescripci\u00f3n de la ruta\u00bb _builder_version=\u00bb4.13.1&#8243; text_font_size=\u00bb16px\u00bb background_size=\u00bbinitial\u00bb background_position=\u00bbtop_left\u00bb background_repeat=\u00bbrepeat\u00bb global_colors_info=\u00bb{}\u00bb]<\/p>\n<p>En esta ocasi\u00f3n recorreremos una parte de la Ca\u00f1ada Real Segoviana. Se trata de una v\u00eda pecuaria de unos 500 km de longitud, que transcurre por el centro de la pen\u00ednsula ib\u00e9rica; arrancando en la comarca hist\u00f3rica de las Cinco Villas (hoy <span style=\"color: #800000;\"><a style=\"color: #800000;\" href=\"https:\/\/es.wikipedia.org\/wiki\/Las_7_Villas\">Las 7 Villas<\/a><\/span>), en el suroeste de <span style=\"color: #800000;\"><a style=\"color: #800000;\" href=\"https:\/\/es.wikipedia.org\/wiki\/La_Rioja_(Espa%C3%B1a)\">La Rioja<\/a><\/span>, cerca de <span style=\"color: #800000;\"><a style=\"color: #800000;\" href=\"https:\/\/es.wikipedia.org\/wiki\/Neila\">Neila<\/a><\/span>, y finaliza en <span style=\"color: #800000;\"><a style=\"color: #800000;\" href=\"https:\/\/es.wikipedia.org\/wiki\/Granja_de_Torrehermosa\">Granja de Torrehermosa<\/a>, <a style=\"color: #800000;\" href=\"https:\/\/es.wikipedia.org\/wiki\/Provincia_de_Badajoz\">provincia de Badajoz<\/a><\/span>.<\/p>\n<p>A su paso por las diferentes comarcas que atraviesa, va cambiando de nombre, as\u00ed se denomina: <em>Ca\u00f1ada de <span style=\"color: #800000;\"><a style=\"color: #800000;\" href=\"https:\/\/es.wikipedia.org\/wiki\/Rabanera_del_Pinar\">Rabanera del Pinar<\/a><\/span> a merinas de <span style=\"color: #800000;\"><a style=\"color: #800000;\" href=\"https:\/\/es.wikipedia.org\/wiki\/Moncalvillo\">Moncalvillo<\/a><\/span><\/em>, <em>Ca\u00f1ada Real de Merinas<\/em>, <em>Ca\u00f1ada de Merinas<\/em>, <em>Ca\u00f1ada Real de Merinas<\/em>, <em>Ca\u00f1ada de Ganados<\/em>, <em>Ca\u00f1ada Real de Ganado<\/em>, <em>Ca\u00f1ada Real Segoviana<\/em>, <em>Ca\u00f1ada Segoviana<\/em>, <em>Ca\u00f1ada Real de Ganados<\/em>, <em>Ca\u00f1ada del March\u00e9s<\/em>, <em>Camino de <span style=\"color: #800000;\"><a style=\"color: #800000;\" href=\"https:\/\/es.wikipedia.org\/wiki\/Puebla_de_Alcocer\">Puebla de Alcocer<\/a> <\/span>a <span style=\"color: #800000;\"><a style=\"color: #800000;\" href=\"https:\/\/es.wikipedia.org\/wiki\/Garbayuela\">Garbayuela<\/a><\/span><\/em> y <em>Cordel de ganados.<\/em>\u200b<\/p>\n<p>Esta v\u00eda pecuaria ha sufrido, como todas, da\u00f1os, y en la actualidad, solo se conservan tramos inconexos. En el siglo XIX, se realiz\u00f3 una descripci\u00f3n de la misma. \u200b<\/p>\n<p>En la Comunidad de Madrid, transcurre por el sur, por <span style=\"color: #800000;\"><a style=\"color: #800000;\" href=\"https:\/\/es.wikipedia.org\/wiki\/Galapagar\">Galapagar<\/a><\/span> y <span style=\"color: #800000;\"><a style=\"color: #800000;\" href=\"https:\/\/es.wikipedia.org\/wiki\/Valdemorillo\">Valdemorillo<\/a>,<\/span> \u00a0manteni\u00e9ndose paralelo al <span style=\"color: #800000;\"><a style=\"color: #800000;\" href=\"https:\/\/es.wikipedia.org\/wiki\/R%C3%ADo_Guadarrama\">r\u00edo Guadarrama<\/a><\/span>. De especial inter\u00e9s es el asentadero junto al viejo Puente del Herre\u00f1o donde confluyen los t\u00e9rminos municipales de Guadarrama, Alpedrete, Villalba, Galapagar, San Lorenzo de El Escorial y San Ignacio de El Escorial .La entrada en <span style=\"color: #800000;\"><a style=\"color: #800000;\" href=\"https:\/\/es.wikipedia.org\/wiki\/Quijorna\">Quijorna<\/a><\/span> marca el cambio de los granitos de Guadarrama a las <span style=\"color: #800000;\"><a style=\"color: #800000;\" href=\"https:\/\/es.wikipedia.org\/wiki\/Arcosa\">arcosas<\/a><\/span> donde vuelven los campos de cereal y las dehesas de encinas con pastos m\u00e1s secos, configuarndo un paisaje suave y luminoso. Reaparecen el <span style=\"color: #800000;\"><a style=\"color: #800000;\" href=\"https:\/\/es.wikipedia.org\/wiki\/Chotacabra\">chotacabras<\/a><\/span> y los <span style=\"color: #800000;\"><a style=\"color: #800000;\" href=\"https:\/\/es.wikipedia.org\/wiki\/C%C3%A1rabo\">c\u00e1rabos<\/a><\/span>, entre <span style=\"color: #800000;\"><a style=\"color: #800000;\" href=\"https:\/\/es.wikipedia.org\/wiki\/Olivo\">olivos<\/a> <\/span>y <span style=\"color: #800000;\"><a style=\"color: #800000;\" href=\"https:\/\/es.wikipedia.org\/wiki\/Vid\">vides<\/a><\/span>. Tras <span style=\"color: #800000;\"><a style=\"color: #800000;\" href=\"https:\/\/es.wikipedia.org\/wiki\/Navalcarnero\">Navalcarnero<\/a><\/span>, cambiamos de provincia. <span style=\"color: #800000;\"><a style=\"color: #800000;\" href=\"https:\/\/es.wikipedia.org\/wiki\/Valmojado\">Valmojado<\/a><\/span> es la primera poblaci\u00f3n<span style=\"color: #800000;\"> <a style=\"color: #800000;\" href=\"https:\/\/es.wikipedia.org\/wiki\/Provincia_de_Toledo\">toledana<\/a><\/span>.<\/p>\n<p>Datos de la Ruta: Ca\u00f1ada Real Segoviana<\/p>\n<p>Longitud: 9 km<\/p>\n<p>Dificultad: muy f\u00e1cil<\/p>\n<p>Previsi\u00f3n meteorol\u00f3gica: fresco con claros y nubes<\/p>\n<p>Indumentaria: Confortable y por capas<\/p>\n<p>Calzado: para la pr\u00e1ctica del senderismo<\/p>\n<p>[\/et_pb_text][et_pb_text admin_label=\u00bbDisclaimer\u00bb _builder_version=\u00bb4.9.2&#8243; text_font_size=\u00bb16px\u00bb background_size=\u00bbinitial\u00bb background_position=\u00bbtop_left\u00bb background_repeat=\u00bbrepeat\u00bb border_radii=\u00bbon|11px|11px|11px|11px\u00bb border_width_all=\u00bb2px\u00bb global_colors_info=\u00bb{}\u00bb]<\/p>\n<p style=\"text-align: center\">Aquellos que no sean socios del Ateneo, deber\u00e1n enviar un correo con sus datos a la direcci\u00f3n <span style=\"color: #800000\"><strong>senderismo@ateneoescurialense.org<\/strong><\/span> antes del pr\u00f3ximo viernes.<\/p>\n<p style=\"text-align: center\">Incluimos el v\u00ednculo a las recomendaciones de la <strong><span style=\"color: #800000\"><a style=\"color: #800000\" href=\"https:\/\/seguridadfedme.es\/capsulas-formativa\/\">FEDME sobre seguridad en la monta\u00f1a<\/a><\/span>.<\/strong><\/p>\n<p>[\/et_pb_text][\/et_pb_column][\/et_pb_row][et_pb_row column_structure=\u00bb2_3,1_3&#8243; _builder_version=\u00bb4.4.9&#8243; background_color=\u00bbrgba(0,0,0,0)\u00bb background_size=\u00bbinitial\u00bb background_position=\u00bbtop_left\u00bb background_repeat=\u00bbrepeat\u00bb global_colors_info=\u00bb{}\u00bb][et_pb_column type=\u00bb2_3&#8243; _builder_version=\u00bb3.25&#8243; custom_padding=\u00bb|||\u00bb global_colors_info=\u00bb{}\u00bb custom_padding__hover=\u00bb|||\u00bb][et_pb_image src=\u00bbhttps:\/\/drive.google.com\/thumbnail?sz=w1000&#038;id=1pDU5mYCxmbP2zPEZn8ilNONdMwtlYQGm\u00bb title_text=\u00bbInnovacion2&#8243; url=\u00bbhttps:\/\/drive.google.com\/thumbnail?sz=w1000&#038;id=1pDU5mYCxmbP2zPEZn8ilNONdMwtlYQGm\u00bb align=\u00bbcenter\u00bb admin_label=\u00bbMapa\u00bb _builder_version=\u00bb4.13.1&#8243; global_colors_info=\u00bb{}\u00bb][\/et_pb_image][\/et_pb_column][et_pb_column type=\u00bb1_3&#8243; _builder_version=\u00bb3.25&#8243; custom_padding=\u00bb|||\u00bb global_colors_info=\u00bb{}\u00bb custom_padding__hover=\u00bb|||\u00bb][et_pb_image src=\u00bbhttps:\/\/drive.google.com\/thumbnail?sz=w1000&#038;id=1h0WiSGqZ3woo_QlmgMi7eIcRoYeAfLev\u00bb title_text=\u00bbInnovacion2&#8243; align=\u00bbcenter\u00bb disabled_on=\u00bboff|off|off\u00bb admin_label=\u00bbPrevisi\u00f3n del tiempo\u00bb _builder_version=\u00bb4.13.1&#8243; global_colors_info=\u00bb{}\u00bb][\/et_pb_image][\/et_pb_column][\/et_pb_row][\/et_pb_section]<\/p>\n","protected":false},"excerpt":{"rendered":"<p>Ca\u00f1ada Real segovianaDomingo 21 de noviembre 2021 a las 9:30hPunto de encuentro y salida: parking del SuperCor de San Lorenzo de El EscorialCoordinado por:\u00a0 Miguel \u00c1ngel SantiagoEn esta ocasi\u00f3n recorreremos una parte de la Ca\u00f1ada Real Segoviana. Se trata de una v\u00eda pecuaria de unos 500 km de longitud, que transcurre por el centro de [&hellip;]<\/p>\n","protected":false},"author":3,"featured_media":0,"parent":0,"menu_order":0,"comment_status":"closed","ping_status":"closed","template":"","meta":{"_et_pb_use_builder":"on","_et_pb_old_content":"","_et_gb_content_width":"","footnotes":""},"class_list":["post-953","page","type-page","status-publish","hentry"],"_links":{"self":[{"href":"https:\/\/ateneoescurialense.org\/senderismo\/wp-json\/wp\/v2\/pages\/953","targetHints":{"allow":["GET"]}}],"collection":[{"href":"https:\/\/ateneoescurialense.org\/senderismo\/wp-json\/wp\/v2\/pages"}],"about":[{"href":"https:\/\/ateneoescurialense.org\/senderismo\/wp-json\/wp\/v2\/types\/page"}],"author":[{"embeddable":true,"href":"https:\/\/ateneoescurialense.org\/senderismo\/wp-json\/wp\/v2\/users\/3"}],"replies":[{"embeddable":true,"href":"https:\/\/ateneoescurialense.org\/senderismo\/wp-json\/wp\/v2\/comments?post=953"}],"version-history":[{"count":7,"href":"https:\/\/ateneoescurialense.org\/senderismo\/wp-json\/wp\/v2\/pages\/953\/revisions"}],"predecessor-version":[{"id":974,"href":"https:\/\/ateneoescurialense.org\/senderismo\/wp-json\/wp\/v2\/pages\/953\/revisions\/974"}],"wp:attachment":[{"href":"https:\/\/ateneoescurialense.org\/senderismo\/wp-json\/wp\/v2\/media?parent=953"}],"curies":[{"name":"wp","href":"https:\/\/api.w.org\/{rel}","templated":true}]}}

Cañada Real segoviana

<p>[et_pb_section fb_built=»1&#8243; _builder_version=»4.9.4&#8243; background_color=»#e2e8ce» use_background_color_gradient=»on» background_color_gradient_start=»#688987&#8243; background_color_gradient_end=»#35ffff» global_colors_info=»{}»][et_pb_row _builder_version=»4.4.9&#8243; global_colors_info=»{}»][et_pb_column type=»4_4&#8243; _builder_version=»4.4.9&#8243; global_colors_info=»{}»][et_pb_text admin_label=»Título de la ruta» _builder_version=»4.13.1&#8243; border_color_all=»rgba(0,0,0,0)» global_colors_info=»{}»]</p>
<h1><span style="color: #800000;">Cañada Real segoviana</span></h1>
<p>[/et_pb_text][et_pb_blurb use_icon=»on» font_icon=»&#x3b;||divi||400&#8243; icon_color=»#B7321A» icon_placement=»left» image_icon_width=»25px» admin_label=»Fecha/hora» _builder_version=»4.13.1&#8243; _module_preset=»default» body_font_size=»16px» icon_font_size=»25px» global_colors_info=»{}»]</p>
<p>Domingo 21 de noviembre 2021 a las 9:30h</p>
<p>[/et_pb_blurb][et_pb_blurb use_icon=»on» font_icon=»&#xe081;||divi||400&#8243; icon_color=»#B7321A» icon_placement=»left» image_icon_width=»25px» admin_label=»Lugar de salida» _builder_version=»4.13.0&#8243; _module_preset=»default» body_font_size=»16px» icon_font_size=»25px» global_colors_info=»{}»]</p>
<p>Punto de encuentro y salida: parking del SuperCor de San Lorenzo de El Escorial</p>
<p>[/et_pb_blurb][et_pb_blurb use_icon=»on» font_icon=»&#xe08a;||divi||400&#8243; icon_color=»#B7321A» icon_placement=»left» image_icon_width=»25px» admin_label=»Coordinador» _builder_version=»4.13.0&#8243; _module_preset=»default» icon_font_size=»25px» global_colors_info=»{}»]</p>
<h2><span style="color: #993300">Coordinado por:  Miguel Ángel Santiago</span></h2>
<p>[/et_pb_blurb][/et_pb_column][/et_pb_row][et_pb_row _builder_version=»4.4.9&#8243; background_color=»rgba(0,0,0,0)» background_size=»initial» background_position=»top_left» background_repeat=»repeat» global_colors_info=»{}»][et_pb_column type=»4_4&#8243; _builder_version=»3.25&#8243; custom_padding=»|||» global_colors_info=»{}» custom_padding__hover=»|||»][et_pb_text admin_label=»Descripción de la ruta» _builder_version=»4.13.1&#8243; text_font_size=»16px» background_size=»initial» background_position=»top_left» background_repeat=»repeat» global_colors_info=»{}»]</p>
<p>En esta ocasión recorreremos una parte de la Cañada Real Segoviana. Se trata de una vía pecuaria de unos 500 km de longitud, que transcurre por el centro de la península ibérica; arrancando en la comarca histórica de las Cinco Villas (hoy <span style="color: #800000;"><a style="color: #800000;" href="https://es.wikipedia.org/wiki/Las_7_Villas">Las 7 Villas</a></span>), en el suroeste de <span style="color: #800000;"><a style="color: #800000;" href="https://es.wikipedia.org/wiki/La_Rioja_(Espa%C3%B1a)">La Rioja</a></span>, cerca de <span style="color: #800000;"><a style="color: #800000;" href="https://es.wikipedia.org/wiki/Neila">Neila</a></span>, y finaliza en <span style="color: #800000;"><a style="color: #800000;" href="https://es.wikipedia.org/wiki/Granja_de_Torrehermosa">Granja de Torrehermosa</a>, <a style="color: #800000;" href="https://es.wikipedia.org/wiki/Provincia_de_Badajoz">provincia de Badajoz</a></span>.</p>
<p>A su paso por las diferentes comarcas que atraviesa, va cambiando de nombre, así se denomina: <em>Cañada de <span style="color: #800000;"><a style="color: #800000;" href="https://es.wikipedia.org/wiki/Rabanera_del_Pinar">Rabanera del Pinar</a></span> a merinas de <span style="color: #800000;"><a style="color: #800000;" href="https://es.wikipedia.org/wiki/Moncalvillo">Moncalvillo</a></span></em>, <em>Cañada Real de Merinas</em>, <em>Cañada de Merinas</em>, <em>Cañada Real de Merinas</em>, <em>Cañada de Ganados</em>, <em>Cañada Real de Ganado</em>, <em>Cañada Real Segoviana</em>, <em>Cañada Segoviana</em>, <em>Cañada Real de Ganados</em>, <em>Cañada del Marchés</em>, <em>Camino de <span style="color: #800000;"><a style="color: #800000;" href="https://es.wikipedia.org/wiki/Puebla_de_Alcocer">Puebla de Alcocer</a> </span>a <span style="color: #800000;"><a style="color: #800000;" href="https://es.wikipedia.org/wiki/Garbayuela">Garbayuela</a></span></em> y <em>Cordel de ganados.</em>​</p>
<p>Esta vía pecuaria ha sufrido, como todas, daños, y en la actualidad, solo se conservan tramos inconexos. En el siglo XIX, se realizó una descripción de la misma. ​</p>
<p>En la Comunidad de Madrid, transcurre por el sur, por <span style="color: #800000;"><a style="color: #800000;" href="https://es.wikipedia.org/wiki/Galapagar">Galapagar</a></span> y <span style="color: #800000;"><a style="color: #800000;" href="https://es.wikipedia.org/wiki/Valdemorillo">Valdemorillo</a>,</span>  manteniéndose paralelo al <span style="color: #800000;"><a style="color: #800000;" href="https://es.wikipedia.org/wiki/R%C3%ADo_Guadarrama">río Guadarrama</a></span>. De especial interés es el asentadero junto al viejo Puente del Herreño donde confluyen los términos municipales de Guadarrama, Alpedrete, Villalba, Galapagar, San Lorenzo de El Escorial y San Ignacio de El Escorial .La entrada en <span style="color: #800000;"><a style="color: #800000;" href="https://es.wikipedia.org/wiki/Quijorna">Quijorna</a></span> marca el cambio de los granitos de Guadarrama a las <span style="color: #800000;"><a style="color: #800000;" href="https://es.wikipedia.org/wiki/Arcosa">arcosas</a></span> donde vuelven los campos de cereal y las dehesas de encinas con pastos más secos, configuarndo un paisaje suave y luminoso. Reaparecen el <span style="color: #800000;"><a style="color: #800000;" href="https://es.wikipedia.org/wiki/Chotacabra">chotacabras</a></span> y los <span style="color: #800000;"><a style="color: #800000;" href="https://es.wikipedia.org/wiki/C%C3%A1rabo">cárabos</a></span>, entre <span style="color: #800000;"><a style="color: #800000;" href="https://es.wikipedia.org/wiki/Olivo">olivos</a> </span>y <span style="color: #800000;"><a style="color: #800000;" href="https://es.wikipedia.org/wiki/Vid">vides</a></span>. Tras <span style="color: #800000;"><a style="color: #800000;" href="https://es.wikipedia.org/wiki/Navalcarnero">Navalcarnero</a></span>, cambiamos de provincia. <span style="color: #800000;"><a style="color: #800000;" href="https://es.wikipedia.org/wiki/Valmojado">Valmojado</a></span> es la primera población<span style="color: #800000;"> <a style="color: #800000;" href="https://es.wikipedia.org/wiki/Provincia_de_Toledo">toledana</a></span>.</p>
<p>Datos de la Ruta: Cañada Real Segoviana</p>
<p>Longitud: 9 km</p>
<p>Dificultad: muy fácil</p>
<p>Previsión meteorológica: fresco con claros y nubes</p>
<p>Indumentaria: Confortable y por capas</p>
<p>Calzado: para la práctica del senderismo</p>
<p>[/et_pb_text][et_pb_text admin_label=»Disclaimer» _builder_version=»4.9.2&#8243; text_font_size=»16px» background_size=»initial» background_position=»top_left» background_repeat=»repeat» border_radii=»on|11px|11px|11px|11px» border_width_all=»2px» global_colors_info=»{}»]</p>
<p style="text-align: center">Aquellos que no sean socios del Ateneo, deberán enviar un correo con sus datos a la dirección <span style="color: #800000"><strong>senderismo@ateneoescurialense.org</strong></span> antes del próximo viernes.</p>
<p style="text-align: center">Incluimos el vínculo a las recomendaciones de la <strong><span style="color: #800000"><a style="color: #800000" href="https://seguridadfedme.es/capsulas-formativa/">FEDME sobre seguridad en la montaña</a></span>.</strong></p>
<p>[/et_pb_text][/et_pb_column][/et_pb_row][et_pb_row column_structure=»2_3,1_3&#8243; _builder_version=»4.4.9&#8243; background_color=»rgba(0,0,0,0)» background_size=»initial» background_position=»top_left» background_repeat=»repeat» global_colors_info=»{}»][et_pb_column type=»2_3&#8243; _builder_version=»3.25&#8243; custom_padding=»|||» global_colors_info=»{}» custom_padding__hover=»|||»][et_pb_image src=»https://drive.google.com/thumbnail?sz=w1000&#038;id=1pDU5mYCxmbP2zPEZn8ilNONdMwtlYQGm» title_text=»Innovacion2&#8243; url=»https://drive.google.com/thumbnail?sz=w1000&#038;id=1pDU5mYCxmbP2zPEZn8ilNONdMwtlYQGm» align=»center» admin_label=»Mapa» _builder_version=»4.13.1&#8243; global_colors_info=»{}»][/et_pb_image][/et_pb_column][et_pb_column type=»1_3&#8243; _builder_version=»3.25&#8243; custom_padding=»|||» global_colors_info=»{}» custom_padding__hover=»|||»][et_pb_image src=»https://drive.google.com/thumbnail?sz=w1000&#038;id=1h0WiSGqZ3woo_QlmgMi7eIcRoYeAfLev» title_text=»Innovacion2&#8243; align=»center» disabled_on=»off|off|off» admin_label=»Previsión del tiempo» _builder_version=»4.13.1&#8243; global_colors_info=»{}»][/et_pb_image][/et_pb_column][/et_pb_row][/et_pb_section]</p>

<p>Cañada Real segovianaDomingo 21 de noviembre 2021 a las 9:30hPunto de encuentro y salida: parking del SuperCor de San Lorenzo de El EscorialCoordinado por:  Miguel Ángel SantiagoEn esta ocasión recorreremos una parte de la Cañada Real Segoviana. Se trata de una vía pecuaria de unos 500 km de longitud, que transcurre por el centro de [&hellip;]</p>
