{"id":875,"date":"2026-04-25T16:58:24","date_gmt":"2026-04-25T14:58:24","guid":{"rendered":"https:\/\/ateneoescurialense.org\/psicologia\/?page_id=875"},"modified":"2026-04-25T17:02:13","modified_gmt":"2026-04-25T15:02:13","slug":"salud-mental-y-salud-que-funciona-y-que-no-recursos","status":"publish","type":"page","link":"https:\/\/ateneoescurialense.org\/psicologia\/salud-mental-y-salud-que-funciona-y-que-no-recursos\/","title":{"rendered":"Salud Mental y Salud; qu\u00e9 funciona y qu\u00e9 no: Recursos"},"content":{"rendered":"<p>[et_pb_section fb_built=\u00bb1&#8243; _builder_version=\u00bb4.16&#8243; background_color=\u00bb#d6d6d6&#8243; use_background_color_gradient=\u00bbon\u00bb background_color_gradient_stops=\u00bb#e2e2b5 0%|rgba(188,196,168,0.39) 100%\u00bb background_color_gradient_start=\u00bb#e2e2b5&#8243; background_color_gradient_end=\u00bbrgba(188,196,168,0.39)\u00bb global_colors_info=\u00bb{}\u00bb][et_pb_row _builder_version=\u00bb4.16&#8243; global_colors_info=\u00bb{}\u00bb][et_pb_column type=\u00bb4_4&#8243; _builder_version=\u00bb4.16&#8243; global_colors_info=\u00bb{}\u00bb][et_pb_text admin_label=\u00bbT\u00edtulo\u00bb _builder_version=\u00bb4.27.4&#8243; global_colors_info=\u00bb{}\u00bb]<\/p>\n<h1><span style=\"color: #800000;\">Salud Mental y Salud; qu\u00e9 funciona y qu\u00e9 no: Recursos<\/span><\/h1>\n<p>[\/et_pb_text][\/et_pb_column][\/et_pb_row][et_pb_row column_structure=\u00bb1_2,1_2&#8243; _builder_version=\u00bb4.16&#8243; global_colors_info=\u00bb{}\u00bb][et_pb_column type=\u00bb1_2&#8243; _builder_version=\u00bb4.16&#8243; global_colors_info=\u00bb{}\u00bb][et_pb_blurb use_icon=\u00bbon\u00bb font_icon=\u00bb&#x3b;||divi||400&#8243; icon_color=\u00bb#0C71C3&#8243; icon_placement=\u00bbleft\u00bb image_icon_width=\u00bb25px\u00bb admin_label=\u00bbFecha\/hora\u00bb _builder_version=\u00bb4.27.4&#8243; _module_preset=\u00bbdefault\u00bb icon_font_size=\u00bb25px\u00bb global_colors_info=\u00bb{}\u00bb]<\/p>\n<p>Jueves 28 de mayo 2026 a las 18:30h<\/p>\n<p>[\/et_pb_blurb][et_pb_blurb title=\u00bbSede de Encuentros del Ateneo Escurialense\u00bb url=\u00bbhttps:\/\/ateneoescurialense.org\/sede-de-encuentros\/\u00bb use_icon=\u00bbon\u00bb font_icon=\u00bb&#xe081;||divi||400&#8243; icon_placement=\u00bbleft\u00bb admin_label=\u00bbSede\u00bb _builder_version=\u00bb4.27.4&#8243; _module_preset=\u00bbdefault\u00bb link_option_url=\u00bbhttps:\/\/ateneoescurialense.org\/sede-de-encuentros\/\u00bb global_colors_info=\u00bb{}\u00bb header_text_color=\u00bb#000000&#8243;][\/et_pb_blurb][et_pb_blurb url=\u00bbhttps:\/\/ateneoescurialense.org\/ateneo-on-line\/\u00bb image=\u00bbhttps:\/\/ateneoescurialense.org\/psicologia\/wp-content\/uploads\/sites\/15\/2021\/05\/LOGO-Ateneo-DIGITAL-Ver-08.jpg\u00bb icon_placement=\u00bbleft\u00bb admin_label=\u00bbOn-line\u00bb _builder_version=\u00bb4.16&#8243; _module_preset=\u00bbdefault\u00bb link_option_url=\u00bbhttps:\/\/ateneoescurialense.org\/ateneo-on-line\/\u00bb global_colors_info=\u00bb{}\u00bb]<\/p>\n<p>On-line<\/p>\n<p>[\/et_pb_blurb][\/et_pb_column][et_pb_column type=\u00bb1_2&#8243; _builder_version=\u00bb4.16&#8243; global_colors_info=\u00bb{}\u00bb][et_pb_blurb use_icon=\u00bbon\u00bb font_icon=\u00bb&#xe08a;||divi||400&#8243; icon_placement=\u00bbleft\u00bb admin_label=\u00bbPonente\u00bb _builder_version=\u00bb4.27.4&#8243; _module_preset=\u00bbdefault\u00bb global_colors_info=\u00bb{}\u00bb]<\/p>\n<h2><span style=\"color: #800000;\">Ponente: \u00c1ngel del Pozo Salmer\u00f3n<\/span><\/h2>\n<p>[\/et_pb_blurb][\/et_pb_column][\/et_pb_row][et_pb_row column_structure=\u00bb1_4,3_4&#8243; _builder_version=\u00bb4.16&#8243; background_size=\u00bbinitial\u00bb background_position=\u00bbtop_left\u00bb background_repeat=\u00bbrepeat\u00bb global_colors_info=\u00bb{}\u00bb][et_pb_column type=\u00bb1_4&#8243; _builder_version=\u00bb4.16&#8243; custom_padding=\u00bb|||\u00bb global_colors_info=\u00bb{}\u00bb custom_padding__hover=\u00bb|||\u00bb][\/et_pb_column][et_pb_column type=\u00bb3_4&#8243; _builder_version=\u00bb4.16&#8243; custom_padding=\u00bb|||\u00bb global_colors_info=\u00bb{}\u00bb custom_padding__hover=\u00bb|||\u00bb][et_pb_text _builder_version=\u00bb4.27.4&#8243; text_font_size=\u00bb18px\u00bb background_size=\u00bbinitial\u00bb background_position=\u00bbtop_left\u00bb background_repeat=\u00bbrepeat\u00bb global_colors_info=\u00bb{}\u00bb]<\/p>\n<div class=\"tr_contenido2\">\n<div id=\"contenedornoticias\" class=\"noticiascontenedor\">\n<div id=\"contenido\">\n<div class=\"cajacontenedoraindex\">\n<div class=\"tr_contenido2\">\n<div id=\"contenedornoticias\" class=\"noticiascontenedor\">\n<div id=\"contenido\">\n<p>\u200bCon m\u00e1s de 40 a\u00f1os recorridos en consulta de psicolog\u00eda, con motivo del cese como psic\u00f3logo cl\u00ednico en la sanidad p\u00fablica, considero un buen momento para compartir conclusiones principales de este recorrido. Propongo una sesi\u00f3n p\u00fablica donde transmitir criterios sobre:<\/p>\n<p>+ Salud emocional y mental \u2013qu\u00e9 conviene y qu\u00e9 no-,<\/p>\n<p>+ Elementos b\u00e1sicos y normalmente suficientes para mantener la salud (sin f\u00e1rmacos);<\/p>\n<p>+ Posibilidades y amenazas del momento de incertidumbre actual;<\/p>\n<p>+ Cuestiones trascendentales en la educaci\u00f3n infantil;<\/p>\n<p>+ Qu\u00e9 cabe esperar en la atenci\u00f3n sanitaria p\u00fablica en cuanto a salud mental;<\/p>\n<p>+ Qu\u00e9 cabe esperar en el \u00e1mbito privado y c\u00f3mo enfocar el auto cuidado.<\/p>\n<\/div>\n<\/div>\n<\/div>\n<\/div>\n<\/div>\n<\/div>\n<\/div>\n<p>[\/et_pb_text][\/et_pb_column][\/et_pb_row][et_pb_row column_structure=\u00bb1_4,3_4&#8243; admin_label=\u00bbCV\u00bb _builder_version=\u00bb4.16&#8243; background_size=\u00bbinitial\u00bb background_position=\u00bbtop_left\u00bb background_repeat=\u00bbrepeat\u00bb global_colors_info=\u00bb{}\u00bb][et_pb_column type=\u00bb1_4&#8243; _builder_version=\u00bb4.16&#8243; custom_padding=\u00bb|||\u00bb global_colors_info=\u00bb{}\u00bb custom_padding__hover=\u00bb|||\u00bb][\/et_pb_column][et_pb_column type=\u00bb3_4&#8243; _builder_version=\u00bb4.16&#8243; custom_padding=\u00bb|||\u00bb global_colors_info=\u00bb{}\u00bb custom_padding__hover=\u00bb|||\u00bb][et_pb_text _builder_version=\u00bb4.27.4&#8243; text_font_size=\u00bb18px\u00bb background_size=\u00bbinitial\u00bb background_position=\u00bbtop_left\u00bb background_repeat=\u00bbrepeat\u00bb global_colors_info=\u00bb{}\u00bb]<\/p>\n<div class=\"tr_contenido2\">\n<div id=\"contenedornoticias\" class=\"noticiascontenedor\">\n<div id=\"contenido\">\n<div class=\"cajacontenedoraindex\">\n<div class=\"tr_contenido2\">\n<div id=\"contenedornoticias\" class=\"noticiascontenedor\">\n<div id=\"contenido\">\n<p>Breve CV<\/p>\n<p><strong>\u00c1ngel del Pozo Salmer\u00f3n<\/strong><\/p>\n<p>Psic\u00f3logo Cl\u00ednico y Psic\u00f3logo Social. Ha mantenido siempre consulta privada o sanidad p\u00fablica, desde los a\u00f1os 80. Intervenci\u00f3n individual, familiar y en grupo. Considera que la pr\u00e1ctica profesional conlleva siempre investigaci\u00f3n y formaci\u00f3n. Con el soporte inicial de una extensa formaci\u00f3n psicodin\u00e1mica, complementa con otras perspectivas como la energ\u00e9tica (Med. Trad. China, Yoga, Bioenerg\u00e9tica), Sist\u00e9mica; va incorporando herramientas de intervenci\u00f3n con integraci\u00f3n de recursos (psicodrama, mindfulness,\u2026).\u00a0 M\u00e1s all\u00e1 de la cl\u00ednica, siempre interesado en el enfoque comunitario y psico social (direcci\u00f3n de centro de menores, psicolog\u00eda en Atenci\u00f3n Primaria, en Salud Mental, direcci\u00f3n de centro educativo, Servicios Sociales, Riesgos Laborales Psicosociales, \u2026)<\/p>\n<\/div>\n<\/div>\n<\/div>\n<\/div>\n<\/div>\n<\/div>\n<\/div>\n<p>[\/et_pb_text][\/et_pb_column][\/et_pb_row][\/et_pb_section]<\/p>\n","protected":false},"excerpt":{"rendered":"<p>Salud Mental y Salud; qu\u00e9 funciona y qu\u00e9 no: RecursosJueves 28 de mayo 2026 a las 18:30hOn-linePonente: \u00c1ngel del Pozo Salmer\u00f3n \u200bCon m\u00e1s de 40 a\u00f1os recorridos en consulta de psicolog\u00eda, con motivo del cese como psic\u00f3logo cl\u00ednico en la sanidad p\u00fablica, considero un buen momento para compartir conclusiones principales de este recorrido. Propongo una [&hellip;]<\/p>\n","protected":false},"author":3,"featured_media":0,"parent":0,"menu_order":0,"comment_status":"closed","ping_status":"closed","template":"","meta":{"_et_pb_use_builder":"on","_et_pb_old_content":"","_et_gb_content_width":"","footnotes":""},"class_list":["post-875","page","type-page","status-publish","hentry"],"_links":{"self":[{"href":"https:\/\/ateneoescurialense.org\/psicologia\/wp-json\/wp\/v2\/pages\/875","targetHints":{"allow":["GET"]}}],"collection":[{"href":"https:\/\/ateneoescurialense.org\/psicologia\/wp-json\/wp\/v2\/pages"}],"about":[{"href":"https:\/\/ateneoescurialense.org\/psicologia\/wp-json\/wp\/v2\/types\/page"}],"author":[{"embeddable":true,"href":"https:\/\/ateneoescurialense.org\/psicologia\/wp-json\/wp\/v2\/users\/3"}],"replies":[{"embeddable":true,"href":"https:\/\/ateneoescurialense.org\/psicologia\/wp-json\/wp\/v2\/comments?post=875"}],"version-history":[{"count":6,"href":"https:\/\/ateneoescurialense.org\/psicologia\/wp-json\/wp\/v2\/pages\/875\/revisions"}],"predecessor-version":[{"id":885,"href":"https:\/\/ateneoescurialense.org\/psicologia\/wp-json\/wp\/v2\/pages\/875\/revisions\/885"}],"wp:attachment":[{"href":"https:\/\/ateneoescurialense.org\/psicologia\/wp-json\/wp\/v2\/media?parent=875"}],"curies":[{"name":"wp","href":"https:\/\/api.w.org\/{rel}","templated":true}]}}

Salud Mental y Salud; qué funciona y qué no: Recursos

<p>[et_pb_section fb_built=»1&#8243; _builder_version=»4.16&#8243; background_color=»#d6d6d6&#8243; use_background_color_gradient=»on» background_color_gradient_stops=»#e2e2b5 0%|rgba(188,196,168,0.39) 100%» background_color_gradient_start=»#e2e2b5&#8243; background_color_gradient_end=»rgba(188,196,168,0.39)» global_colors_info=»{}»][et_pb_row _builder_version=»4.16&#8243; global_colors_info=»{}»][et_pb_column type=»4_4&#8243; _builder_version=»4.16&#8243; global_colors_info=»{}»][et_pb_text admin_label=»Título» _builder_version=»4.27.4&#8243; global_colors_info=»{}»]</p>
<h1><span style="color: #800000;">Salud Mental y Salud; qué funciona y qué no: Recursos</span></h1>
<p>[/et_pb_text][/et_pb_column][/et_pb_row][et_pb_row column_structure=»1_2,1_2&#8243; _builder_version=»4.16&#8243; global_colors_info=»{}»][et_pb_column type=»1_2&#8243; _builder_version=»4.16&#8243; global_colors_info=»{}»][et_pb_blurb use_icon=»on» font_icon=»&#x3b;||divi||400&#8243; icon_color=»#0C71C3&#8243; icon_placement=»left» image_icon_width=»25px» admin_label=»Fecha/hora» _builder_version=»4.27.4&#8243; _module_preset=»default» icon_font_size=»25px» global_colors_info=»{}»]</p>
<p>Jueves 28 de mayo 2026 a las 18:30h</p>
<p>[/et_pb_blurb][et_pb_blurb title=»Sede de Encuentros del Ateneo Escurialense» url=»https://ateneoescurialense.org/sede-de-encuentros/» use_icon=»on» font_icon=»&#xe081;||divi||400&#8243; icon_placement=»left» admin_label=»Sede» _builder_version=»4.27.4&#8243; _module_preset=»default» link_option_url=»https://ateneoescurialense.org/sede-de-encuentros/» global_colors_info=»{}» header_text_color=»#000000&#8243;][/et_pb_blurb][et_pb_blurb url=»https://ateneoescurialense.org/ateneo-on-line/» image=»https://ateneoescurialense.org/psicologia/wp-content/uploads/sites/15/2021/05/LOGO-Ateneo-DIGITAL-Ver-08.jpg» icon_placement=»left» admin_label=»On-line» _builder_version=»4.16&#8243; _module_preset=»default» link_option_url=»https://ateneoescurialense.org/ateneo-on-line/» global_colors_info=»{}»]</p>
<p>On-line</p>
<p>[/et_pb_blurb][/et_pb_column][et_pb_column type=»1_2&#8243; _builder_version=»4.16&#8243; global_colors_info=»{}»][et_pb_blurb use_icon=»on» font_icon=»&#xe08a;||divi||400&#8243; icon_placement=»left» admin_label=»Ponente» _builder_version=»4.27.4&#8243; _module_preset=»default» global_colors_info=»{}»]</p>
<h2><span style="color: #800000;">Ponente: Ángel del Pozo Salmerón</span></h2>
<p>[/et_pb_blurb][/et_pb_column][/et_pb_row][et_pb_row column_structure=»1_4,3_4&#8243; _builder_version=»4.16&#8243; background_size=»initial» background_position=»top_left» background_repeat=»repeat» global_colors_info=»{}»][et_pb_column type=»1_4&#8243; _builder_version=»4.16&#8243; custom_padding=»|||» global_colors_info=»{}» custom_padding__hover=»|||»][/et_pb_column][et_pb_column type=»3_4&#8243; _builder_version=»4.16&#8243; custom_padding=»|||» global_colors_info=»{}» custom_padding__hover=»|||»][et_pb_text _builder_version=»4.27.4&#8243; text_font_size=»18px» background_size=»initial» background_position=»top_left» background_repeat=»repeat» global_colors_info=»{}»]</p>
<div class="tr_contenido2">
<div id="contenedornoticias" class="noticiascontenedor">
<div id="contenido">
<div class="cajacontenedoraindex">
<div class="tr_contenido2">
<div id="contenedornoticias" class="noticiascontenedor">
<div id="contenido">
<p>​Con más de 40 años recorridos en consulta de psicología, con motivo del cese como psicólogo clínico en la sanidad pública, considero un buen momento para compartir conclusiones principales de este recorrido. Propongo una sesión pública donde transmitir criterios sobre:</p>
<p>+ Salud emocional y mental –qué conviene y qué no-,</p>
<p>+ Elementos básicos y normalmente suficientes para mantener la salud (sin fármacos);</p>
<p>+ Posibilidades y amenazas del momento de incertidumbre actual;</p>
<p>+ Cuestiones trascendentales en la educación infantil;</p>
<p>+ Qué cabe esperar en la atención sanitaria pública en cuanto a salud mental;</p>
<p>+ Qué cabe esperar en el ámbito privado y cómo enfocar el auto cuidado.</p>
</div>
</div>
</div>
</div>
</div>
</div>
</div>
<p>[/et_pb_text][/et_pb_column][/et_pb_row][et_pb_row column_structure=»1_4,3_4&#8243; admin_label=»CV» _builder_version=»4.16&#8243; background_size=»initial» background_position=»top_left» background_repeat=»repeat» global_colors_info=»{}»][et_pb_column type=»1_4&#8243; _builder_version=»4.16&#8243; custom_padding=»|||» global_colors_info=»{}» custom_padding__hover=»|||»][/et_pb_column][et_pb_column type=»3_4&#8243; _builder_version=»4.16&#8243; custom_padding=»|||» global_colors_info=»{}» custom_padding__hover=»|||»][et_pb_text _builder_version=»4.27.4&#8243; text_font_size=»18px» background_size=»initial» background_position=»top_left» background_repeat=»repeat» global_colors_info=»{}»]</p>
<div class="tr_contenido2">
<div id="contenedornoticias" class="noticiascontenedor">
<div id="contenido">
<div class="cajacontenedoraindex">
<div class="tr_contenido2">
<div id="contenedornoticias" class="noticiascontenedor">
<div id="contenido">
<p>Breve CV</p>
<p><strong>Ángel del Pozo Salmerón</strong></p>
<p>Psicólogo Clínico y Psicólogo Social. Ha mantenido siempre consulta privada o sanidad pública, desde los años 80. Intervención individual, familiar y en grupo. Considera que la práctica profesional conlleva siempre investigación y formación. Con el soporte inicial de una extensa formación psicodinámica, complementa con otras perspectivas como la energética (Med. Trad. China, Yoga, Bioenergética), Sistémica; va incorporando herramientas de intervención con integración de recursos (psicodrama, mindfulness,…).  Más allá de la clínica, siempre interesado en el enfoque comunitario y psico social (dirección de centro de menores, psicología en Atención Primaria, en Salud Mental, dirección de centro educativo, Servicios Sociales, Riesgos Laborales Psicosociales, …)</p>
</div>
</div>
</div>
</div>
</div>
</div>
</div>
<p>[/et_pb_text][/et_pb_column][/et_pb_row][/et_pb_section]</p>

<p>Salud Mental y Salud; qué funciona y qué no: RecursosJueves 28 de mayo 2026 a las 18:30hOn-linePonente: Ángel del Pozo Salmerón ​Con más de 40 años recorridos en consulta de psicología, con motivo del cese como psicólogo clínico en la sanidad pública, considero un buen momento para compartir conclusiones principales de este recorrido. Propongo una [&hellip;]</p>
