{"id":445,"date":"2020-12-29T07:29:50","date_gmt":"2020-12-29T06:29:50","guid":{"rendered":"https:\/\/ateneoescurialense.org\/psicologia\/?page_id=445"},"modified":"2020-12-31T07:25:15","modified_gmt":"2020-12-31T06:25:15","slug":"juventud-nuevas-tecnologias-y-adicciones","status":"publish","type":"page","link":"https:\/\/ateneoescurialense.org\/psicologia\/juventud-nuevas-tecnologias-y-adicciones\/","title":{"rendered":"Juventud, Nuevas Tecnolog\u00edas y Adicciones"},"content":{"rendered":"<p>[et_pb_section fb_built=\u00bb1&#8243; _builder_version=\u00bb4.4.9&#8243; background_color=\u00bb#d6d6d6&#8243; use_background_color_gradient=\u00bbon\u00bb background_color_gradient_start=\u00bb#e2e2b5&#8243; background_color_gradient_end=\u00bbrgba(188,196,168,0.39)\u00bb][et_pb_row _builder_version=\u00bb4.4.9&#8243;][et_pb_column type=\u00bb4_4&#8243; _builder_version=\u00bb4.4.9&#8243;][et_pb_text _builder_version=\u00bb4.6.0&#8243;]<\/p>\n<h1><span style=\"color: #800000;\">Juventud, Nuevas Tecnolog\u00edas y Adicciones<\/span><\/h1>\n<p>[\/et_pb_text][et_pb_text _builder_version=\u00bb4.6.0&#8243;]<\/p>\n<div class=\"cajacontenedoraindex\">\n<div class=\"tr_contenido2\">\n<div id=\"contenedornoticias\" class=\"noticiascontenedor\">\n<div class=\"entradillahor\">S\u00e1bado 10 de octubre 2020 a las 12:00h (35) (Casa de Cultura)<\/div>\n<h2 style=\"text-align: center;\"><span style=\"color: #800000;\">Ponente: Pedro Garc\u00eda Aguado<\/span><\/h2>\n<\/div>\n<\/div>\n<\/div>\n<p>[\/et_pb_text][\/et_pb_column][\/et_pb_row][et_pb_row column_structure=\u00bb1_4,1_2,1_4&#8243; _builder_version=\u00bb3.25&#8243; background_size=\u00bbinitial\u00bb background_position=\u00bbtop_left\u00bb background_repeat=\u00bbrepeat\u00bb][et_pb_column type=\u00bb1_4&#8243; _builder_version=\u00bb3.25&#8243; custom_padding=\u00bb|||\u00bb custom_padding__hover=\u00bb|||\u00bb][et_pb_image src=\u00bbhttps:\/\/drive.google.com\/thumbnail?sz=w1000&#038;id=1OqnIz3yDDMgTNJ0VeWTYJuyUQvwz8YVf\u00bb title_text=\u00bbEmpren_climatico-212&#215;300-1&#8243; _builder_version=\u00bb4.6.0&#8243;][\/et_pb_image][et_pb_image src=\u00bbhttps:\/\/drive.google.com\/thumbnail?sz=w1000&#038;id=12q8DMKVY-HWt7Ntu2ioxnn_PwV7I4Fjd\u00bb title_text=\u00bbJovenes_1&#8243; _builder_version=\u00bb4.6.0&#8243; custom_margin=\u00bb46px||||false|false\u00bb][\/et_pb_image][\/et_pb_column][et_pb_column type=\u00bb1_2&#8243; _builder_version=\u00bb3.25&#8243; custom_padding=\u00bb|||\u00bb custom_padding__hover=\u00bb|||\u00bb][et_pb_text _builder_version=\u00bb4.6.0&#8243; text_font_size=\u00bb18px\u00bb background_size=\u00bbinitial\u00bb background_position=\u00bbtop_left\u00bb background_repeat=\u00bbrepeat\u00bb]<\/p>\n<div class=\"cajacontenedoraindex\">\n<div class=\"tr_contenido2\">\n<div id=\"contenedornoticias\" class=\"noticiascontenedor\">\n<div id=\"contenido\">\n<div class=\"cajacontenedoraindex\">\n<div class=\"tr_contenido2\">\n<div>\n<div id=\"contenedornoticias\" class=\"noticiascontenedor\">\n<div id=\"contenido\">\n<p>Dentro del foro de psicolog\u00eda, hemos tenido el pasado s\u00e1bado a Pedro Garc\u00eda Aguado. Ha hecho una magn\u00edfica exposici\u00f3n de los modos de ense\u00f1anza, su evoluci\u00f3n, m\u00e9todos y posibles resultados obtenidos en los adolescentes.<\/p>\n<p>As\u00ed mismo ha repasado las reacciones de la juventud, las influencias que las nuevas tecnolog\u00edas han tenido en ellos, su forma de relacionarse con los dem\u00e1s.<\/p>\n<p>Un factor importante es la posici\u00f3n de los padres que deben conocer las herramientas usadas por los hijos si quieren comprender su comportamiento. Vimos los distintos tipos de padres y la importancia que tienen en el car\u00e1cter la forma de tratarlos.<\/p>\n<p>Por \u00faltimo y no lo menos importante las adicciones que pueden sufrir nuestros hijos. No solo a \u00abdrogas permitidas socialmente\u00bb, sino tambi\u00e9n a estos nuevos elementos con los que convivimos, redes sociales, smart phones, etc.<\/p>\n<p>Al finalizar hubo un interesante coloquio con los asistentes. El sal\u00f3n de actos de la Casa de Cultura de San Lorenzo tuvo que cerrar sus puertas por haber completado el aforo permitido en estos momentos.<\/p>\n<\/div>\n<\/div>\n<\/div>\n<\/div>\n<\/div>\n<\/div>\n<\/div>\n<\/div>\n<\/div>\n<p>[\/et_pb_text][\/et_pb_column][et_pb_column type=\u00bb1_4&#8243; _builder_version=\u00bb3.25&#8243; custom_padding=\u00bb|||\u00bb custom_padding__hover=\u00bb|||\u00bb][et_pb_text _builder_version=\u00bb4.6.0&#8243; text_font_size=\u00bb18px\u00bb background_size=\u00bbinitial\u00bb background_position=\u00bbtop_left\u00bb background_repeat=\u00bbrepeat\u00bb]<\/p>\n<div class=\"cajacontenedoraindex\">\n<div class=\"tr_contenido2\">\n<div id=\"contenedornoticias\" class=\"noticiascontenedor\">\n<div id=\"contenido\">\n<div class=\"cajacontenedoraindex\">\n<div class=\"tr_contenido2\">\n<div>\n<div id=\"contenedornoticias\" class=\"noticiascontenedor\">\n<div id=\"contenido\">\n<h2 style=\"text-align: center;\"><strong><span style=\"color: #3366ff;\">V\u00eddeo a la grabaci\u00f3n de la conferencia<\/span><\/strong><\/h2>\n<\/div>\n<\/div>\n<\/div>\n<\/div>\n<\/div>\n<\/div>\n<\/div>\n<\/div>\n<\/div>\n<p>[\/et_pb_text][et_pb_video src=\u00bbhttps:\/\/www.youtube.com\/watch?v=icky-zi4qBo&#038;feature=youtu.be\u00bb _builder_version=\u00bb4.6.0&#8243; _module_preset=\u00bbdefault\u00bb][\/et_pb_video][et_pb_image src=\u00bbhttps:\/\/drive.google.com\/thumbnail?sz=w1000&#038;id=1LyKJf2G7tWPepQiZgPDJZ0vNPgs8ttlf\u00bb title_text=\u00bbJovenes_2&#8243; _builder_version=\u00bb4.6.0&#8243; custom_margin=\u00bb119px||||false|false\u00bb hover_enabled=\u00bb0&#8243; sticky_enabled=\u00bb0&#8243;][\/et_pb_image][\/et_pb_column][\/et_pb_row][et_pb_row column_structure=\u00bb1_4,1_2,1_4&#8243; _builder_version=\u00bb3.25&#8243; background_size=\u00bbinitial\u00bb background_position=\u00bbtop_left\u00bb background_repeat=\u00bbrepeat\u00bb][et_pb_column type=\u00bb1_4&#8243; _builder_version=\u00bb3.25&#8243; custom_padding=\u00bb|||\u00bb custom_padding__hover=\u00bb|||\u00bb][et_pb_image src=\u00bbhttps:\/\/drive.google.com\/thumbnail?sz=w1000&#038;id=1zyabZJgUUtn0Nx1gbR_1pNnJQh_E0mJH\u00bb title_text=\u00bbEmpren_climatico-212&#215;300-1&#8243; _builder_version=\u00bb4.6.0&#8243;][\/et_pb_image][\/et_pb_column][et_pb_column type=\u00bb1_2&#8243; _builder_version=\u00bb3.25&#8243; custom_padding=\u00bb|||\u00bb custom_padding__hover=\u00bb|||\u00bb][et_pb_text _builder_version=\u00bb4.6.0&#8243; text_font_size=\u00bb18px\u00bb background_size=\u00bbinitial\u00bb background_position=\u00bbtop_left\u00bb background_repeat=\u00bbrepeat\u00bb]<\/p>\n<div class=\"cajacontenedoraindex\">\n<div class=\"tr_contenido2\">\n<div>\n<div id=\"contenedornoticias\" class=\"noticiascontenedor\">\n<div id=\"contenido\">\n<p>Muy interesante la conferencia <strong>\u00abJuventud, Nuevas Tecnolog\u00edas y Adicciones\u00bb<\/strong> llevada a cabo el pasado s\u00e1bado 10 de octubre en la Casa de <strong>Cultura de San Lorenzo de El Escorial<\/strong>, a cargo del conocido Campe\u00f3n Ol\u00edmpico y del Mundo de waterpolo, presentador de televisi\u00f3n y escritor, <strong>Pedro Garc\u00eda Aguado<\/strong>, organizada por la <strong>Asociaci\u00f3n DUNAS<\/strong> y el <strong>Ateneo Escurialense<\/strong>, en colaboraci\u00f3n con el <strong>Gabinete Vallmen<\/strong> y el <strong>Exmo. Ayuntamiento de San Lorenzo de El Escorial<\/strong>.<\/p>\n<p>Adjuntamos el enlace a la noticia del evento de <span style=\"color: #0000ff;\"><strong><a style=\"color: #0000ff;\" href=\"https:\/\/www.psicologosergiogarcia.com\/inicio\/noticias\/\" target=\"_blank\" rel=\"noopener\">Pedro Garc\u00eda Aguado<\/a><\/strong><\/span>.<\/p>\n<\/div>\n<\/div>\n<\/div>\n<\/div>\n<\/div>\n<p>[\/et_pb_text][\/et_pb_column][et_pb_column type=\u00bb1_4&#8243; _builder_version=\u00bb3.25&#8243; custom_padding=\u00bb|||\u00bb custom_padding__hover=\u00bb|||\u00bb][et_pb_image src=\u00bbhttps:\/\/drive.google.com\/thumbnail?sz=w1000&#038;id=1fVMjfDZTXz4GsgkF2tlart9Qo18JocBC\u00bb title_text=\u00bbJovenes_2&#8243; _builder_version=\u00bb4.6.0&#8243;][\/et_pb_image][\/et_pb_column][\/et_pb_row][\/et_pb_section]<\/p>\n","protected":false},"excerpt":{"rendered":"<p>Juventud, Nuevas Tecnolog\u00edas y Adicciones S\u00e1bado 10 de octubre 2020 a las 12:00h (35) (Casa de Cultura) Ponente: Pedro Garc\u00eda Aguado Dentro del foro de psicolog\u00eda, hemos tenido el pasado s\u00e1bado a Pedro Garc\u00eda Aguado. Ha hecho una magn\u00edfica exposici\u00f3n de los modos de ense\u00f1anza, su evoluci\u00f3n, m\u00e9todos y posibles resultados obtenidos en los adolescentes. [&hellip;]<\/p>\n","protected":false},"author":3,"featured_media":0,"parent":0,"menu_order":0,"comment_status":"closed","ping_status":"closed","template":"","meta":{"_et_pb_use_builder":"on","_et_pb_old_content":"","_et_gb_content_width":"","footnotes":""},"class_list":["post-445","page","type-page","status-publish","hentry"],"_links":{"self":[{"href":"https:\/\/ateneoescurialense.org\/psicologia\/wp-json\/wp\/v2\/pages\/445","targetHints":{"allow":["GET"]}}],"collection":[{"href":"https:\/\/ateneoescurialense.org\/psicologia\/wp-json\/wp\/v2\/pages"}],"about":[{"href":"https:\/\/ateneoescurialense.org\/psicologia\/wp-json\/wp\/v2\/types\/page"}],"author":[{"embeddable":true,"href":"https:\/\/ateneoescurialense.org\/psicologia\/wp-json\/wp\/v2\/users\/3"}],"replies":[{"embeddable":true,"href":"https:\/\/ateneoescurialense.org\/psicologia\/wp-json\/wp\/v2\/comments?post=445"}],"version-history":[{"count":18,"href":"https:\/\/ateneoescurialense.org\/psicologia\/wp-json\/wp\/v2\/pages\/445\/revisions"}],"predecessor-version":[{"id":596,"href":"https:\/\/ateneoescurialense.org\/psicologia\/wp-json\/wp\/v2\/pages\/445\/revisions\/596"}],"wp:attachment":[{"href":"https:\/\/ateneoescurialense.org\/psicologia\/wp-json\/wp\/v2\/media?parent=445"}],"curies":[{"name":"wp","href":"https:\/\/api.w.org\/{rel}","templated":true}]}}

Juventud, Nuevas Tecnologías y Adicciones

<p>[et_pb_section fb_built=»1&#8243; _builder_version=»4.4.9&#8243; background_color=»#d6d6d6&#8243; use_background_color_gradient=»on» background_color_gradient_start=»#e2e2b5&#8243; background_color_gradient_end=»rgba(188,196,168,0.39)»][et_pb_row _builder_version=»4.4.9&#8243;][et_pb_column type=»4_4&#8243; _builder_version=»4.4.9&#8243;][et_pb_text _builder_version=»4.6.0&#8243;]</p>
<h1><span style="color: #800000;">Juventud, Nuevas Tecnologías y Adicciones</span></h1>
<p>[/et_pb_text][et_pb_text _builder_version=»4.6.0&#8243;]</p>
<div class="cajacontenedoraindex">
<div class="tr_contenido2">
<div id="contenedornoticias" class="noticiascontenedor">
<div class="entradillahor">Sábado 10 de octubre 2020 a las 12:00h (35) (Casa de Cultura)</div>
<h2 style="text-align: center;"><span style="color: #800000;">Ponente: Pedro García Aguado</span></h2>
</div>
</div>
</div>
<p>[/et_pb_text][/et_pb_column][/et_pb_row][et_pb_row column_structure=»1_4,1_2,1_4&#8243; _builder_version=»3.25&#8243; background_size=»initial» background_position=»top_left» background_repeat=»repeat»][et_pb_column type=»1_4&#8243; _builder_version=»3.25&#8243; custom_padding=»|||» custom_padding__hover=»|||»][et_pb_image src=»https://drive.google.com/thumbnail?sz=w1000&#038;id=1OqnIz3yDDMgTNJ0VeWTYJuyUQvwz8YVf» title_text=»Empren_climatico-212&#215;300-1&#8243; _builder_version=»4.6.0&#8243;][/et_pb_image][et_pb_image src=»https://drive.google.com/thumbnail?sz=w1000&#038;id=12q8DMKVY-HWt7Ntu2ioxnn_PwV7I4Fjd» title_text=»Jovenes_1&#8243; _builder_version=»4.6.0&#8243; custom_margin=»46px||||false|false»][/et_pb_image][/et_pb_column][et_pb_column type=»1_2&#8243; _builder_version=»3.25&#8243; custom_padding=»|||» custom_padding__hover=»|||»][et_pb_text _builder_version=»4.6.0&#8243; text_font_size=»18px» background_size=»initial» background_position=»top_left» background_repeat=»repeat»]</p>
<div class="cajacontenedoraindex">
<div class="tr_contenido2">
<div id="contenedornoticias" class="noticiascontenedor">
<div id="contenido">
<div class="cajacontenedoraindex">
<div class="tr_contenido2">
<div>
<div id="contenedornoticias" class="noticiascontenedor">
<div id="contenido">
<p>Dentro del foro de psicología, hemos tenido el pasado sábado a Pedro García Aguado. Ha hecho una magnífica exposición de los modos de enseñanza, su evolución, métodos y posibles resultados obtenidos en los adolescentes.</p>
<p>Así mismo ha repasado las reacciones de la juventud, las influencias que las nuevas tecnologías han tenido en ellos, su forma de relacionarse con los demás.</p>
<p>Un factor importante es la posición de los padres que deben conocer las herramientas usadas por los hijos si quieren comprender su comportamiento. Vimos los distintos tipos de padres y la importancia que tienen en el carácter la forma de tratarlos.</p>
<p>Por último y no lo menos importante las adicciones que pueden sufrir nuestros hijos. No solo a «drogas permitidas socialmente», sino también a estos nuevos elementos con los que convivimos, redes sociales, smart phones, etc.</p>
<p>Al finalizar hubo un interesante coloquio con los asistentes. El salón de actos de la Casa de Cultura de San Lorenzo tuvo que cerrar sus puertas por haber completado el aforo permitido en estos momentos.</p>
</div>
</div>
</div>
</div>
</div>
</div>
</div>
</div>
</div>
<p>[/et_pb_text][/et_pb_column][et_pb_column type=»1_4&#8243; _builder_version=»3.25&#8243; custom_padding=»|||» custom_padding__hover=»|||»][et_pb_text _builder_version=»4.6.0&#8243; text_font_size=»18px» background_size=»initial» background_position=»top_left» background_repeat=»repeat»]</p>
<div class="cajacontenedoraindex">
<div class="tr_contenido2">
<div id="contenedornoticias" class="noticiascontenedor">
<div id="contenido">
<div class="cajacontenedoraindex">
<div class="tr_contenido2">
<div>
<div id="contenedornoticias" class="noticiascontenedor">
<div id="contenido">
<h2 style="text-align: center;"><strong><span style="color: #3366ff;">Vídeo a la grabación de la conferencia</span></strong></h2>
</div>
</div>
</div>
</div>
</div>
</div>
</div>
</div>
</div>
<p>[/et_pb_text][et_pb_video src=»https://www.youtube.com/watch?v=icky-zi4qBo&#038;feature=youtu.be» _builder_version=»4.6.0&#8243; _module_preset=»default»][/et_pb_video][et_pb_image src=»https://drive.google.com/thumbnail?sz=w1000&#038;id=1LyKJf2G7tWPepQiZgPDJZ0vNPgs8ttlf» title_text=»Jovenes_2&#8243; _builder_version=»4.6.0&#8243; custom_margin=»119px||||false|false» hover_enabled=»0&#8243; sticky_enabled=»0&#8243;][/et_pb_image][/et_pb_column][/et_pb_row][et_pb_row column_structure=»1_4,1_2,1_4&#8243; _builder_version=»3.25&#8243; background_size=»initial» background_position=»top_left» background_repeat=»repeat»][et_pb_column type=»1_4&#8243; _builder_version=»3.25&#8243; custom_padding=»|||» custom_padding__hover=»|||»][et_pb_image src=»https://drive.google.com/thumbnail?sz=w1000&#038;id=1zyabZJgUUtn0Nx1gbR_1pNnJQh_E0mJH» title_text=»Empren_climatico-212&#215;300-1&#8243; _builder_version=»4.6.0&#8243;][/et_pb_image][/et_pb_column][et_pb_column type=»1_2&#8243; _builder_version=»3.25&#8243; custom_padding=»|||» custom_padding__hover=»|||»][et_pb_text _builder_version=»4.6.0&#8243; text_font_size=»18px» background_size=»initial» background_position=»top_left» background_repeat=»repeat»]</p>
<div class="cajacontenedoraindex">
<div class="tr_contenido2">
<div>
<div id="contenedornoticias" class="noticiascontenedor">
<div id="contenido">
<p>Muy interesante la conferencia <strong>«Juventud, Nuevas Tecnologías y Adicciones»</strong> llevada a cabo el pasado sábado 10 de octubre en la Casa de <strong>Cultura de San Lorenzo de El Escorial</strong>, a cargo del conocido Campeón Olímpico y del Mundo de waterpolo, presentador de televisión y escritor, <strong>Pedro García Aguado</strong>, organizada por la <strong>Asociación DUNAS</strong> y el <strong>Ateneo Escurialense</strong>, en colaboración con el <strong>Gabinete Vallmen</strong> y el <strong>Exmo. Ayuntamiento de San Lorenzo de El Escorial</strong>.</p>
<p>Adjuntamos el enlace a la noticia del evento de <span style="color: #0000ff;"><strong><a style="color: #0000ff;" href="https://www.psicologosergiogarcia.com/inicio/noticias/" target="_blank" rel="noopener">Pedro García Aguado</a></strong></span>.</p>
</div>
</div>
</div>
</div>
</div>
<p>[/et_pb_text][/et_pb_column][et_pb_column type=»1_4&#8243; _builder_version=»3.25&#8243; custom_padding=»|||» custom_padding__hover=»|||»][et_pb_image src=»https://drive.google.com/thumbnail?sz=w1000&#038;id=1fVMjfDZTXz4GsgkF2tlart9Qo18JocBC» title_text=»Jovenes_2&#8243; _builder_version=»4.6.0&#8243;][/et_pb_image][/et_pb_column][/et_pb_row][/et_pb_section]</p>

<p>Juventud, Nuevas Tecnologías y Adicciones Sábado 10 de octubre 2020 a las 12:00h (35) (Casa de Cultura) Ponente: Pedro García Aguado Dentro del foro de psicología, hemos tenido el pasado sábado a Pedro García Aguado. Ha hecho una magnífica exposición de los modos de enseñanza, su evolución, métodos y posibles resultados obtenidos en los adolescentes. [&hellip;]</p>
