{"id":2817,"date":"2026-05-20T11:31:08","date_gmt":"2026-05-20T09:31:08","guid":{"rendered":"https:\/\/ateneoescurialense.org\/musica\/?page_id=2817"},"modified":"2026-06-12T00:01:47","modified_gmt":"2026-06-11T22:01:47","slug":"concierto-de-piano-por-nicolas-bernaldez","status":"publish","type":"page","link":"https:\/\/ateneoescurialense.org\/musica\/concierto-de-piano-por-nicolas-bernaldez\/","title":{"rendered":"Concierto de piano por Nicol\u00e1s Bern\u00e1ldez"},"content":{"rendered":"<p>[et_pb_section fb_built=\u00bb1&#8243; _builder_version=\u00bb4.16&#8243; background_color=\u00bb#e2e8ce\u00bb use_background_color_gradient=\u00bbon\u00bb background_color_gradient_stops=\u00bb#ebf430 0%|#35ffff 100%\u00bb background_color_gradient_start=\u00bb#ebf430&#8243; background_color_gradient_end=\u00bb#35ffff\u00bb global_colors_info=\u00bb{}\u00bb][et_pb_row column_structure=\u00bb1_2,1_2&#8243; admin_label=\u00bbCabecera\u00bb _builder_version=\u00bb4.16&#8243; custom_margin=\u00bb|auto|-23px|auto||\u00bb global_colors_info=\u00bb{}\u00bb][et_pb_column type=\u00bb1_2&#8243; _builder_version=\u00bb4.16&#8243; global_colors_info=\u00bb{}\u00bb][et_pb_text admin_label=\u00bbT\u00edtulo\u00bb _builder_version=\u00bb4.27.4&#8243; text_font_size=\u00bb17px\u00bb background_size=\u00bbinitial\u00bb background_position=\u00bbtop_left\u00bb background_repeat=\u00bbrepeat\u00bb global_colors_info=\u00bb{}\u00bb]<\/p>\n<h1><strong>Concierto de piano. Nicol\u00e1s Bern\u00e1ldez<\/strong><\/h1>\n<p>[\/et_pb_text][et_pb_blurb use_icon=\u00bbon\u00bb font_icon=\u00bb&#xe08a;||divi||400&#8243; icon_placement=\u00bbleft\u00bb image_icon_width=\u00bb25px\u00bb admin_label=\u00bbPonente\u00bb _builder_version=\u00bb4.27.4&#8243; _module_preset=\u00bbdefault\u00bb body_font_size=\u00bb16px\u00bb custom_margin=\u00bb|-61px||||\u00bb icon_font_size=\u00bb25px\u00bb global_colors_info=\u00bb{}\u00bb]<\/p>\n<p>Nicol\u00e1s Bern\u00e1ldez G\u00f3mez<\/p>\n<p>[\/et_pb_blurb][et_pb_blurb use_icon=\u00bbon\u00bb font_icon=\u00bb&#x3b;||divi||400&#8243; icon_placement=\u00bbleft\u00bb image_icon_width=\u00bb25px\u00bb admin_label=\u00bbFecha, hora\u00bb _builder_version=\u00bb4.27.4&#8243; _module_preset=\u00bbdefault\u00bb custom_margin=\u00bb|-61px||||\u00bb custom_padding=\u00bb1px|||||\u00bb icon_font_size=\u00bb25px\u00bb global_colors_info=\u00bb{}\u00bb]<\/p>\n<h3>10 de junio 2026, a las 18:30<\/h3>\n<p>[\/et_pb_blurb][\/et_pb_column][et_pb_column type=\u00bb1_2&#8243; _builder_version=\u00bb4.16&#8243; global_colors_info=\u00bb{}\u00bb][et_pb_blurb url=\u00bbhttps:\/\/ateneoescurialense.org\/casa-de-cultura\/\u00bb use_icon=\u00bbon\u00bb font_icon=\u00bb&#xe081;||divi||400&#8243; icon_placement=\u00bbleft\u00bb image_icon_width=\u00bb25px\u00bb disabled_on=\u00bbon|on|on\u00bb admin_label=\u00bbCasa de Cultura\u00bb _builder_version=\u00bb4.27.4&#8243; _module_preset=\u00bbdefault\u00bb body_font_size=\u00bb16px\u00bb custom_margin=\u00bb|-61px||157px||\u00bb link_option_url=\u00bbhttps:\/\/ateneoescurialense.org\/casa-de-cultura\/\u00bb icon_font_size=\u00bb25px\u00bb disabled=\u00bbon\u00bb global_colors_info=\u00bb{}\u00bb]<\/p>\n<p><span style=\"font-size: large;\">Casa de Cultura<\/span><\/p>\n<p>c\/Floridablanca 3<\/p>\n<p>[\/et_pb_blurb][et_pb_blurb url=\u00bbhttps:\/\/ateneoescurialense.org\/casa-de-cultura\/\u00bb use_icon=\u00bbon\u00bb font_icon=\u00bb&#xe081;||divi||400&#8243; icon_placement=\u00bbleft\u00bb image_icon_width=\u00bb25px\u00bb disabled_on=\u00bboff|off|off\u00bb admin_label=\u00bbSede\u00bb _builder_version=\u00bb4.25.1&#8243; _module_preset=\u00bbdefault\u00bb body_font_size=\u00bb16px\u00bb custom_margin=\u00bb|-61px||157px||\u00bb link_option_url=\u00bbhttps:\/\/ateneoescurialense.org\/casa-de-cultura\/\u00bb icon_font_size=\u00bb25px\u00bb global_colors_info=\u00bb{}\u00bb]<\/p>\n<p><span style=\"font-size: large;\">Sede de encuentros<\/span><\/p>\n<p>Calle del Rey 36, 1\u00aa planta<\/p>\n<p>[\/et_pb_blurb][et_pb_blurb url=\u00bbhttps:\/\/ateneoescurialense.org\/ateneo-on-line\/\u00bb image=\u00bbhttps:\/\/ateneoescurialense.org\/musica\/wp-content\/uploads\/sites\/11\/2021\/03\/LOGO-Ateneo-DIGITAL-Ver-08.jpg\u00bb icon_placement=\u00bbleft\u00bb image_icon_width=\u00bb25px\u00bb disabled_on=\u00bbon|on|on\u00bb admin_label=\u00bbOn-line\u00bb _builder_version=\u00bb4.27.4&#8243; _module_preset=\u00bbdefault\u00bb body_font_size=\u00bb16px\u00bb custom_margin=\u00bb|-61px||157px||\u00bb link_option_url=\u00bbhttps:\/\/ateneoescurialense.org\/ateneo-on-line\/\u00bb icon_font_size=\u00bb25px\u00bb disabled=\u00bbon\u00bb global_colors_info=\u00bb{}\u00bb]<\/p>\n<p><span style=\"font-size: large;\">On-line<\/span><\/p>\n<p>[\/et_pb_blurb][et_pb_blurb use_icon=\u00bbon\u00bb font_icon=\u00bb&#xe081;||divi||400&#8243; icon_placement=\u00bbleft\u00bb image_icon_width=\u00bb25px\u00bb disabled_on=\u00bbon|on|on\u00bb admin_label=\u00bbCapilla Abantos\u00bb _builder_version=\u00bb4.27.0&#8243; _module_preset=\u00bbdefault\u00bb body_font_size=\u00bb16px\u00bb custom_margin=\u00bb|-61px||157px||\u00bb icon_font_size=\u00bb25px\u00bb disabled=\u00bbon\u00bb global_colors_info=\u00bb{}\u00bb]<\/p>\n<p><span style=\"font-size: large;\">Capilla de Abantos<\/span><\/p>\n<p>Calle Maestro Alonso s\/n<\/p>\n<p>[\/et_pb_blurb][\/et_pb_column][\/et_pb_row][et_pb_row column_structure=\u00bb2_5,3_5&#8243; _builder_version=\u00bb4.16&#8243; _module_preset=\u00bbdefault\u00bb global_colors_info=\u00bb{}\u00bb][et_pb_column type=\u00bb2_5&#8243; _builder_version=\u00bb4.16&#8243; _module_preset=\u00bbdefault\u00bb global_colors_info=\u00bb{}\u00bb][et_pb_image src=\u00bbhttps:\/\/drive.google.com\/thumbnail?sz=w1000&#038;id=1MU9YQd5PSD1xfdtoVYT2KSL5VEGv0U93&#8243; _builder_version=\u00bb4.27.4&#8243; _module_preset=\u00bbdefault\u00bb global_colors_info=\u00bb{}\u00bb][\/et_pb_image][\/et_pb_column][et_pb_column type=\u00bb3_5&#8243; _builder_version=\u00bb4.16&#8243; _module_preset=\u00bbdefault\u00bb global_colors_info=\u00bb{}\u00bb][et_pb_text _builder_version=\u00bb4.27.4&#8243; _module_preset=\u00bbdefault\u00bb text_font_size=\u00bb16px\u00bb global_colors_info=\u00bb{}\u00bb]<\/p>\n<p><strong>CONCIERTO DE PIANO. <\/strong><strong>PROGRAMA <\/strong><\/p>\n<p>&#8211; Davidsb\u00fandlert\u00e4nze Op.6, Robert Schumann\u00a0<\/p>\n<p>&#8211; Rhapsody in Blue, George Gershwin<\/p>\n<p>[\/et_pb_text][et_pb_text disabled_on=\u00bboff|off|off\u00bb _builder_version=\u00bb4.27.4&#8243; _module_preset=\u00bbdefault\u00bb global_colors_info=\u00bb{}\u00bb]<\/p>\n<h1 style=\"text-align: center;\"><strong>V\u00eddeo con el concierto<\/strong><\/h1>\n<p>[\/et_pb_text][et_pb_video src=\u00bbhttps:\/\/youtu.be\/rzx45RUXuss\u00bb disabled_on=\u00bboff|off|off\u00bb _builder_version=\u00bb4.27.6&#8243; _module_preset=\u00bbdefault\u00bb hover_enabled=\u00bb0&#8243; global_colors_info=\u00bb{}\u00bb sticky_enabled=\u00bb0&#8243;][\/et_pb_video][\/et_pb_column][\/et_pb_row][et_pb_row disabled_on=\u00bboff|off|off\u00bb admin_label=\u00bbCV\u00bb _builder_version=\u00bb4.16&#8243; _module_preset=\u00bbdefault\u00bb global_colors_info=\u00bb{}\u00bb][et_pb_column type=\u00bb4_4&#8243; _builder_version=\u00bb4.16&#8243; _module_preset=\u00bbdefault\u00bb global_colors_info=\u00bb{}\u00bb][et_pb_text _builder_version=\u00bb4.27.4&#8243; _module_preset=\u00bbdefault\u00bb text_font_size=\u00bb16px\u00bb global_colors_info=\u00bb{}\u00bb]<\/p>\n<p><strong>Breve curriculum<\/strong><\/p>\n<p><strong>Nicol\u00e1s Bern\u00e1ldez G\u00f3mez<\/strong>, Madrid, 2005.<\/p>\n<p>Comienza sus estudios de piano a los nueve a\u00f1os en la escuela municipal Klavier en Collado Villalba y posteriormente ingresa en el Centro Integrado de M\u00fasica \u201cPadre Antonio Soler\u201d en 2016, donde estudiar\u00e1 con el profesor Sebasti\u00e1n P\u00e9rez Ibeas desde 2016 hasta la actualidad. Finaliza sus estudios profesionales en este centro en 2023, obteniendo el Premio Fin de Grado.<\/p>\n<p>Asimismo, ha recibido clases magistrales de profesores como Alexander Kandelaki (mayo, 2022), Mikhail Voskresensky (noviembre, 2023), \u00c1ngel Sanzo (mayo, 2024), Olga Pashchenko (marzo, 2025) y Laurens de Man (diciembre, 2025).<\/p>\n<p>Ha actuado en salas como la Colegiata de San Juan en Gij\u00f3n, el Gran Teatro de C\u00e1ceres, el Auditorio Nacional de M\u00fasica en Madrid, Gashouder Westergasfabriek (como parte del proyecto <em>11.000 Saiten<\/em>) y en el Auditorio de San Lorenzo de El Escorial, donde interpret\u00f3, como solista, la <em>Rhapsody in Blue <\/em>de G. Gershwin con Miguel \u00c1ngel Pastor de director.<\/p>\n<p>Por otro lado, en 2021 obtuvo el tercer premio en el Concurso Internacional de Piano \u201cCiudad de Sevilla\u201d y en 2022 y 2023 obtuvo el primer premio en el Concurso de M\u00fasica de C\u00e1mara \u201cCiudad de \u00c1vila\u201d y el Concurso de M\u00fasica de C\u00e1mara \u201cGiuseppe Mancini\u201d respectivamente, junto al Dynamic Trio, y el primer premio en el Concurso de Solistas del CIM \u201cPadre Antonio Soler\u201d, tras el cual fue seleccionado para tocar con la banda sinf\u00f3nica, dirigida por Miguel \u00c1ngel Pastor, <em>Rhapsody in Blue <\/em>de G. Gershwin.<\/p>\n<p>[\/et_pb_text][\/et_pb_column][\/et_pb_row][\/et_pb_section]<\/p>\n","protected":false},"excerpt":{"rendered":"<p>Concierto de piano. Nicol\u00e1s Bern\u00e1ldezNicol\u00e1s Bern\u00e1ldez G\u00f3mez10 de junio 2026, a las 18:30Casa de Cultura c\/Floridablanca 3Sede de encuentros Calle del Rey 36, 1\u00aa plantaOn-lineCapilla de Abantos Calle Maestro Alonso s\/nCONCIERTO DE PIANO. PROGRAMA &#8211; Davidsb\u00fandlert\u00e4nze Op.6, Robert Schumann\u00a0 &#8211; Rhapsody in Blue, George GershwinV\u00eddeo con el conciertoBreve curriculum Nicol\u00e1s Bern\u00e1ldez G\u00f3mez, Madrid, 2005. Comienza [&hellip;]<\/p>\n","protected":false},"author":3,"featured_media":0,"parent":0,"menu_order":0,"comment_status":"closed","ping_status":"closed","template":"","meta":{"_et_pb_use_builder":"on","_et_pb_old_content":"","_et_gb_content_width":"","footnotes":""},"class_list":["post-2817","page","type-page","status-publish","hentry"],"_links":{"self":[{"href":"https:\/\/ateneoescurialense.org\/musica\/wp-json\/wp\/v2\/pages\/2817","targetHints":{"allow":["GET"]}}],"collection":[{"href":"https:\/\/ateneoescurialense.org\/musica\/wp-json\/wp\/v2\/pages"}],"about":[{"href":"https:\/\/ateneoescurialense.org\/musica\/wp-json\/wp\/v2\/types\/page"}],"author":[{"embeddable":true,"href":"https:\/\/ateneoescurialense.org\/musica\/wp-json\/wp\/v2\/users\/3"}],"replies":[{"embeddable":true,"href":"https:\/\/ateneoescurialense.org\/musica\/wp-json\/wp\/v2\/comments?post=2817"}],"version-history":[{"count":5,"href":"https:\/\/ateneoescurialense.org\/musica\/wp-json\/wp\/v2\/pages\/2817\/revisions"}],"predecessor-version":[{"id":2841,"href":"https:\/\/ateneoescurialense.org\/musica\/wp-json\/wp\/v2\/pages\/2817\/revisions\/2841"}],"wp:attachment":[{"href":"https:\/\/ateneoescurialense.org\/musica\/wp-json\/wp\/v2\/media?parent=2817"}],"curies":[{"name":"wp","href":"https:\/\/api.w.org\/{rel}","templated":true}]}}

Concierto de piano por Nicolás Bernáldez

<p>[et_pb_section fb_built=»1&#8243; _builder_version=»4.16&#8243; background_color=»#e2e8ce» use_background_color_gradient=»on» background_color_gradient_stops=»#ebf430 0%|#35ffff 100%» background_color_gradient_start=»#ebf430&#8243; background_color_gradient_end=»#35ffff» global_colors_info=»{}»][et_pb_row column_structure=»1_2,1_2&#8243; admin_label=»Cabecera» _builder_version=»4.16&#8243; custom_margin=»|auto|-23px|auto||» global_colors_info=»{}»][et_pb_column type=»1_2&#8243; _builder_version=»4.16&#8243; global_colors_info=»{}»][et_pb_text admin_label=»Título» _builder_version=»4.27.4&#8243; text_font_size=»17px» background_size=»initial» background_position=»top_left» background_repeat=»repeat» global_colors_info=»{}»]</p>
<h1><strong>Concierto de piano. Nicolás Bernáldez</strong></h1>
<p>[/et_pb_text][et_pb_blurb use_icon=»on» font_icon=»&#xe08a;||divi||400&#8243; icon_placement=»left» image_icon_width=»25px» admin_label=»Ponente» _builder_version=»4.27.4&#8243; _module_preset=»default» body_font_size=»16px» custom_margin=»|-61px||||» icon_font_size=»25px» global_colors_info=»{}»]</p>
<p>Nicolás Bernáldez Gómez</p>
<p>[/et_pb_blurb][et_pb_blurb use_icon=»on» font_icon=»&#x3b;||divi||400&#8243; icon_placement=»left» image_icon_width=»25px» admin_label=»Fecha, hora» _builder_version=»4.27.4&#8243; _module_preset=»default» custom_margin=»|-61px||||» custom_padding=»1px|||||» icon_font_size=»25px» global_colors_info=»{}»]</p>
<h3>10 de junio 2026, a las 18:30</h3>
<p>[/et_pb_blurb][/et_pb_column][et_pb_column type=»1_2&#8243; _builder_version=»4.16&#8243; global_colors_info=»{}»][et_pb_blurb url=»https://ateneoescurialense.org/casa-de-cultura/» use_icon=»on» font_icon=»&#xe081;||divi||400&#8243; icon_placement=»left» image_icon_width=»25px» disabled_on=»on|on|on» admin_label=»Casa de Cultura» _builder_version=»4.27.4&#8243; _module_preset=»default» body_font_size=»16px» custom_margin=»|-61px||157px||» link_option_url=»https://ateneoescurialense.org/casa-de-cultura/» icon_font_size=»25px» disabled=»on» global_colors_info=»{}»]</p>
<p><span style="font-size: large;">Casa de Cultura</span></p>
<p>c/Floridablanca 3</p>
<p>[/et_pb_blurb][et_pb_blurb url=»https://ateneoescurialense.org/casa-de-cultura/» use_icon=»on» font_icon=»&#xe081;||divi||400&#8243; icon_placement=»left» image_icon_width=»25px» disabled_on=»off|off|off» admin_label=»Sede» _builder_version=»4.25.1&#8243; _module_preset=»default» body_font_size=»16px» custom_margin=»|-61px||157px||» link_option_url=»https://ateneoescurialense.org/casa-de-cultura/» icon_font_size=»25px» global_colors_info=»{}»]</p>
<p><span style="font-size: large;">Sede de encuentros</span></p>
<p>Calle del Rey 36, 1ª planta</p>
<p>[/et_pb_blurb][et_pb_blurb url=»https://ateneoescurialense.org/ateneo-on-line/» image=»https://ateneoescurialense.org/musica/wp-content/uploads/sites/11/2021/03/LOGO-Ateneo-DIGITAL-Ver-08.jpg» icon_placement=»left» image_icon_width=»25px» disabled_on=»on|on|on» admin_label=»On-line» _builder_version=»4.27.4&#8243; _module_preset=»default» body_font_size=»16px» custom_margin=»|-61px||157px||» link_option_url=»https://ateneoescurialense.org/ateneo-on-line/» icon_font_size=»25px» disabled=»on» global_colors_info=»{}»]</p>
<p><span style="font-size: large;">On-line</span></p>
<p>[/et_pb_blurb][et_pb_blurb use_icon=»on» font_icon=»&#xe081;||divi||400&#8243; icon_placement=»left» image_icon_width=»25px» disabled_on=»on|on|on» admin_label=»Capilla Abantos» _builder_version=»4.27.0&#8243; _module_preset=»default» body_font_size=»16px» custom_margin=»|-61px||157px||» icon_font_size=»25px» disabled=»on» global_colors_info=»{}»]</p>
<p><span style="font-size: large;">Capilla de Abantos</span></p>
<p>Calle Maestro Alonso s/n</p>
<p>[/et_pb_blurb][/et_pb_column][/et_pb_row][et_pb_row column_structure=»2_5,3_5&#8243; _builder_version=»4.16&#8243; _module_preset=»default» global_colors_info=»{}»][et_pb_column type=»2_5&#8243; _builder_version=»4.16&#8243; _module_preset=»default» global_colors_info=»{}»][et_pb_image src=»https://drive.google.com/thumbnail?sz=w1000&#038;id=1MU9YQd5PSD1xfdtoVYT2KSL5VEGv0U93&#8243; _builder_version=»4.27.4&#8243; _module_preset=»default» global_colors_info=»{}»][/et_pb_image][/et_pb_column][et_pb_column type=»3_5&#8243; _builder_version=»4.16&#8243; _module_preset=»default» global_colors_info=»{}»][et_pb_text _builder_version=»4.27.4&#8243; _module_preset=»default» text_font_size=»16px» global_colors_info=»{}»]</p>
<p><strong>CONCIERTO DE PIANO. </strong><strong>PROGRAMA </strong></p>
<p>&#8211; Davidsbúndlertänze Op.6, Robert Schumann </p>
<p>&#8211; Rhapsody in Blue, George Gershwin</p>
<p>[/et_pb_text][et_pb_text disabled_on=»off|off|off» _builder_version=»4.27.4&#8243; _module_preset=»default» global_colors_info=»{}»]</p>
<h1 style="text-align: center;"><strong>Vídeo con el concierto</strong></h1>
<p>[/et_pb_text][et_pb_video src=»https://youtu.be/rzx45RUXuss» disabled_on=»off|off|off» _builder_version=»4.27.6&#8243; _module_preset=»default» hover_enabled=»0&#8243; global_colors_info=»{}» sticky_enabled=»0&#8243;][/et_pb_video][/et_pb_column][/et_pb_row][et_pb_row disabled_on=»off|off|off» admin_label=»CV» _builder_version=»4.16&#8243; _module_preset=»default» global_colors_info=»{}»][et_pb_column type=»4_4&#8243; _builder_version=»4.16&#8243; _module_preset=»default» global_colors_info=»{}»][et_pb_text _builder_version=»4.27.4&#8243; _module_preset=»default» text_font_size=»16px» global_colors_info=»{}»]</p>
<p><strong>Breve curriculum</strong></p>
<p><strong>Nicolás Bernáldez Gómez</strong>, Madrid, 2005.</p>
<p>Comienza sus estudios de piano a los nueve años en la escuela municipal Klavier en Collado Villalba y posteriormente ingresa en el Centro Integrado de Música “Padre Antonio Soler” en 2016, donde estudiará con el profesor Sebastián Pérez Ibeas desde 2016 hasta la actualidad. Finaliza sus estudios profesionales en este centro en 2023, obteniendo el Premio Fin de Grado.</p>
<p>Asimismo, ha recibido clases magistrales de profesores como Alexander Kandelaki (mayo, 2022), Mikhail Voskresensky (noviembre, 2023), Ángel Sanzo (mayo, 2024), Olga Pashchenko (marzo, 2025) y Laurens de Man (diciembre, 2025).</p>
<p>Ha actuado en salas como la Colegiata de San Juan en Gijón, el Gran Teatro de Cáceres, el Auditorio Nacional de Música en Madrid, Gashouder Westergasfabriek (como parte del proyecto <em>11.000 Saiten</em>) y en el Auditorio de San Lorenzo de El Escorial, donde interpretó, como solista, la <em>Rhapsody in Blue </em>de G. Gershwin con Miguel Ángel Pastor de director.</p>
<p>Por otro lado, en 2021 obtuvo el tercer premio en el Concurso Internacional de Piano “Ciudad de Sevilla” y en 2022 y 2023 obtuvo el primer premio en el Concurso de Música de Cámara “Ciudad de Ávila” y el Concurso de Música de Cámara “Giuseppe Mancini” respectivamente, junto al Dynamic Trio, y el primer premio en el Concurso de Solistas del CIM “Padre Antonio Soler”, tras el cual fue seleccionado para tocar con la banda sinfónica, dirigida por Miguel Ángel Pastor, <em>Rhapsody in Blue </em>de G. Gershwin.</p>
<p>[/et_pb_text][/et_pb_column][/et_pb_row][/et_pb_section]</p>

<p>Concierto de piano. Nicolás BernáldezNicolás Bernáldez Gómez10 de junio 2026, a las 18:30Casa de Cultura c/Floridablanca 3Sede de encuentros Calle del Rey 36, 1ª plantaOn-lineCapilla de Abantos Calle Maestro Alonso s/nCONCIERTO DE PIANO. PROGRAMA &#8211; Davidsbúndlertänze Op.6, Robert Schumann  &#8211; Rhapsody in Blue, George GershwinVídeo con el conciertoBreve curriculum Nicolás Bernáldez Gómez, Madrid, 2005. Comienza [&hellip;]</p>
