{"id":2773,"date":"2026-04-14T14:20:50","date_gmt":"2026-04-14T12:20:50","guid":{"rendered":"https:\/\/ateneoescurialense.org\/musica\/?page_id=2773"},"modified":"2026-04-14T17:47:51","modified_gmt":"2026-04-14T15:47:51","slug":"homenaje-a-cristobal-halffter-una-vida-para-la-musica","status":"publish","type":"page","link":"https:\/\/ateneoescurialense.org\/musica\/homenaje-a-cristobal-halffter-una-vida-para-la-musica\/","title":{"rendered":"HOMENAJE A CRIST\u00d3BAL HALFFTER: una vida para la m\u00fasica"},"content":{"rendered":"<p>[et_pb_section fb_built=\u00bb1&#8243; _builder_version=\u00bb4.16&#8243; background_color=\u00bb#e2e8ce\u00bb use_background_color_gradient=\u00bbon\u00bb background_color_gradient_stops=\u00bb#ebf430 0%|#35ffff 100%\u00bb background_color_gradient_start=\u00bb#ebf430&#8243; background_color_gradient_end=\u00bb#35ffff\u00bb global_colors_info=\u00bb{}\u00bb][et_pb_row column_structure=\u00bb1_2,1_2&#8243; admin_label=\u00bbCabecera\u00bb _builder_version=\u00bb4.16&#8243; custom_margin=\u00bb|auto|-23px|auto||\u00bb global_colors_info=\u00bb{}\u00bb][et_pb_column type=\u00bb1_2&#8243; _builder_version=\u00bb4.16&#8243; global_colors_info=\u00bb{}\u00bb][et_pb_text admin_label=\u00bbT\u00edtulo\u00bb _builder_version=\u00bb4.27.4&#8243; text_font_size=\u00bb17px\u00bb background_size=\u00bbinitial\u00bb background_position=\u00bbtop_left\u00bb background_repeat=\u00bbrepeat\u00bb global_colors_info=\u00bb{}\u00bb]<\/p>\n<h1><strong>HOMENAJE A CRIST\u00d3BAL HALFFTER: una vida para la m\u00fasica<\/strong><\/h1>\n<p>[\/et_pb_text][et_pb_blurb use_icon=\u00bbon\u00bb font_icon=\u00bb&#xe08b;||divi||400&#8243; icon_placement=\u00bbleft\u00bb image_icon_width=\u00bb25px\u00bb admin_label=\u00bbPonente\u00bb _builder_version=\u00bb4.27.4&#8243; _module_preset=\u00bbdefault\u00bb body_font_size=\u00bb16px\u00bb custom_margin=\u00bb|-61px||||\u00bb icon_font_size=\u00bb25px\u00bb global_colors_info=\u00bb{}\u00bb]<\/p>\n<p>Javier Halffter y Abelardo Rubio<\/p>\n<p>[\/et_pb_blurb][et_pb_blurb use_icon=\u00bbon\u00bb font_icon=\u00bb&#x3b;||divi||400&#8243; icon_placement=\u00bbleft\u00bb image_icon_width=\u00bb25px\u00bb admin_label=\u00bbFecha, hora\u00bb _builder_version=\u00bb4.27.4&#8243; _module_preset=\u00bbdefault\u00bb custom_margin=\u00bb|-61px||||\u00bb custom_padding=\u00bb1px|||||\u00bb icon_font_size=\u00bb25px\u00bb global_colors_info=\u00bb{}\u00bb]<\/p>\n<h3>Mi\u00e9rcoles 6 de mayo 2026, a las 18:30<\/h3>\n<p>[\/et_pb_blurb][\/et_pb_column][et_pb_column type=\u00bb1_2&#8243; _builder_version=\u00bb4.16&#8243; global_colors_info=\u00bb{}\u00bb][et_pb_blurb url=\u00bbhttps:\/\/ateneoescurialense.org\/casa-de-cultura\/\u00bb use_icon=\u00bbon\u00bb font_icon=\u00bb&#xe081;||divi||400&#8243; icon_placement=\u00bbleft\u00bb image_icon_width=\u00bb25px\u00bb disabled_on=\u00bboff|off|off\u00bb admin_label=\u00bbCasa de Cultura\u00bb _builder_version=\u00bb4.27.4&#8243; _module_preset=\u00bbdefault\u00bb body_font_size=\u00bb16px\u00bb custom_margin=\u00bb|-61px||157px||\u00bb link_option_url=\u00bbhttps:\/\/ateneoescurialense.org\/casa-de-cultura\/\u00bb icon_font_size=\u00bb25px\u00bb global_colors_info=\u00bb{}\u00bb]<\/p>\n<p><span style=\"font-size: large;\">Casa de Cultura<\/span><\/p>\n<p>c\/Floridablanca 3<\/p>\n<p>[\/et_pb_blurb][et_pb_blurb url=\u00bbhttps:\/\/ateneoescurialense.org\/casa-de-cultura\/\u00bb use_icon=\u00bbon\u00bb font_icon=\u00bb&#xe081;||divi||400&#8243; icon_placement=\u00bbleft\u00bb image_icon_width=\u00bb25px\u00bb disabled_on=\u00bbon|on|on\u00bb admin_label=\u00bbSede\u00bb _builder_version=\u00bb4.25.1&#8243; _module_preset=\u00bbdefault\u00bb body_font_size=\u00bb16px\u00bb custom_margin=\u00bb|-61px||157px||\u00bb link_option_url=\u00bbhttps:\/\/ateneoescurialense.org\/casa-de-cultura\/\u00bb icon_font_size=\u00bb25px\u00bb disabled=\u00bbon\u00bb global_colors_info=\u00bb{}\u00bb]<\/p>\n<p><span style=\"font-size: large;\">Sede de encuentros<\/span><\/p>\n<p>Calle del Rey 36, 1\u00aa planta<\/p>\n<p>[\/et_pb_blurb][et_pb_blurb url=\u00bbhttps:\/\/ateneoescurialense.org\/ateneo-on-line\/\u00bb image=\u00bbhttps:\/\/ateneoescurialense.org\/musica\/wp-content\/uploads\/sites\/11\/2021\/03\/LOGO-Ateneo-DIGITAL-Ver-08.jpg\u00bb icon_placement=\u00bbleft\u00bb image_icon_width=\u00bb25px\u00bb disabled_on=\u00bbon|on|on\u00bb admin_label=\u00bbOn-line\u00bb _builder_version=\u00bb4.27.4&#8243; _module_preset=\u00bbdefault\u00bb body_font_size=\u00bb16px\u00bb custom_margin=\u00bb|-61px||157px||\u00bb link_option_url=\u00bbhttps:\/\/ateneoescurialense.org\/ateneo-on-line\/\u00bb icon_font_size=\u00bb25px\u00bb disabled=\u00bbon\u00bb global_colors_info=\u00bb{}\u00bb]<\/p>\n<p><span style=\"font-size: large;\">On-line<\/span><\/p>\n<p>[\/et_pb_blurb][et_pb_blurb use_icon=\u00bbon\u00bb font_icon=\u00bb&#xe081;||divi||400&#8243; icon_placement=\u00bbleft\u00bb image_icon_width=\u00bb25px\u00bb disabled_on=\u00bbon|on|on\u00bb admin_label=\u00bbCapilla Abantos\u00bb _builder_version=\u00bb4.27.0&#8243; _module_preset=\u00bbdefault\u00bb body_font_size=\u00bb16px\u00bb custom_margin=\u00bb|-61px||157px||\u00bb icon_font_size=\u00bb25px\u00bb disabled=\u00bbon\u00bb global_colors_info=\u00bb{}\u00bb]<\/p>\n<p><span style=\"font-size: large;\">Capilla de Abantos<\/span><\/p>\n<p>Calle Maestro Alonso s\/n<\/p>\n<p>[\/et_pb_blurb][\/et_pb_column][\/et_pb_row][et_pb_row column_structure=\u00bb2_5,3_5&#8243; _builder_version=\u00bb4.16&#8243; _module_preset=\u00bbdefault\u00bb global_colors_info=\u00bb{}\u00bb][et_pb_column type=\u00bb2_5&#8243; _builder_version=\u00bb4.16&#8243; _module_preset=\u00bbdefault\u00bb global_colors_info=\u00bb{}\u00bb][et_pb_image src=\u00bbhttps:\/\/drive.google.com\/thumbnail?sz=w1000&#038;id=1nhgip0RrbeYa3kBYvulzFIa19zhV7Sw3&#8243; _builder_version=\u00bb4.27.4&#8243; _module_preset=\u00bbdefault\u00bb global_colors_info=\u00bb{}\u00bb][\/et_pb_image][et_pb_image src=\u00bbhttps:\/\/drive.google.com\/thumbnail?sz=w1000&#038;id=1EV3_OM_dn1-VMWcYSuibsmGa_pefKbXJ\u00bb _builder_version=\u00bb4.27.4&#8243; _module_preset=\u00bbdefault\u00bb global_colors_info=\u00bb{}\u00bb][\/et_pb_image][et_pb_image src=\u00bbhttps:\/\/drive.google.com\/thumbnail?sz=w1000&#038;id=1b92oPzo67CPianNaVui08PKEVTC3irGf\u00bb _builder_version=\u00bb4.27.4&#8243; _module_preset=\u00bbdefault\u00bb global_colors_info=\u00bb{}\u00bb][\/et_pb_image][\/et_pb_column][et_pb_column type=\u00bb3_5&#8243; _builder_version=\u00bb4.16&#8243; _module_preset=\u00bbdefault\u00bb global_colors_info=\u00bb{}\u00bb][et_pb_text disabled_on=\u00bbon|on|on\u00bb _builder_version=\u00bb4.27.4&#8243; _module_preset=\u00bbdefault\u00bb disabled=\u00bbon\u00bb global_colors_info=\u00bb{}\u00bb]<\/p>\n<h1 style=\"text-align: center;\"><strong>V\u00eddeo con la conferencia<\/strong><\/h1>\n<p>[\/et_pb_text][et_pb_video src=\u00bbhttps:\/\/youtu.be\/fwvgH8yvKk8&#8243; disabled_on=\u00bbon|on|on\u00bb _builder_version=\u00bb4.27.4&#8243; _module_preset=\u00bbdefault\u00bb disabled=\u00bbon\u00bb global_colors_info=\u00bb{}\u00bb][\/et_pb_video][et_pb_text _builder_version=\u00bb4.27.4&#8243; _module_preset=\u00bbdefault\u00bb text_font_size=\u00bb16px\u00bb global_colors_info=\u00bb{}\u00bb]<\/p>\n<p>El d\u00eda 26 de mayo de 2026 se cumple el quinto aniversario del fallecimiento de Crist\u00f3bal Halffter. Con esta conferencia el Ateneo Escurialense desea celebrar un sentido homenaje en su memoria.<\/p>\n<p>Crist\u00f3bal Halffter fue uno de los compositores y directores de orquesta m\u00e1s destacados de la generaci\u00f3n de m\u00fasicos espa\u00f1oles conocida como \u201cGeneraci\u00f3n del 51\u201d.<\/p>\n<p>Crist\u00f3bal Halffter, figura caracterizada y destacada, como parte de una familia musical de gran \u00e9xito y reconocimiento internacional, nos proporciona un amplio abanico de posibilidades para esta charla. Nos referiremos al gran compositor madrile\u00f1o y universal, en su vertiente art\u00edstica y personal (vista desde hermano y admirador de su genio art\u00edstico), e inmerso en el contexto espa\u00f1ol y mundial que vivi\u00f3.<\/p>\n<p>Se comentar\u00e1n las grandes caracter\u00edsticas de su obra y su aportaci\u00f3n a la m\u00fasica espa\u00f1ola, tras el estancamiento de \u00e9sta en los dif\u00edciles a\u00f1os de nuestra guerra civil, como gran renovador que logr\u00f3 conciliar tradici\u00f3n y vanguardia.<\/p>\n<p>Pero adem\u00e1s, resaltaremos su dimensi\u00f3n humana, su esp\u00edritu luchador y comprometido con los m\u00e1s altos valores y los problemas de nuestro tiempo, lo que influy\u00f3 directamente en su obra.<\/p>\n<p>Comentaremos sobre la amplia tem\u00e1tica de las fuentes de inspiraci\u00f3n que le llevaron a componer una m\u00fasica que recuerda algunos de los genios de nuestra historia musical y tambi\u00e9n a figuras muy representativas de nuestra literatura, de las artes pl\u00e1sticas, y que incluso se adentra en el terreno de la ciencia.<\/p>\n<p>Como siempre, la charla combinar\u00e1 la palabra con v\u00eddeos y fragmentos de grabaciones.<\/p>\n<p>[\/et_pb_text][et_pb_image src=\u00bbhttps:\/\/drive.google.com\/thumbnail?sz=w1000&#038;id=1McvXUMHf1sV6wKtSOQV_4BvYY2uoXKeL\u00bb _builder_version=\u00bb4.27.4&#8243; _module_preset=\u00bbdefault\u00bb global_colors_info=\u00bb{}\u00bb][\/et_pb_image][\/et_pb_column][\/et_pb_row][et_pb_row column_structure=\u00bb3_4,1_4&#8243; admin_label=\u00bbCV\u00bb _builder_version=\u00bb4.16&#8243; _module_preset=\u00bbdefault\u00bb global_colors_info=\u00bb{}\u00bb][et_pb_column type=\u00bb3_4&#8243; _builder_version=\u00bb4.16&#8243; _module_preset=\u00bbdefault\u00bb global_colors_info=\u00bb{}\u00bb][et_pb_text _builder_version=\u00bb4.27.4&#8243; _module_preset=\u00bbdefault\u00bb text_font_size=\u00bb16px\u00bb global_colors_info=\u00bb{}\u00bb]<\/p>\n<p><strong>Breve curriculum<\/strong><\/p>\n<p><strong>Javier Halffter<\/strong><\/p>\n<p>Colegio Alem\u00e1n, ETS de Ingenieros de Minas y Master en el Instituto de Empresa.<\/p>\n<p>Desarrollo profesional en empresas alemanas. Ligado al Escorial desde ni\u00f1o y residente en \u00e9l desde 2018. Colaboraci\u00f3n con el Ateneo Escurialense, especialmente con el foro de m\u00fasica.<\/p>\n<p><strong>Abelardo Rubio<\/strong><\/p>\n<p>Asiduo del Foro de M\u00fasica del Ateneo Escurialense y aficionado a la M\u00fasica y a la Historia, a quien le interesa analizar la m\u00fasica y sus creadores sobre todo en su dimensi\u00f3n est\u00e9tica y emocional, para tratar de comprenderla integrada y como parte de cada momento hist\u00f3rico-cultural.<\/p>\n<p>[\/et_pb_text][\/et_pb_column][et_pb_column type=\u00bb1_4&#8243; _builder_version=\u00bb4.16&#8243; _module_preset=\u00bbdefault\u00bb global_colors_info=\u00bb{}\u00bb][\/et_pb_column][\/et_pb_row][\/et_pb_section]<\/p>\n","protected":false},"excerpt":{"rendered":"<p>HOMENAJE A CRIST\u00d3BAL HALFFTER: una vida para la m\u00fasicaJavier Halffter y Abelardo RubioMi\u00e9rcoles 6 de mayo 2026, a las 18:30Casa de Cultura c\/Floridablanca 3Sede de encuentros Calle del Rey 36, 1\u00aa plantaOn-lineCapilla de Abantos Calle Maestro Alonso s\/nV\u00eddeo con la conferenciaEl d\u00eda 26 de mayo de 2026 se cumple el quinto aniversario del fallecimiento de [&hellip;]<\/p>\n","protected":false},"author":3,"featured_media":0,"parent":0,"menu_order":0,"comment_status":"closed","ping_status":"closed","template":"","meta":{"_et_pb_use_builder":"on","_et_pb_old_content":"","_et_gb_content_width":"","footnotes":""},"class_list":["post-2773","page","type-page","status-publish","hentry"],"_links":{"self":[{"href":"https:\/\/ateneoescurialense.org\/musica\/wp-json\/wp\/v2\/pages\/2773","targetHints":{"allow":["GET"]}}],"collection":[{"href":"https:\/\/ateneoescurialense.org\/musica\/wp-json\/wp\/v2\/pages"}],"about":[{"href":"https:\/\/ateneoescurialense.org\/musica\/wp-json\/wp\/v2\/types\/page"}],"author":[{"embeddable":true,"href":"https:\/\/ateneoescurialense.org\/musica\/wp-json\/wp\/v2\/users\/3"}],"replies":[{"embeddable":true,"href":"https:\/\/ateneoescurialense.org\/musica\/wp-json\/wp\/v2\/comments?post=2773"}],"version-history":[{"count":7,"href":"https:\/\/ateneoescurialense.org\/musica\/wp-json\/wp\/v2\/pages\/2773\/revisions"}],"predecessor-version":[{"id":2786,"href":"https:\/\/ateneoescurialense.org\/musica\/wp-json\/wp\/v2\/pages\/2773\/revisions\/2786"}],"wp:attachment":[{"href":"https:\/\/ateneoescurialense.org\/musica\/wp-json\/wp\/v2\/media?parent=2773"}],"curies":[{"name":"wp","href":"https:\/\/api.w.org\/{rel}","templated":true}]}}