{"id":581,"date":"2021-01-10T22:37:06","date_gmt":"2021-01-10T21:37:06","guid":{"rendered":"https:\/\/ateneoescurialense.org\/fotografia\/?page_id=581"},"modified":"2026-06-19T09:12:58","modified_gmt":"2026-06-19T07:12:58","slug":"visualizacion-de-los-trabajos-referentes-a-la-realizacion-de-un-reportaje-fotografico","status":"publish","type":"page","link":"https:\/\/ateneoescurialense.org\/fotografia\/visualizacion-de-los-trabajos-referentes-a-la-realizacion-de-un-reportaje-fotografico\/","title":{"rendered":"Visualizaci\u00f3n de los trabajos referentes a la realizaci\u00f3n de un reportaje fotogr\u00e1fico"},"content":{"rendered":"<p>[et_pb_section fb_built=\u00bb1&#8243; _builder_version=\u00bb4.16&#8243; background_color=\u00bb#e2e8ce\u00bb use_background_color_gradient=\u00bbon\u00bb background_color_gradient_stops=\u00bb#1b897b 0%|#35ffff 100%\u00bb background_color_gradient_start=\u00bb#1b897b\u00bb background_color_gradient_end=\u00bb#35ffff\u00bb global_colors_info=\u00bb{}\u00bb][et_pb_row _builder_version=\u00bb4.16&#8243; global_colors_info=\u00bb{}\u00bb][et_pb_column type=\u00bb4_4&#8243; _builder_version=\u00bb4.16&#8243; global_colors_info=\u00bb{}\u00bb][et_pb_text _builder_version=\u00bb4.16&#8243; border_color_all=\u00bbrgba(0,0,0,0)\u00bb global_colors_info=\u00bb{}\u00bb]<\/p>\n<h1><span style=\"color: #800000\">Visualizaci\u00f3n de los trabajos referentes a la realizaci\u00f3n de un reportaje fotogr\u00e1fico<\/span><\/h1>\n<p>[\/et_pb_text][et_pb_text _builder_version=\u00bb4.16&#8243; global_colors_info=\u00bb{}\u00bb]<\/p>\n<p>Jueves 14 de enero 2021 a las 17h (on-line)<\/p>\n<h2 style=\"text-align: right\"><span style=\"color: #993300\"><i><\/i>Coordinado por:\u00a0 Miguel \u00c1ngel Santiago<\/span><\/h2>\n<p>[\/et_pb_text][\/et_pb_column][\/et_pb_row][et_pb_row column_structure=\u00bb3_5,2_5&#8243; _builder_version=\u00bb4.16&#8243; background_color=\u00bbrgba(0,0,0,0)\u00bb background_size=\u00bbinitial\u00bb background_position=\u00bbtop_left\u00bb background_repeat=\u00bbrepeat\u00bb global_colors_info=\u00bb{}\u00bb][et_pb_column type=\u00bb3_5&#8243; _builder_version=\u00bb4.16&#8243; custom_padding=\u00bb|||\u00bb global_colors_info=\u00bb{}\u00bb custom_padding__hover=\u00bb|||\u00bb][et_pb_text _builder_version=\u00bb4.27.6&#8243; text_font_size=\u00bb16px\u00bb background_size=\u00bbinitial\u00bb background_position=\u00bbtop_left\u00bb background_repeat=\u00bbrepeat\u00bb hover_enabled=\u00bb0&#8243; global_colors_info=\u00bb{}\u00bb sticky_enabled=\u00bb0&#8243;]<\/p>\n<p>La visualizaci\u00f3n de los trabajos realizados por sus participantes,<a href=\"https:\/\/drive.google.com\/file\/d\/13MBpC7vXBnjCMb6vabMBSuhatotnm2iN\/view?usp=sharing\"><span style=\"color: #800000\"><strong> referentes a la realizaci\u00f3n de un reportaje fotogr\u00e1fico.<\/strong><\/span><\/a> As\u00ed mismo, se har\u00e1 un repaso de la teor\u00eda b\u00e1sica para la obtenci\u00f3n de fotograf\u00edas con un m\u00ednimo de calidad empleando una c\u00e1mara o un tel\u00e9fono m\u00f3vil.<\/p>\n<p>Igualmente, se comentaran las fotograf\u00edas publicadas por Miguel \u00c1ngel a trav\u00e9s del WhatsApp del grupo.<\/p>\n<figure class=\"wp-block-image size-large\"><\/figure>\n<p>[\/et_pb_text][\/et_pb_column][et_pb_column type=\u00bb2_5&#8243; _builder_version=\u00bb4.16&#8243; custom_padding=\u00bb|||\u00bb global_colors_info=\u00bb{}\u00bb custom_padding__hover=\u00bb|||\u00bb][et_pb_image src=\u00bbhttps:\/\/drive.google.com\/thumbnail?sz=w1000&amp;id=1jWf0oKlDejew6DqprjDxPPBCSKGjdLWq\u00bb title_text=\u00bbInnovacion2&#8243; align=\u00bbcenter\u00bb _builder_version=\u00bb4.16&#8243; global_colors_info=\u00bb{}\u00bb][\/et_pb_image][\/et_pb_column][\/et_pb_row][\/et_pb_section]<\/p>\n","protected":false},"excerpt":{"rendered":"<p>Visualizaci\u00f3n de los trabajos referentes a la realizaci\u00f3n de un reportaje fotogr\u00e1ficoJueves 14 de enero 2021 a las 17h (on-line) Coordinado por:\u00a0 Miguel \u00c1ngel SantiagoLa visualizaci\u00f3n de los trabajos realizados por sus participantes, referentes a la realizaci\u00f3n de un reportaje fotogr\u00e1fico. As\u00ed mismo, se har\u00e1 un repaso de la teor\u00eda b\u00e1sica para la obtenci\u00f3n de [&hellip;]<\/p>\n","protected":false},"author":3,"featured_media":0,"parent":0,"menu_order":0,"comment_status":"closed","ping_status":"closed","template":"","meta":{"_et_pb_use_builder":"on","_et_pb_old_content":"","_et_gb_content_width":"","footnotes":""},"class_list":["post-581","page","type-page","status-publish","hentry"],"_links":{"self":[{"href":"https:\/\/ateneoescurialense.org\/fotografia\/wp-json\/wp\/v2\/pages\/581","targetHints":{"allow":["GET"]}}],"collection":[{"href":"https:\/\/ateneoescurialense.org\/fotografia\/wp-json\/wp\/v2\/pages"}],"about":[{"href":"https:\/\/ateneoescurialense.org\/fotografia\/wp-json\/wp\/v2\/types\/page"}],"author":[{"embeddable":true,"href":"https:\/\/ateneoescurialense.org\/fotografia\/wp-json\/wp\/v2\/users\/3"}],"replies":[{"embeddable":true,"href":"https:\/\/ateneoescurialense.org\/fotografia\/wp-json\/wp\/v2\/comments?post=581"}],"version-history":[{"count":5,"href":"https:\/\/ateneoescurialense.org\/fotografia\/wp-json\/wp\/v2\/pages\/581\/revisions"}],"predecessor-version":[{"id":1653,"href":"https:\/\/ateneoescurialense.org\/fotografia\/wp-json\/wp\/v2\/pages\/581\/revisions\/1653"}],"wp:attachment":[{"href":"https:\/\/ateneoescurialense.org\/fotografia\/wp-json\/wp\/v2\/media?parent=581"}],"curies":[{"name":"wp","href":"https:\/\/api.w.org\/{rel}","templated":true}]}}

Visualización de los trabajos referentes a la realización de un reportaje fotográfico

<p>[et_pb_section fb_built=»1&#8243; _builder_version=»4.16&#8243; background_color=»#e2e8ce» use_background_color_gradient=»on» background_color_gradient_stops=»#1b897b 0%|#35ffff 100%» background_color_gradient_start=»#1b897b» background_color_gradient_end=»#35ffff» global_colors_info=»{}»][et_pb_row _builder_version=»4.16&#8243; global_colors_info=»{}»][et_pb_column type=»4_4&#8243; _builder_version=»4.16&#8243; global_colors_info=»{}»][et_pb_text _builder_version=»4.16&#8243; border_color_all=»rgba(0,0,0,0)» global_colors_info=»{}»]</p>
<h1><span style="color: #800000">Visualización de los trabajos referentes a la realización de un reportaje fotográfico</span></h1>
<p>[/et_pb_text][et_pb_text _builder_version=»4.16&#8243; global_colors_info=»{}»]</p>
<p>Jueves 14 de enero 2021 a las 17h (on-line)</p>
<h2 style="text-align: right"><span style="color: #993300"><i></i>Coordinado por:  Miguel Ángel Santiago</span></h2>
<p>[/et_pb_text][/et_pb_column][/et_pb_row][et_pb_row column_structure=»3_5,2_5&#8243; _builder_version=»4.16&#8243; background_color=»rgba(0,0,0,0)» background_size=»initial» background_position=»top_left» background_repeat=»repeat» global_colors_info=»{}»][et_pb_column type=»3_5&#8243; _builder_version=»4.16&#8243; custom_padding=»|||» global_colors_info=»{}» custom_padding__hover=»|||»][et_pb_text _builder_version=»4.27.6&#8243; text_font_size=»16px» background_size=»initial» background_position=»top_left» background_repeat=»repeat» hover_enabled=»0&#8243; global_colors_info=»{}» sticky_enabled=»0&#8243;]</p>
<p>La visualización de los trabajos realizados por sus participantes,<a href="https://drive.google.com/file/d/13MBpC7vXBnjCMb6vabMBSuhatotnm2iN/view?usp=sharing"><span style="color: #800000"><strong> referentes a la realización de un reportaje fotográfico.</strong></span></a> Así mismo, se hará un repaso de la teoría básica para la obtención de fotografías con un mínimo de calidad empleando una cámara o un teléfono móvil.</p>
<p>Igualmente, se comentaran las fotografías publicadas por Miguel Ángel a través del WhatsApp del grupo.</p>
<figure class="wp-block-image size-large"></figure>
<p>[/et_pb_text][/et_pb_column][et_pb_column type=»2_5&#8243; _builder_version=»4.16&#8243; custom_padding=»|||» global_colors_info=»{}» custom_padding__hover=»|||»][et_pb_image src=»https://drive.google.com/thumbnail?sz=w1000&amp;id=1jWf0oKlDejew6DqprjDxPPBCSKGjdLWq» title_text=»Innovacion2&#8243; align=»center» _builder_version=»4.16&#8243; global_colors_info=»{}»][/et_pb_image][/et_pb_column][/et_pb_row][/et_pb_section]</p>

<p>Visualización de los trabajos referentes a la realización de un reportaje fotográficoJueves 14 de enero 2021 a las 17h (on-line) Coordinado por:  Miguel Ángel SantiagoLa visualización de los trabajos realizados por sus participantes, referentes a la realización de un reportaje fotográfico. Así mismo, se hará un repaso de la teoría básica para la obtención de [&hellip;]</p>
