{"id":1203,"date":"2026-06-11T16:02:29","date_gmt":"2026-06-11T14:02:29","guid":{"rendered":"https:\/\/ateneoescurialense.org\/fotografia\/?page_id=1203"},"modified":"2026-06-16T10:19:14","modified_gmt":"2026-06-16T08:19:14","slug":"paseo-fotografico-23-de-abril","status":"publish","type":"page","link":"https:\/\/ateneoescurialense.org\/fotografia\/paseo-fotografico-23-de-abril\/","title":{"rendered":"Paseo fotogr\u00e1fico 23 de abril"},"content":{"rendered":"<p>[et_pb_section fb_built=\u00bb1&#8243; _builder_version=\u00bb4.16&#8243; global_colors_info=\u00bb{}\u00bb][et_pb_row _builder_version=\u00bb4.16&#8243; background_size=\u00bbinitial\u00bb background_position=\u00bbtop_left\u00bb background_repeat=\u00bbrepeat\u00bb global_colors_info=\u00bb{}\u00bb][et_pb_column type=\u00bb4_4&#8243; _builder_version=\u00bb4.16&#8243; custom_padding=\u00bb|||\u00bb global_colors_info=\u00bb{}\u00bb custom_padding__hover=\u00bb|||\u00bb][et_pb_text _builder_version=\u00bb4.27.6&#8243; background_size=\u00bbinitial\u00bb background_position=\u00bbtop_left\u00bb background_repeat=\u00bbrepeat\u00bb global_colors_info=\u00bb{}\u00bb]<\/p>\n<h2><img loading=\"lazy\" decoding=\"async\" class=\"size-medium wp-image-1209 alignright\" src=\"https:\/\/ateneoescurialense.org\/fotografia\/wp-content\/uploads\/sites\/16\/2026\/06\/IMG-20260422-WA0008-167x300.jpg\" alt=\"\" width=\"167\" height=\"300\" \/><\/h2>\n<p>&nbsp;<\/p>\n<h2>\u00a0 \u00a0 \u00a0 \u00a0 \u00a0 \u00a0 \u00a0 \u00a0 \u00a0 \u00a0 \u00a0 \u00a0 <strong>\u00a0 \u00a0 \u00a023 de\u00a0abril de 2026<\/strong><\/h2>\n<h3><span style=\"color: #0000ff\">Realizaremos un paseo por una zona limitada de San Lorenzo para realizar fotograf\u00edas de todo aquello que llame nuestra atenci\u00f3n fotogr\u00e1fica y m\u00e1s tarde, en nuestra pr\u00f3xima reuni\u00f3n, podamos comparar nuestros resultados con los obtenidos por el resto de participantes.<\/span><\/h3>\n<p>[\/et_pb_text][\/et_pb_column][\/et_pb_row][et_pb_row column_structure=\u00bb1_3,1_3,1_3&#8243; _builder_version=\u00bb4.27.6&#8243; _module_preset=\u00bbdefault\u00bb global_colors_info=\u00bb{}\u00bb][et_pb_column type=\u00bb1_3&#8243; _builder_version=\u00bb4.27.6&#8243; _module_preset=\u00bbdefault\u00bb global_colors_info=\u00bb{}\u00bb][\/et_pb_column][et_pb_column type=\u00bb1_3&#8243; _builder_version=\u00bb4.27.6&#8243; _module_preset=\u00bbdefault\u00bb global_colors_info=\u00bb{}\u00bb][\/et_pb_column][et_pb_column type=\u00bb1_3&#8243; _builder_version=\u00bb4.27.6&#8243; _module_preset=\u00bbdefault\u00bb global_colors_info=\u00bb{}\u00bb][\/et_pb_column][\/et_pb_row][\/et_pb_section]<\/p>\n","protected":false},"excerpt":{"rendered":"<p>&nbsp; \u00a0 \u00a0 \u00a0 \u00a0 \u00a0 \u00a0 \u00a0 \u00a0 \u00a0 \u00a0 \u00a0 \u00a0 \u00a0 \u00a0 \u00a023 de\u00a0abril de 2026 Realizaremos un paseo por una zona limitada de San Lorenzo para realizar fotograf\u00edas de todo aquello que llame nuestra atenci\u00f3n fotogr\u00e1fica y m\u00e1s tarde, en nuestra pr\u00f3xima reuni\u00f3n, podamos comparar nuestros resultados con los obtenidos por [&hellip;]<\/p>\n","protected":false},"author":13,"featured_media":0,"parent":0,"menu_order":0,"comment_status":"closed","ping_status":"closed","template":"","meta":{"_et_pb_use_builder":"on","_et_pb_old_content":"<h2><img class=\"size-medium wp-image-1209 alignright\" src=\"https:\/\/ateneoescurialense.org\/fotografia\/wp-content\/uploads\/sites\/16\/2026\/06\/IMG-20260422-WA0008-167x300.jpg\" alt=\"\" width=\"167\" height=\"300\" \/><\/h2><h3><img class=\"size-medium wp-image-1198 alignleft\" src=\"https:\/\/ateneoescurialense.org\/fotografia\/wp-content\/uploads\/sites\/16\/2026\/06\/2026-06-05-19_31_00-WhatsApp-300x198.png\" alt=\"\" width=\"300\" height=\"198\" \/><\/h3><h2>\u00a0 \u00a0 \u00a0 \u00a0 \u00a0 \u00a0 \u00a0 \u00a0 \u00a0 \u00a0 \u00a0 \u00a0 <strong>\u00a0 \u00a0 \u00a023 de\u00a0abril de 2026<\/strong><\/h2><h3><span style=\"color: #0000ff;\">Realizaremos un paseo por una zona limitada de San Lorenzo para realizar fotograf\u00edas de todo aquello que llame nuestra atenci\u00f3n fotogr\u00e1fica y m\u00e1s tarde, en nuestra pr\u00f3xima reuni\u00f3n, podamos comparar nuestros resultados con los obtenidos por el resto de participantes.<\/span><\/h3>","_et_gb_content_width":"","footnotes":""},"class_list":["post-1203","page","type-page","status-publish","hentry"],"_links":{"self":[{"href":"https:\/\/ateneoescurialense.org\/fotografia\/wp-json\/wp\/v2\/pages\/1203","targetHints":{"allow":["GET"]}}],"collection":[{"href":"https:\/\/ateneoescurialense.org\/fotografia\/wp-json\/wp\/v2\/pages"}],"about":[{"href":"https:\/\/ateneoescurialense.org\/fotografia\/wp-json\/wp\/v2\/types\/page"}],"author":[{"embeddable":true,"href":"https:\/\/ateneoescurialense.org\/fotografia\/wp-json\/wp\/v2\/users\/13"}],"replies":[{"embeddable":true,"href":"https:\/\/ateneoescurialense.org\/fotografia\/wp-json\/wp\/v2\/comments?post=1203"}],"version-history":[{"count":14,"href":"https:\/\/ateneoescurialense.org\/fotografia\/wp-json\/wp\/v2\/pages\/1203\/revisions"}],"predecessor-version":[{"id":1571,"href":"https:\/\/ateneoescurialense.org\/fotografia\/wp-json\/wp\/v2\/pages\/1203\/revisions\/1571"}],"wp:attachment":[{"href":"https:\/\/ateneoescurialense.org\/fotografia\/wp-json\/wp\/v2\/media?parent=1203"}],"curies":[{"name":"wp","href":"https:\/\/api.w.org\/{rel}","templated":true}]}}

Paseo fotográfico 23 de abril

<p>[et_pb_section fb_built=»1&#8243; _builder_version=»4.16&#8243; global_colors_info=»{}»][et_pb_row _builder_version=»4.16&#8243; background_size=»initial» background_position=»top_left» background_repeat=»repeat» global_colors_info=»{}»][et_pb_column type=»4_4&#8243; _builder_version=»4.16&#8243; custom_padding=»|||» global_colors_info=»{}» custom_padding__hover=»|||»][et_pb_text _builder_version=»4.27.6&#8243; background_size=»initial» background_position=»top_left» background_repeat=»repeat» global_colors_info=»{}»]</p>
<h2><img loading="lazy" decoding="async" class="size-medium wp-image-1209 alignright" src="https://ateneoescurialense.org/fotografia/wp-content/uploads/sites/16/2026/06/IMG-20260422-WA0008-167x300.jpg" alt="" width="167" height="300" /></h2>
<p>&nbsp;</p>
<h2>                        <strong>     23 de abril de 2026</strong></h2>
<h3><span style="color: #0000ff">Realizaremos un paseo por una zona limitada de San Lorenzo para realizar fotografías de todo aquello que llame nuestra atención fotográfica y más tarde, en nuestra próxima reunión, podamos comparar nuestros resultados con los obtenidos por el resto de participantes.</span></h3>
<p>[/et_pb_text][/et_pb_column][/et_pb_row][et_pb_row column_structure=»1_3,1_3,1_3&#8243; _builder_version=»4.27.6&#8243; _module_preset=»default» global_colors_info=»{}»][et_pb_column type=»1_3&#8243; _builder_version=»4.27.6&#8243; _module_preset=»default» global_colors_info=»{}»][/et_pb_column][et_pb_column type=»1_3&#8243; _builder_version=»4.27.6&#8243; _module_preset=»default» global_colors_info=»{}»][/et_pb_column][et_pb_column type=»1_3&#8243; _builder_version=»4.27.6&#8243; _module_preset=»default» global_colors_info=»{}»][/et_pb_column][/et_pb_row][/et_pb_section]</p>

<p>&nbsp;                              23 de abril de 2026 Realizaremos un paseo por una zona limitada de San Lorenzo para realizar fotografías de todo aquello que llame nuestra atención fotográfica y más tarde, en nuestra próxima reunión, podamos comparar nuestros resultados con los obtenidos por [&hellip;]</p>

<h2><img class="size-medium wp-image-1209 alignright" src="https://ateneoescurialense.org/fotografia/wp-content/uploads/sites/16/2026/06/IMG-20260422-WA0008-167x300.jpg" alt="" width="167" height="300" /></h2><h3><img class="size-medium wp-image-1198 alignleft" src="https://ateneoescurialense.org/fotografia/wp-content/uploads/sites/16/2026/06/2026-06-05-19_31_00-WhatsApp-300x198.png" alt="" width="300" height="198" /></h3><h2>                        <strong>     23 de abril de 2026</strong></h2><h3><span style="color: #0000ff;">Realizaremos un paseo por una zona limitada de San Lorenzo para realizar fotografías de todo aquello que llame nuestra atención fotográfica y más tarde, en nuestra próxima reunión, podamos comparar nuestros resultados con los obtenidos por el resto de participantes.</span></h3>
