{"id":405,"date":"2023-04-20T08:20:51","date_gmt":"2023-04-20T08:20:51","guid":{"rendered":"https:\/\/ateneoescurialense.org\/entornoynaturaleza\/?page_id=405"},"modified":"2024-01-02T15:56:06","modified_gmt":"2024-01-02T15:56:06","slug":"alcala-de-henares-visita-cultural","status":"publish","type":"page","link":"https:\/\/ateneoescurialense.org\/entornoynaturaleza\/alcala-de-henares-visita-cultural\/","title":{"rendered":"Alcal\u00e1 de Henares, visita cultural"},"content":{"rendered":"<p>[et_pb_section fb_built=\u00bb1&#8243; _builder_version=\u00bb4.16&#8243; background_color=\u00bb#e2e8ce\u00bb use_background_color_gradient=\u00bbon\u00bb background_color_gradient_stops=\u00bb#688987 0%|#35ffff 100%\u00bb background_color_gradient_start=\u00bb#688987&#8243; background_color_gradient_end=\u00bb#35ffff\u00bb global_colors_info=\u00bb{}\u00bb][et_pb_row _builder_version=\u00bb4.16&#8243; global_colors_info=\u00bb{}\u00bb][et_pb_column type=\u00bb4_4&#8243; _builder_version=\u00bb4.16&#8243; global_colors_info=\u00bb{}\u00bb][et_pb_text admin_label=\u00bbT\u00edtulo de la ruta\u00bb _builder_version=\u00bb4.20.4&#8243; border_color_all=\u00bbrgba(0,0,0,0)\u00bb global_colors_info=\u00bb{}\u00bb]<\/p>\n<h1><span style=\"color: #800000;\"><strong>Alcal\u00e1 de Henares, visita cultural<\/strong><\/span><\/h1>\n<p>[\/et_pb_text][et_pb_blurb use_icon=\u00bbon\u00bb font_icon=\u00bb&#x3b;||divi||400&#8243; icon_color=\u00bb#B7321A\u00bb icon_placement=\u00bbleft\u00bb image_icon_width=\u00bb25px\u00bb admin_label=\u00bbFecha\/hora\u00bb _builder_version=\u00bb4.20.4&#8243; _module_preset=\u00bbdefault\u00bb body_font_size=\u00bb16px\u00bb icon_font_size=\u00bb25px\u00bb global_colors_info=\u00bb{}\u00bb]<\/p>\n<p><span style=\"color: #800000;\">Domingo 30 de abril a las 9:00h<\/span><\/p>\n<p>[\/et_pb_blurb][et_pb_blurb use_icon=\u00bbon\u00bb font_icon=\u00bb&#xe081;||divi||400&#8243; icon_color=\u00bb#B7321A\u00bb icon_placement=\u00bbleft\u00bb image_icon_width=\u00bb25px\u00bb disabled_on=\u00bbon|on|on\u00bb admin_label=\u00bbParking del Supercor\u00bb _builder_version=\u00bb4.19.0&#8243; _module_preset=\u00bbdefault\u00bb body_font_size=\u00bb16px\u00bb icon_font_size=\u00bb25px\u00bb disabled=\u00bbon\u00bb global_colors_info=\u00bb{}\u00bb]<\/p>\n<p>Parking del Supercor de San Lorenzo de El Escorial<\/p>\n<p>[\/et_pb_blurb][et_pb_blurb use_icon=\u00bbon\u00bb font_icon=\u00bb&#xe081;||divi||400&#8243; icon_color=\u00bb#B7321A\u00bb icon_placement=\u00bbleft\u00bb image_icon_width=\u00bb25px\u00bb disabled_on=\u00bboff|off|off\u00bb admin_label=\u00bbParking renfe\u00bb _builder_version=\u00bb4.20.4&#8243; _module_preset=\u00bbdefault\u00bb body_font_size=\u00bb16px\u00bb icon_font_size=\u00bb25px\u00bb global_colors_info=\u00bb{}\u00bb]<\/p>\n<p>Parking estaci\u00f3n de Renfe de El Escorial<\/p>\n<p>[\/et_pb_blurb][et_pb_blurb use_icon=\u00bbon\u00bb font_icon=\u00bb&#xe081;||divi||400&#8243; icon_color=\u00bb#B7321A\u00bb icon_placement=\u00bbleft\u00bb image_icon_width=\u00bb25px\u00bb disabled_on=\u00bbon|on|on\u00bb admin_label=\u00bbEstanque Monasterio\u00bb _builder_version=\u00bb4.19.0&#8243; _module_preset=\u00bbdefault\u00bb body_font_size=\u00bb16px\u00bb icon_font_size=\u00bb25px\u00bb disabled=\u00bbon\u00bb global_colors_info=\u00bb{}\u00bb]<\/p>\n<p>Estanque Monasterio de San Lorenzo de El Escorial<\/p>\n<p>[\/et_pb_blurb][et_pb_blurb use_icon=\u00bbon\u00bb font_icon=\u00bb&#xe08a;||divi||400&#8243; icon_color=\u00bb#B7321A\u00bb icon_placement=\u00bbleft\u00bb image_icon_width=\u00bb25px\u00bb admin_label=\u00bbCoordinador\u00bb _builder_version=\u00bb4.19.0&#8243; _module_preset=\u00bbdefault\u00bb icon_font_size=\u00bb25px\u00bb global_colors_info=\u00bb{}\u00bb]<\/p>\n<h2><span style=\"color: #993300;\">Coordinado por:\u00a0 Miguel \u00c1ngel Santiago<\/span><\/h2>\n<p>[\/et_pb_blurb][\/et_pb_column][\/et_pb_row][et_pb_row _builder_version=\u00bb4.16&#8243; background_color=\u00bbrgba(0,0,0,0)\u00bb background_size=\u00bbinitial\u00bb background_position=\u00bbtop_left\u00bb background_repeat=\u00bbrepeat\u00bb global_colors_info=\u00bb{}\u00bb][et_pb_column type=\u00bb4_4&#8243; _builder_version=\u00bb4.16&#8243; custom_padding=\u00bb|||\u00bb global_colors_info=\u00bb{}\u00bb custom_padding__hover=\u00bb|||\u00bb][et_pb_text admin_label=\u00bbDescripci\u00f3n de la ruta\u00bb _builder_version=\u00bb4.20.4&#8243; text_font_size=\u00bb16px\u00bb background_size=\u00bbinitial\u00bb background_position=\u00bbtop_left\u00bb background_repeat=\u00bbrepeat\u00bb global_colors_info=\u00bb{}\u00bb]<\/p>\n<p>Denominaci\u00f3n:\u00a0<b>Alcal\u00e1 de\u00a0Henares<\/b><\/p>\n<p><strong>Indicaciones.<\/strong><\/p>\n<p>Nos reuniremos a las 09:00 en la estaci\u00f3n de RENFE en El Escorial, abajo en la zona de los tornos de acceso a las v\u00edas Abordaremos el <strong>tren con destino a Guadalajara y se sale a las 09:13<\/strong>. <\/p>\n<p>En esta ocasi\u00f3n, no realizaremos nuestro habitual paseo en la naturaleza, en su lugar visitaremos el casco antiguo de Alcal\u00e1 de Henares acompa\u00f1ados por una sorpresiva gu\u00eda particular y que descubriremos al llegar.<\/p>\n<p>Haremos un recorrido por los rincones hist\u00f3ricos mas representativos de la ciudad hist\u00f3rica, visitando alg\u00fan museo y almorzando en un restaurante con nombre y solera cervantina.<\/p>\n<p>Coincidiremos con la celebraci\u00f3n de <strong><em><a href=\"https:\/\/www.turismoalcala.es\/evento\/complutum-renacida\/\">Complutum Renacida<\/a>, <\/em><\/strong>unas jornadas en las que se da \u201cuna vuelta al siglo IV y la \u00e9poca de los romanos, que tendr\u00e1 lugar del 28 de abril al 2 de mayo y en la que habr\u00e1 distintas actividades como visitas guiadas, y talleres en los que aprender c\u00f3mo eran las construcciones romanas, o c\u00f3mo se preparaba y transcurr\u00eda una jornada de caza\u201d<\/p>\n<p>El regreso est\u00e1 previsto que se realice al atardecer<\/p>\n<p>Quienes deseen ampliar informaci\u00f3n sobre Alcal\u00e1 pueden visitar la <a href=\"https:\/\/www.turismoalcala.es\/\">Oficina de Turismo<\/a> online y ver en <a href=\"https:\/\/www.youtube.com\/watch?v=xZfm6QQRIC0\">Youtube<\/a><\/p>\n<p>[\/et_pb_text][et_pb_text admin_label=\u00bbDisclaimer\u00bb _builder_version=\u00bb4.18.0&#8243; text_font_size=\u00bb16px\u00bb background_size=\u00bbinitial\u00bb background_position=\u00bbtop_left\u00bb background_repeat=\u00bbrepeat\u00bb border_radii=\u00bbon|11px|11px|11px|11px\u00bb border_width_all=\u00bb2px\u00bb global_colors_info=\u00bb{}\u00bb]<\/p>\n<p><strong>NOTAS IMPORTANTES:<\/strong><\/p>\n<ul>\n<li>En nuestras actividades <strong>no se permite la presencia de mascotas<\/strong>.<\/li>\n<li><strong>Las Actividades del foro de Entorno y Naturaleza, <u>NO ESTAN GESTIONADAS POR GUIAS.<\/u><\/strong><\/li>\n<li><strong>Quienes participan en la actividad lo hacen por voluntad propia<\/strong> y en su buena ventura.<\/li>\n<li>Mientras la actividad est\u00e9 activa, los y las participantes <strong>observar\u00e1n las indicaciones y recomendaciones<\/strong> dictadas por las personas que coordinen la misma.<\/li>\n<li>Tanto el Ateneo Escurialense como quienes coordinan la actividad propuesta, <strong>han tomado todas las precauciones para que esta se desarrolle sin incidencias<\/strong>. La observaci\u00f3n de las recomendaciones previas y las indicaciones que se den durante la actividad est\u00e1n <strong>encaminadas a procurar el bienestar y la seguridad de las personas que participan<\/strong> en la misma.<\/li>\n<li>Ni el Ateneo Escurialense, ni quienes coordinan la actividad, <strong>asumir\u00e1n responsabilidad alguna ante incidentes provocados por quienes no observen las recomendaciones e indicaciones publicadas<\/strong> y las sugeridas por quienes coordinen la actividad.<\/li>\n<li>Las personas participantes en la actividad <strong>manifiestan estar informados en qu\u00e9 consiste la actividad propuesta<\/strong>, el recorrido, la distancia a recorrer, las dificultades sobre el terreno, la climatolog\u00eda prevista, los tiempos estimados para completarla, riesgos existentes, etc.<\/li>\n<li>Por el hecho de participar en la actividad propuesta, el o la participante, manifiesta que <strong>no tienen ning\u00fan impedimento, ni f\u00edsico ni ps\u00edquico<\/strong>, para la plena y satisfactoria realizaci\u00f3n de la misma.<\/li>\n<li>As\u00ed mismo, ni el Ateneo Escurialense ni quienes coordinan la actividad, asumir\u00e1n responsabilidad alguna ante <strong>quienes oculten enfermedades, tengan impedimentos u oculten dolencias<\/strong> para participar en la realizaci\u00f3n de la actividad propuesta.<\/li>\n<li><strong>Las personas que se presenten<\/strong> para realizar la actividad <strong>con calzado y\/o vestimenta que se considere inadecuada<\/strong> por las personas que la coordinen y que adem\u00e1s quienes la coordines, comuniquen a estas personas que es desaconsejado participar en tales circunstancias, si estas personas persistan en la idea de continuar con la realizaci\u00f3n de la actividad, <strong>ser\u00e1n ellas las que asumen toda la responsabilidad de lo que pueda sucederles<\/strong>.<\/li>\n<li><strong>Cada persona que participe en la actividad tiene la responsabilidad de prestar atenci\u00f3n a su cuidado personal<\/strong>. Sobre el participante recae toda responsabilidad ante incidencias causadas por el descuido en hidratarse, alimentarse, usar protecci\u00f3n solar, protegerse contra el fr\u00edo, el calor, las picaduras de insectos, etc.<\/li>\n<li>Durante la actividad, <strong>se tomar\u00e1n fotograf\u00edas<\/strong> con el prop\u00f3sito de documentarla y de su posterior publicidad por parte del foro y del Ateneo. Quienes no deseen que se muestre su imagen, deben comunicarlo por escrito al email: <strong><span style=\"color: #3366ff;\">ateneoescurialense@gmail.com<\/span><\/strong><\/li>\n<\/ul>\n<p>[\/et_pb_text][\/et_pb_column][\/et_pb_row][et_pb_row column_structure=\u00bb1_2,1_2&#8243; _builder_version=\u00bb4.16&#8243; background_color=\u00bbrgba(0,0,0,0)\u00bb background_size=\u00bbinitial\u00bb background_position=\u00bbtop_left\u00bb background_repeat=\u00bbrepeat\u00bb global_colors_info=\u00bb{}\u00bb][et_pb_column type=\u00bb1_2&#8243; _builder_version=\u00bb4.16&#8243; custom_padding=\u00bb|||\u00bb global_colors_info=\u00bb{}\u00bb custom_padding__hover=\u00bb|||\u00bb][et_pb_image src=\u00bbhttps:\/\/drive.google.com\/thumbnail?sz=w1000&#038;id=18ClSsXnpSyPzIX5VdljTzYwIr81pje_0&#8243; title_text=\u00bbInnovacion2&#8243; align=\u00bbcenter\u00bb admin_label=\u00bbMapa\u00bb _builder_version=\u00bb4.23.4&#8243; hover_enabled=\u00bb0&#8243; global_colors_info=\u00bb{}\u00bb sticky_enabled=\u00bb0&#8243;][\/et_pb_image][\/et_pb_column][et_pb_column type=\u00bb1_2&#8243; _builder_version=\u00bb4.16&#8243; custom_padding=\u00bb|||\u00bb global_colors_info=\u00bb{}\u00bb custom_padding__hover=\u00bb|||\u00bb][et_pb_image src=\u00bbhttps:\/\/drive.google.com\/thumbnail?sz=w1000&#038;id=1nG4zN0NiT9iitPL6115FF_Wl4w77QfcP\u00bb title_text=\u00bbPrevisi\u00f3n meteo\u00bb align=\u00bbcenter\u00bb disabled_on=\u00bboff|off|off\u00bb admin_label=\u00bbPrevisi\u00f3n del tiempo\u00bb _builder_version=\u00bb4.23.1&#8243; global_colors_info=\u00bb{}\u00bb][\/et_pb_image][et_pb_text _builder_version=\u00bb4.20.4&#8243; _module_preset=\u00bbdefault\u00bb text_font_size=\u00bb16px\u00bb global_colors_info=\u00bb{}\u00bb][\/et_pb_text][\/et_pb_column][\/et_pb_row][\/et_pb_section]<\/p>\n","protected":false},"excerpt":{"rendered":"<p>Alcal\u00e1 de Henares, visita culturalDomingo 30 de abril a las 9:00hParking del Supercor de San Lorenzo de El EscorialParking estaci\u00f3n de Renfe de El EscorialEstanque Monasterio de San Lorenzo de El EscorialCoordinado por:\u00a0 Miguel \u00c1ngel SantiagoDenominaci\u00f3n:\u00a0Alcal\u00e1 de\u00a0Henares Indicaciones. Nos reuniremos a las 09:00 en la estaci\u00f3n de RENFE en El Escorial, abajo en la zona [&hellip;]<\/p>\n","protected":false},"author":3,"featured_media":0,"parent":0,"menu_order":0,"comment_status":"closed","ping_status":"closed","template":"","meta":{"_et_pb_use_builder":"on","_et_pb_old_content":"","_et_gb_content_width":"","footnotes":""},"class_list":["post-405","page","type-page","status-publish","hentry"],"_links":{"self":[{"href":"https:\/\/ateneoescurialense.org\/entornoynaturaleza\/wp-json\/wp\/v2\/pages\/405","targetHints":{"allow":["GET"]}}],"collection":[{"href":"https:\/\/ateneoescurialense.org\/entornoynaturaleza\/wp-json\/wp\/v2\/pages"}],"about":[{"href":"https:\/\/ateneoescurialense.org\/entornoynaturaleza\/wp-json\/wp\/v2\/types\/page"}],"author":[{"embeddable":true,"href":"https:\/\/ateneoescurialense.org\/entornoynaturaleza\/wp-json\/wp\/v2\/users\/3"}],"replies":[{"embeddable":true,"href":"https:\/\/ateneoescurialense.org\/entornoynaturaleza\/wp-json\/wp\/v2\/comments?post=405"}],"version-history":[{"count":6,"href":"https:\/\/ateneoescurialense.org\/entornoynaturaleza\/wp-json\/wp\/v2\/pages\/405\/revisions"}],"predecessor-version":[{"id":552,"href":"https:\/\/ateneoescurialense.org\/entornoynaturaleza\/wp-json\/wp\/v2\/pages\/405\/revisions\/552"}],"wp:attachment":[{"href":"https:\/\/ateneoescurialense.org\/entornoynaturaleza\/wp-json\/wp\/v2\/media?parent=405"}],"curies":[{"name":"wp","href":"https:\/\/api.w.org\/{rel}","templated":true}]}}

Alcalá de Henares, visita cultural

<p>[et_pb_section fb_built=»1&#8243; _builder_version=»4.16&#8243; background_color=»#e2e8ce» use_background_color_gradient=»on» background_color_gradient_stops=»#688987 0%|#35ffff 100%» background_color_gradient_start=»#688987&#8243; background_color_gradient_end=»#35ffff» global_colors_info=»{}»][et_pb_row _builder_version=»4.16&#8243; global_colors_info=»{}»][et_pb_column type=»4_4&#8243; _builder_version=»4.16&#8243; global_colors_info=»{}»][et_pb_text admin_label=»Título de la ruta» _builder_version=»4.20.4&#8243; border_color_all=»rgba(0,0,0,0)» global_colors_info=»{}»]</p>
<h1><span style="color: #800000;"><strong>Alcalá de Henares, visita cultural</strong></span></h1>
<p>[/et_pb_text][et_pb_blurb use_icon=»on» font_icon=»&#x3b;||divi||400&#8243; icon_color=»#B7321A» icon_placement=»left» image_icon_width=»25px» admin_label=»Fecha/hora» _builder_version=»4.20.4&#8243; _module_preset=»default» body_font_size=»16px» icon_font_size=»25px» global_colors_info=»{}»]</p>
<p><span style="color: #800000;">Domingo 30 de abril a las 9:00h</span></p>
<p>[/et_pb_blurb][et_pb_blurb use_icon=»on» font_icon=»&#xe081;||divi||400&#8243; icon_color=»#B7321A» icon_placement=»left» image_icon_width=»25px» disabled_on=»on|on|on» admin_label=»Parking del Supercor» _builder_version=»4.19.0&#8243; _module_preset=»default» body_font_size=»16px» icon_font_size=»25px» disabled=»on» global_colors_info=»{}»]</p>
<p>Parking del Supercor de San Lorenzo de El Escorial</p>
<p>[/et_pb_blurb][et_pb_blurb use_icon=»on» font_icon=»&#xe081;||divi||400&#8243; icon_color=»#B7321A» icon_placement=»left» image_icon_width=»25px» disabled_on=»off|off|off» admin_label=»Parking renfe» _builder_version=»4.20.4&#8243; _module_preset=»default» body_font_size=»16px» icon_font_size=»25px» global_colors_info=»{}»]</p>
<p>Parking estación de Renfe de El Escorial</p>
<p>[/et_pb_blurb][et_pb_blurb use_icon=»on» font_icon=»&#xe081;||divi||400&#8243; icon_color=»#B7321A» icon_placement=»left» image_icon_width=»25px» disabled_on=»on|on|on» admin_label=»Estanque Monasterio» _builder_version=»4.19.0&#8243; _module_preset=»default» body_font_size=»16px» icon_font_size=»25px» disabled=»on» global_colors_info=»{}»]</p>
<p>Estanque Monasterio de San Lorenzo de El Escorial</p>
<p>[/et_pb_blurb][et_pb_blurb use_icon=»on» font_icon=»&#xe08a;||divi||400&#8243; icon_color=»#B7321A» icon_placement=»left» image_icon_width=»25px» admin_label=»Coordinador» _builder_version=»4.19.0&#8243; _module_preset=»default» icon_font_size=»25px» global_colors_info=»{}»]</p>
<h2><span style="color: #993300;">Coordinado por:  Miguel Ángel Santiago</span></h2>
<p>[/et_pb_blurb][/et_pb_column][/et_pb_row][et_pb_row _builder_version=»4.16&#8243; background_color=»rgba(0,0,0,0)» background_size=»initial» background_position=»top_left» background_repeat=»repeat» global_colors_info=»{}»][et_pb_column type=»4_4&#8243; _builder_version=»4.16&#8243; custom_padding=»|||» global_colors_info=»{}» custom_padding__hover=»|||»][et_pb_text admin_label=»Descripción de la ruta» _builder_version=»4.20.4&#8243; text_font_size=»16px» background_size=»initial» background_position=»top_left» background_repeat=»repeat» global_colors_info=»{}»]</p>
<p>Denominación: <b>Alcalá de Henares</b></p>
<p><strong>Indicaciones.</strong></p>
<p>Nos reuniremos a las 09:00 en la estación de RENFE en El Escorial, abajo en la zona de los tornos de acceso a las vías Abordaremos el <strong>tren con destino a Guadalajara y se sale a las 09:13</strong>. </p>
<p>En esta ocasión, no realizaremos nuestro habitual paseo en la naturaleza, en su lugar visitaremos el casco antiguo de Alcalá de Henares acompañados por una sorpresiva guía particular y que descubriremos al llegar.</p>
<p>Haremos un recorrido por los rincones históricos mas representativos de la ciudad histórica, visitando algún museo y almorzando en un restaurante con nombre y solera cervantina.</p>
<p>Coincidiremos con la celebración de <strong><em><a href="https://www.turismoalcala.es/evento/complutum-renacida/">Complutum Renacida</a>, </em></strong>unas jornadas en las que se da “una vuelta al siglo IV y la época de los romanos, que tendrá lugar del 28 de abril al 2 de mayo y en la que habrá distintas actividades como visitas guiadas, y talleres en los que aprender cómo eran las construcciones romanas, o cómo se preparaba y transcurría una jornada de caza”</p>
<p>El regreso está previsto que se realice al atardecer</p>
<p>Quienes deseen ampliar información sobre Alcalá pueden visitar la <a href="https://www.turismoalcala.es/">Oficina de Turismo</a> online y ver en <a href="https://www.youtube.com/watch?v=xZfm6QQRIC0">Youtube</a></p>
<p>[/et_pb_text][et_pb_text admin_label=»Disclaimer» _builder_version=»4.18.0&#8243; text_font_size=»16px» background_size=»initial» background_position=»top_left» background_repeat=»repeat» border_radii=»on|11px|11px|11px|11px» border_width_all=»2px» global_colors_info=»{}»]</p>
<p><strong>NOTAS IMPORTANTES:</strong></p>
<ul>
<li>En nuestras actividades <strong>no se permite la presencia de mascotas</strong>.</li>
<li><strong>Las Actividades del foro de Entorno y Naturaleza, <u>NO ESTAN GESTIONADAS POR GUIAS.</u></strong></li>
<li><strong>Quienes participan en la actividad lo hacen por voluntad propia</strong> y en su buena ventura.</li>
<li>Mientras la actividad esté activa, los y las participantes <strong>observarán las indicaciones y recomendaciones</strong> dictadas por las personas que coordinen la misma.</li>
<li>Tanto el Ateneo Escurialense como quienes coordinan la actividad propuesta, <strong>han tomado todas las precauciones para que esta se desarrolle sin incidencias</strong>. La observación de las recomendaciones previas y las indicaciones que se den durante la actividad están <strong>encaminadas a procurar el bienestar y la seguridad de las personas que participan</strong> en la misma.</li>
<li>Ni el Ateneo Escurialense, ni quienes coordinan la actividad, <strong>asumirán responsabilidad alguna ante incidentes provocados por quienes no observen las recomendaciones e indicaciones publicadas</strong> y las sugeridas por quienes coordinen la actividad.</li>
<li>Las personas participantes en la actividad <strong>manifiestan estar informados en qué consiste la actividad propuesta</strong>, el recorrido, la distancia a recorrer, las dificultades sobre el terreno, la climatología prevista, los tiempos estimados para completarla, riesgos existentes, etc.</li>
<li>Por el hecho de participar en la actividad propuesta, el o la participante, manifiesta que <strong>no tienen ningún impedimento, ni físico ni psíquico</strong>, para la plena y satisfactoria realización de la misma.</li>
<li>Así mismo, ni el Ateneo Escurialense ni quienes coordinan la actividad, asumirán responsabilidad alguna ante <strong>quienes oculten enfermedades, tengan impedimentos u oculten dolencias</strong> para participar en la realización de la actividad propuesta.</li>
<li><strong>Las personas que se presenten</strong> para realizar la actividad <strong>con calzado y/o vestimenta que se considere inadecuada</strong> por las personas que la coordinen y que además quienes la coordines, comuniquen a estas personas que es desaconsejado participar en tales circunstancias, si estas personas persistan en la idea de continuar con la realización de la actividad, <strong>serán ellas las que asumen toda la responsabilidad de lo que pueda sucederles</strong>.</li>
<li><strong>Cada persona que participe en la actividad tiene la responsabilidad de prestar atención a su cuidado personal</strong>. Sobre el participante recae toda responsabilidad ante incidencias causadas por el descuido en hidratarse, alimentarse, usar protección solar, protegerse contra el frío, el calor, las picaduras de insectos, etc.</li>
<li>Durante la actividad, <strong>se tomarán fotografías</strong> con el propósito de documentarla y de su posterior publicidad por parte del foro y del Ateneo. Quienes no deseen que se muestre su imagen, deben comunicarlo por escrito al email: <strong><span style="color: #3366ff;">ateneoescurialense@gmail.com</span></strong></li>
</ul>
<p>[/et_pb_text][/et_pb_column][/et_pb_row][et_pb_row column_structure=»1_2,1_2&#8243; _builder_version=»4.16&#8243; background_color=»rgba(0,0,0,0)» background_size=»initial» background_position=»top_left» background_repeat=»repeat» global_colors_info=»{}»][et_pb_column type=»1_2&#8243; _builder_version=»4.16&#8243; custom_padding=»|||» global_colors_info=»{}» custom_padding__hover=»|||»][et_pb_image src=»https://drive.google.com/thumbnail?sz=w1000&#038;id=18ClSsXnpSyPzIX5VdljTzYwIr81pje_0&#8243; title_text=»Innovacion2&#8243; align=»center» admin_label=»Mapa» _builder_version=»4.23.4&#8243; hover_enabled=»0&#8243; global_colors_info=»{}» sticky_enabled=»0&#8243;][/et_pb_image][/et_pb_column][et_pb_column type=»1_2&#8243; _builder_version=»4.16&#8243; custom_padding=»|||» global_colors_info=»{}» custom_padding__hover=»|||»][et_pb_image src=»https://drive.google.com/thumbnail?sz=w1000&#038;id=1nG4zN0NiT9iitPL6115FF_Wl4w77QfcP» title_text=»Previsión meteo» align=»center» disabled_on=»off|off|off» admin_label=»Previsión del tiempo» _builder_version=»4.23.1&#8243; global_colors_info=»{}»][/et_pb_image][et_pb_text _builder_version=»4.20.4&#8243; _module_preset=»default» text_font_size=»16px» global_colors_info=»{}»][/et_pb_text][/et_pb_column][/et_pb_row][/et_pb_section]</p>

<p>Alcalá de Henares, visita culturalDomingo 30 de abril a las 9:00hParking del Supercor de San Lorenzo de El EscorialParking estación de Renfe de El EscorialEstanque Monasterio de San Lorenzo de El EscorialCoordinado por:  Miguel Ángel SantiagoDenominación: Alcalá de Henares Indicaciones. Nos reuniremos a las 09:00 en la estación de RENFE en El Escorial, abajo en la zona [&hellip;]</p>
