{"id":1785,"date":"2026-01-12T07:57:47","date_gmt":"2026-01-12T06:57:47","guid":{"rendered":"https:\/\/ateneoescurialense.org\/cristianismo\/?page_id=1785"},"modified":"2026-02-17T22:26:50","modified_gmt":"2026-02-17T21:26:50","slug":"todo-es-gracia-escritos-de-santa-teresa-del-nino-jesus","status":"publish","type":"page","link":"https:\/\/ateneoescurialense.org\/cristianismo\/todo-es-gracia-escritos-de-santa-teresa-del-nino-jesus\/","title":{"rendered":"\u201c\u00a1Todo es gracia!\u201d- Escritos de Santa Teresa del Ni\u00f1o Jes\u00fas"},"content":{"rendered":"<p>[et_pb_section fb_built=\u00bb1&#8243; _builder_version=\u00bb4.16&#8243; background_color=\u00bb#e2e8ce\u00bb use_background_color_gradient=\u00bbon\u00bb background_color_gradient_stops=\u00bb#1b897b 0%|#35ffff 100%\u00bb background_color_gradient_start=\u00bb#1b897b\u00bb background_color_gradient_end=\u00bb#35ffff\u00bb global_colors_info=\u00bb{}\u00bb][et_pb_row column_structure=\u00bb1_2,1_2&#8243; _builder_version=\u00bb4.16&#8243; global_colors_info=\u00bb{}\u00bb][et_pb_column type=\u00bb1_2&#8243; _builder_version=\u00bb4.16&#8243; global_colors_info=\u00bb{}\u00bb][et_pb_text _builder_version=\u00bb4.27.4&#8243; border_color_all=\u00bbrgba(0,0,0,0)\u00bb global_colors_info=\u00bb{}\u00bb]<\/p>\n<div class=\"tr_contenido2\">\n<div id=\"contenedornoticias\" class=\"noticiascontenedor\">\n<h1><span style=\"color: #800000;\"><strong>\u201c\u00a1Todo es gracia!\u201d- Escritos de Santa Teresa del Ni\u00f1o Jes\u00fas<\/strong><\/span><\/h1>\n<\/div>\n<\/div>\n<p>[\/et_pb_text][et_pb_blurb use_icon=\u00bbon\u00bb font_icon=\u00bb&#x3b;||divi||400&#8243; icon_color=\u00bb#B7321A\u00bb icon_placement=\u00bbleft\u00bb image_icon_width=\u00bb41px\u00bb admin_label=\u00bbFecha\/hora\u00bb _builder_version=\u00bb4.27.4&#8243; _module_preset=\u00bbdefault\u00bb image_icon_custom_margin=\u00bb-10px||||false|false\u00bb child_filter_hue_rotate=\u00bb341deg\u00bb child_filter_saturate=\u00bb37%\u00bb icon_font_size=\u00bb26px\u00bb global_colors_info=\u00bb{}\u00bb]<\/p>\n<p>Martes 17 de febrero 2026 a las 18h30<\/p>\n<p>[\/et_pb_blurb][et_pb_blurb title=\u00bbOn-line (1)\u00bb url=\u00bbhttps:\/\/ateneoescurialense.org\/ateneo-on-line\/\u00bb image=\u00bbhttps:\/\/ateneoescurialense.org\/cristianismo\/wp-content\/uploads\/sites\/18\/2021\/03\/LOGO-Ateneo-DIGITAL-Ver-08.jpg\u00bb icon_placement=\u00bbleft\u00bb admin_label=\u00bbOn-line\u00bb _builder_version=\u00bb4.27.4&#8243; _module_preset=\u00bbdefault\u00bb header_text_color=\u00bb#752752&#8243; header_font_size=\u00bb22px\u00bb link_option_url=\u00bbhttps:\/\/ateneoescurialense.org\/ateneo-on-line\/\u00bb global_colors_info=\u00bb{}\u00bb][\/et_pb_blurb][\/et_pb_column][et_pb_column type=\u00bb1_2&#8243; _builder_version=\u00bb4.16&#8243; global_colors_info=\u00bb{}\u00bb][et_pb_blurb title=\u00bbMar\u00eda Esther Mart\u00ednez Gonz\u00e1lez\u00bb use_icon=\u00bbon\u00bb font_icon=\u00bb&#xe08a;||divi||400&#8243; icon_color=\u00bb#B7321A\u00bb icon_placement=\u00bbleft\u00bb admin_label=\u00bbPonente\u00bb _builder_version=\u00bb4.24.2&#8243; _module_preset=\u00bbdefault\u00bb header_text_color=\u00bb#752752&#8243; header_font_size=\u00bb22px\u00bb child_filter_hue_rotate=\u00bb341deg\u00bb child_filter_saturate=\u00bb37%\u00bb global_colors_info=\u00bb{}\u00bb][\/et_pb_blurb][et_pb_blurb title=\u00bbSede de encuentros (22)\u00bb url=\u00bbhttps:\/\/ateneoescurialense.org\/sede-de-encuentros\/\u00bb use_icon=\u00bbon\u00bb font_icon=\u00bb&#xf54e;||fa||900&#8243; icon_color=\u00bb#E02B20&#8243; icon_placement=\u00bbleft\u00bb admin_label=\u00bbSede\u00bb _builder_version=\u00bb4.27.4&#8243; _module_preset=\u00bbdefault\u00bb header_text_color=\u00bb#752752&#8243; header_font_size=\u00bb22px\u00bb child_filter_hue_rotate=\u00bb341deg\u00bb child_filter_saturate=\u00bb37%\u00bb link_option_url=\u00bbhttps:\/\/ateneoescurialense.org\/sede-de-encuentros\/\u00bb hover_enabled=\u00bb0&#8243; global_colors_info=\u00bb{}\u00bb sticky_enabled=\u00bb0&#8243;]<\/p>\n<p>Calle del Rey 36, 1\u00aa planta<\/p>\n<p>San Lorenzo de El Escorial<\/p>\n<p>[\/et_pb_blurb][\/et_pb_column][\/et_pb_row][et_pb_row column_structure=\u00bb3_5,2_5&#8243; _builder_version=\u00bb4.16&#8243; background_color=\u00bbrgba(0,0,0,0)\u00bb background_size=\u00bbinitial\u00bb background_position=\u00bbtop_left\u00bb background_repeat=\u00bbrepeat\u00bb global_colors_info=\u00bb{}\u00bb][et_pb_column type=\u00bb3_5&#8243; _builder_version=\u00bb4.16&#8243; custom_padding=\u00bb|||\u00bb global_colors_info=\u00bb{}\u00bb custom_padding__hover=\u00bb|||\u00bb][et_pb_text _builder_version=\u00bb4.27.4&#8243; text_font_size=\u00bb16px\u00bb background_size=\u00bbinitial\u00bb background_position=\u00bbtop_left\u00bb background_repeat=\u00bbrepeat\u00bb global_colors_info=\u00bb{}\u00bb]<\/p>\n<p>Estos escritos nos aportan una informaci\u00f3n importante y valiosa sobre la vida de Santa Teresa y refuerzan su doctrina y su espiritualidad.<\/p>\n<p>\u201c\u00a1Todo es gracia!\u201d<\/p>\n<p>En esta tercera ponencia sobre Santa Teresa del Ni\u00f1o Jes\u00fas se quiere profundizar en sus escritos. El epistolario de Teresa contiene cartas, oraciones, poemas y recreaciones, todo ello nos ofrece la obra que Dios realiz\u00f3 en Teresa de Liseaux.<\/p>\n<p>[\/et_pb_text][et_pb_image _builder_version=\u00bb4.27.4&#8243; _module_preset=\u00bbdefault\u00bb src=\u00bbhttps:\/\/drive.google.com\/thumbnail?sz=w1000&#038;id=1J3pkUTgbZacrDL0hbjaWfykacjVx9-ob\u00bb hover_enabled=\u00bb0&#8243; sticky_enabled=\u00bb0&#8243;][\/et_pb_image][et_pb_image _builder_version=\u00bb4.27.4&#8243; _module_preset=\u00bbdefault\u00bb src=\u00bbhttps:\/\/drive.google.com\/thumbnail?sz=w1000&#038;id=1zwzt_jf6LpXccONIzcYcPGRlcBTRdSEi\u00bb hover_enabled=\u00bb0&#8243; sticky_enabled=\u00bb0&#8243;][\/et_pb_image][\/et_pb_column][et_pb_column type=\u00bb2_5&#8243; _builder_version=\u00bb4.16&#8243; custom_padding=\u00bb|||\u00bb global_colors_info=\u00bb{}\u00bb custom_padding__hover=\u00bb|||\u00bb][et_pb_text disabled_on=\u00bbon|on|on\u00bb _builder_version=\u00bb4.16&#8243; _module_preset=\u00bbdefault\u00bb disabled=\u00bbon\u00bb global_colors_info=\u00bb{}\u00bb]<\/p>\n<h1 style=\"text-align: center;\"><span style=\"color: #3366ff;\"><strong>V\u00eddeo con la conferencia<\/strong><\/span><\/h1>\n<p>[\/et_pb_text][et_pb_video src=\u00bbhttps:\/\/youtu.be\/9O-DvYo1SJE\u00bb disabled_on=\u00bbon|on|on\u00bb _builder_version=\u00bb4.24.2&#8243; _module_preset=\u00bbdefault\u00bb disabled=\u00bbon\u00bb global_colors_info=\u00bb{}\u00bb][\/et_pb_video][et_pb_image src=\u00bbhttps:\/\/drive.google.com\/thumbnail?sz=w1000&#038;id=1v_5pJeLa5vnfcEb0m8HN8pLMz5kLItPT\u00bb _builder_version=\u00bb4.27.4&#8243; _module_preset=\u00bbdefault\u00bb hover_enabled=\u00bb0&#8243; global_colors_info=\u00bb{}\u00bb sticky_enabled=\u00bb0&#8243;][\/et_pb_image][\/et_pb_column][\/et_pb_row][et_pb_row column_structure=\u00bb1_4,3_4&#8243; admin_label=\u00bbCV\u00bb _builder_version=\u00bb4.16&#8243; background_color=\u00bbrgba(0,0,0,0)\u00bb background_size=\u00bbinitial\u00bb background_position=\u00bbtop_left\u00bb background_repeat=\u00bbrepeat\u00bb global_colors_info=\u00bb{}\u00bb][et_pb_column type=\u00bb1_4&#8243; _builder_version=\u00bb4.16&#8243; custom_padding=\u00bb|||\u00bb global_colors_info=\u00bb{}\u00bb custom_padding__hover=\u00bb|||\u00bb][et_pb_image title_text=\u00bbP Majadas\u00bb align=\u00bbcenter\u00bb _builder_version=\u00bb4.21.0&#8243; global_colors_info=\u00bb{}\u00bb][\/et_pb_image][\/et_pb_column][et_pb_column type=\u00bb3_4&#8243; _builder_version=\u00bb4.16&#8243; custom_padding=\u00bb|||\u00bb global_colors_info=\u00bb{}\u00bb custom_padding__hover=\u00bb|||\u00bb][et_pb_text _builder_version=\u00bb4.24.0&#8243; text_font_size=\u00bb16px\u00bb background_size=\u00bbinitial\u00bb background_position=\u00bbtop_left\u00bb background_repeat=\u00bbrepeat\u00bb global_colors_info=\u00bb{}\u00bb]<\/p>\n<div class=\"cajacontenedoraindex\">\n<div class=\"tr_contenido2\">\n<div id=\"contenedornoticias\" class=\"noticiascontenedor\">\n<div id=\"contenido\">\n<div class=\"cajacontenedoraindex\">\n<div class=\"tr_contenido2\">\n<div id=\"contenedornoticias\" class=\"noticiascontenedor\">\n<div id=\"contenido\">\n<p>CURRICULUM ABREVIADO DEL CONFERENCIANTE:<\/p>\n<p>Mar\u00eda Esther Mart\u00ednez Gonz\u00e1lez naci\u00f3 en Madrid el 27 de agosto de 1958. Maestra de profesi\u00f3n, realiz\u00f3 sus estudios de Magisterio en la Escuela de Salesianas de \u201cDon Bosco\u201d y seguidamente se licenci\u00f3 en Historia del Arte en la Universidad Complutense de Madrid.<\/p>\n<p>Trabaj\u00f3 durante 40 a\u00f1os como profesora en el colegio donde estudi\u00f3, MM. Concepcionistas de Madrid (Princesa), y ejerci\u00f3 de directora de Educaci\u00f3n Infantil y Primaria 15 de ellos.<\/p>\n<p>Actualmente est\u00e1 jubilada y se dedica a impartir catequesis y a asistir a cursos y convocatorias de la orden del Carmelo para profundizar m\u00e1s en el mensaje de sus Santos.<\/p>\n<\/div>\n<\/div>\n<\/div>\n<\/div>\n<\/div>\n<\/div>\n<\/div>\n<\/div>\n<p>[\/et_pb_text][\/et_pb_column][\/et_pb_row][\/et_pb_section]<\/p>\n","protected":false},"excerpt":{"rendered":"<p>\u201c\u00a1Todo es gracia!\u201d- Escritos de Santa Teresa del Ni\u00f1o Jes\u00fas Martes 17 de febrero 2026 a las 18h30Calle del Rey 36, 1\u00aa planta San Lorenzo de El EscorialEstos escritos nos aportan una informaci\u00f3n importante y valiosa sobre la vida de Santa Teresa y refuerzan su doctrina y su espiritualidad. \u201c\u00a1Todo es gracia!\u201d En esta tercera [&hellip;]<\/p>\n","protected":false},"author":3,"featured_media":0,"parent":0,"menu_order":0,"comment_status":"closed","ping_status":"closed","template":"","meta":{"_et_pb_use_builder":"on","_et_pb_old_content":"","_et_gb_content_width":"","footnotes":""},"class_list":["post-1785","page","type-page","status-publish","hentry"],"_links":{"self":[{"href":"https:\/\/ateneoescurialense.org\/cristianismo\/wp-json\/wp\/v2\/pages\/1785","targetHints":{"allow":["GET"]}}],"collection":[{"href":"https:\/\/ateneoescurialense.org\/cristianismo\/wp-json\/wp\/v2\/pages"}],"about":[{"href":"https:\/\/ateneoescurialense.org\/cristianismo\/wp-json\/wp\/v2\/types\/page"}],"author":[{"embeddable":true,"href":"https:\/\/ateneoescurialense.org\/cristianismo\/wp-json\/wp\/v2\/users\/3"}],"replies":[{"embeddable":true,"href":"https:\/\/ateneoescurialense.org\/cristianismo\/wp-json\/wp\/v2\/comments?post=1785"}],"version-history":[{"count":6,"href":"https:\/\/ateneoescurialense.org\/cristianismo\/wp-json\/wp\/v2\/pages\/1785\/revisions"}],"predecessor-version":[{"id":1818,"href":"https:\/\/ateneoescurialense.org\/cristianismo\/wp-json\/wp\/v2\/pages\/1785\/revisions\/1818"}],"wp:attachment":[{"href":"https:\/\/ateneoescurialense.org\/cristianismo\/wp-json\/wp\/v2\/media?parent=1785"}],"curies":[{"name":"wp","href":"https:\/\/api.w.org\/{rel}","templated":true}]}}