{"id":587,"date":"2021-04-25T08:27:46","date_gmt":"2021-04-25T06:27:46","guid":{"rendered":"https:\/\/ateneoescurialense.org\/calidadvida\/?page_id=587"},"modified":"2021-04-25T08:30:44","modified_gmt":"2021-04-25T06:30:44","slug":"actividades-periodicas-calidad-vida-con-sciente-ii","status":"publish","type":"page","link":"https:\/\/ateneoescurialense.org\/calidadvida\/actividades-periodicas-calidad-vida-con-sciente-ii\/","title":{"rendered":"Actividades peri\u00f3dicas Calidad vida con-sciente II"},"content":{"rendered":"<p>[et_pb_section fb_built=\u00bb1&#8243; _builder_version=\u00bb4.4.9&#8243; background_color=\u00bb#e2e8ce\u00bb use_background_color_gradient=\u00bbon\u00bb background_color_gradient_start=\u00bb#1b897b\u00bb background_color_gradient_end=\u00bb#35ffff\u00bb][et_pb_row _builder_version=\u00bb4.4.9&#8243;][et_pb_column type=\u00bb4_4&#8243; _builder_version=\u00bb4.4.9&#8243;][et_pb_text _builder_version=\u00bb4.9.4&#8243; border_color_all=\u00bbrgba(0,0,0,0)\u00bb]<\/p>\n<div class=\"cajacontenedoraindex\">\n<div class=\"tr_contenido2\">\n<div id=\"contenedornoticias\" class=\"noticiascontenedor\">\n<h1><span style=\"color: #800000;\">Actividades peri\u00f3dicas Calidad vida con-sciente II<\/span><\/h1>\n<\/div>\n<\/div>\n<\/div>\n<p>[\/et_pb_text][et_pb_text _builder_version=\u00bb4.9.4&#8243;]<\/p>\n<div class=\"cajacontenedoraindex\">\n<div class=\"tr_contenido2\">\n<div id=\"contenedornoticias\" class=\"noticiascontenedor\">\n<div class=\"entradillahor\">\n<div class=\"cajacontenedoraindex\">\n<div class=\"tr_contenido2\">\n<div>\n<div id=\"contenedornoticias\" class=\"noticiascontenedor\">\n<div class=\"entradillahor\">\n<div>\n<div>Oto\u00f1o 2020<\/div>\n<\/div>\n<\/div>\n<\/div>\n<\/div>\n<\/div>\n<\/div>\n<\/div>\n<\/div>\n<\/div>\n<\/div>\n<h2 style=\"text-align: right;\"><span style=\"color: #993300;\"><i><\/i>Coordinado por:\u00a0 Beatriz Guti\u00e9rrez-Solar<\/span><\/h2>\n<p>[\/et_pb_text][\/et_pb_column][\/et_pb_row][et_pb_row column_structure=\u00bb1_3,2_3&#8243; _builder_version=\u00bb4.4.9&#8243; background_color=\u00bbrgba(0,0,0,0)\u00bb background_size=\u00bbinitial\u00bb background_position=\u00bbtop_left\u00bb background_repeat=\u00bbrepeat\u00bb][et_pb_column type=\u00bb1_3&#8243; _builder_version=\u00bb3.25&#8243; custom_padding=\u00bb|||\u00bb custom_padding__hover=\u00bb|||\u00bb][et_pb_image src=\u00bbhttps:\/\/drive.google.com\/thumbnail?sz=w1000&#038;id=17zjdcqgsiHQQ7m79YtIys4KQC_V5sRlu\u00bb title_text=\u00bbInnovacion2&#8243; align=\u00bbcenter\u00bb _builder_version=\u00bb4.6.0&#8243;][\/et_pb_image][\/et_pb_column][et_pb_column type=\u00bb2_3&#8243; _builder_version=\u00bb3.25&#8243; custom_padding=\u00bb|||\u00bb custom_padding__hover=\u00bb|||\u00bb][et_pb_text _builder_version=\u00bb4.9.4&#8243; text_font_size=\u00bb16px\u00bb background_size=\u00bbinitial\u00bb background_position=\u00bbtop_left\u00bb background_repeat=\u00bbrepeat\u00bb]<\/p>\n<p>El Foro de Calidad de vida con-sciente nos ofrece una nueva oportunidad de apuntarnos a las siguientes actividades:<\/p>\n<p>Todos los d\u00edas a las 9.00h y lunes alternos por la tarde: meditaci\u00f3n a las 19.30 horas y charla posterior a las 20.00h<\/p>\n<p>Conexi\u00f3n por Zoom<\/p>\n<p><strong><span style=\"color: #800000;\"><a style=\"color: #800000;\" href=\"https:\/\/us02web.zoom.us\/j\/948313362?pwd=QTlSaDdrVWNVNm9xdjdGdkZiZ3VVdz09\">https:\/\/us02web.zoom.us\/j\/948313362?pwd=QTlSaDdrVWNVNm9xdjdGdkZiZ3VVdz09<\/a><\/span><\/strong><\/p>\n<p>ID: 948 313 362\u00a0 \u00a0\u00a0Clave: Prajna2020<\/p>\n<p>Escribir a mi WhatsApp, los que est\u00e9n interesados para darles unas pautas&#8230;. tel\u00e9fono m\u00f3vil en los avisos\/agenda: Beatriz Guti\u00e9rrez-Solar Calvo, tlf 619160347<\/p>\n<figure class=\"wp-block-image size-large\"><\/figure>\n<p>[\/et_pb_text][\/et_pb_column][\/et_pb_row][\/et_pb_section]<\/p>\n","protected":false},"excerpt":{"rendered":"<p>Actividades peri\u00f3dicas Calidad vida con-sciente II Oto\u00f1o 2020 Coordinado por:\u00a0 Beatriz Guti\u00e9rrez-SolarEl Foro de Calidad de vida con-sciente nos ofrece una nueva oportunidad de apuntarnos a las siguientes actividades: Todos los d\u00edas a las 9.00h y lunes alternos por la tarde: meditaci\u00f3n a las 19.30 horas y charla posterior a las 20.00h Conexi\u00f3n por Zoom [&hellip;]<\/p>\n","protected":false},"author":3,"featured_media":0,"parent":0,"menu_order":0,"comment_status":"closed","ping_status":"closed","template":"","meta":{"_et_pb_use_builder":"on","_et_pb_old_content":"","_et_gb_content_width":"","footnotes":""},"class_list":["post-587","page","type-page","status-publish","hentry"],"_links":{"self":[{"href":"https:\/\/ateneoescurialense.org\/calidadvida\/wp-json\/wp\/v2\/pages\/587","targetHints":{"allow":["GET"]}}],"collection":[{"href":"https:\/\/ateneoescurialense.org\/calidadvida\/wp-json\/wp\/v2\/pages"}],"about":[{"href":"https:\/\/ateneoescurialense.org\/calidadvida\/wp-json\/wp\/v2\/types\/page"}],"author":[{"embeddable":true,"href":"https:\/\/ateneoescurialense.org\/calidadvida\/wp-json\/wp\/v2\/users\/3"}],"replies":[{"embeddable":true,"href":"https:\/\/ateneoescurialense.org\/calidadvida\/wp-json\/wp\/v2\/comments?post=587"}],"version-history":[{"count":4,"href":"https:\/\/ateneoescurialense.org\/calidadvida\/wp-json\/wp\/v2\/pages\/587\/revisions"}],"predecessor-version":[{"id":594,"href":"https:\/\/ateneoescurialense.org\/calidadvida\/wp-json\/wp\/v2\/pages\/587\/revisions\/594"}],"wp:attachment":[{"href":"https:\/\/ateneoescurialense.org\/calidadvida\/wp-json\/wp\/v2\/media?parent=587"}],"curies":[{"name":"wp","href":"https:\/\/api.w.org\/{rel}","templated":true}]}}

Actividades periódicas Calidad vida con-sciente II

<p>[et_pb_section fb_built=»1&#8243; _builder_version=»4.4.9&#8243; background_color=»#e2e8ce» use_background_color_gradient=»on» background_color_gradient_start=»#1b897b» background_color_gradient_end=»#35ffff»][et_pb_row _builder_version=»4.4.9&#8243;][et_pb_column type=»4_4&#8243; _builder_version=»4.4.9&#8243;][et_pb_text _builder_version=»4.9.4&#8243; border_color_all=»rgba(0,0,0,0)»]</p>
<div class="cajacontenedoraindex">
<div class="tr_contenido2">
<div id="contenedornoticias" class="noticiascontenedor">
<h1><span style="color: #800000;">Actividades periódicas Calidad vida con-sciente II</span></h1>
</div>
</div>
</div>
<p>[/et_pb_text][et_pb_text _builder_version=»4.9.4&#8243;]</p>
<div class="cajacontenedoraindex">
<div class="tr_contenido2">
<div id="contenedornoticias" class="noticiascontenedor">
<div class="entradillahor">
<div class="cajacontenedoraindex">
<div class="tr_contenido2">
<div>
<div id="contenedornoticias" class="noticiascontenedor">
<div class="entradillahor">
<div>
<div>Otoño 2020</div>
</div>
</div>
</div>
</div>
</div>
</div>
</div>
</div>
</div>
</div>
<h2 style="text-align: right;"><span style="color: #993300;"><i></i>Coordinado por:  Beatriz Gutiérrez-Solar</span></h2>
<p>[/et_pb_text][/et_pb_column][/et_pb_row][et_pb_row column_structure=»1_3,2_3&#8243; _builder_version=»4.4.9&#8243; background_color=»rgba(0,0,0,0)» background_size=»initial» background_position=»top_left» background_repeat=»repeat»][et_pb_column type=»1_3&#8243; _builder_version=»3.25&#8243; custom_padding=»|||» custom_padding__hover=»|||»][et_pb_image src=»https://drive.google.com/thumbnail?sz=w1000&#038;id=17zjdcqgsiHQQ7m79YtIys4KQC_V5sRlu» title_text=»Innovacion2&#8243; align=»center» _builder_version=»4.6.0&#8243;][/et_pb_image][/et_pb_column][et_pb_column type=»2_3&#8243; _builder_version=»3.25&#8243; custom_padding=»|||» custom_padding__hover=»|||»][et_pb_text _builder_version=»4.9.4&#8243; text_font_size=»16px» background_size=»initial» background_position=»top_left» background_repeat=»repeat»]</p>
<p>El Foro de Calidad de vida con-sciente nos ofrece una nueva oportunidad de apuntarnos a las siguientes actividades:</p>
<p>Todos los días a las 9.00h y lunes alternos por la tarde: meditación a las 19.30 horas y charla posterior a las 20.00h</p>
<p>Conexión por Zoom</p>
<p><strong><span style="color: #800000;"><a style="color: #800000;" href="https://us02web.zoom.us/j/948313362?pwd=QTlSaDdrVWNVNm9xdjdGdkZiZ3VVdz09">https://us02web.zoom.us/j/948313362?pwd=QTlSaDdrVWNVNm9xdjdGdkZiZ3VVdz09</a></span></strong></p>
<p>ID: 948 313 362    Clave: Prajna2020</p>
<p>Escribir a mi WhatsApp, los que estén interesados para darles unas pautas&#8230;. teléfono móvil en los avisos/agenda: Beatriz Gutiérrez-Solar Calvo, tlf 619160347</p>
<figure class="wp-block-image size-large"></figure>
<p>[/et_pb_text][/et_pb_column][/et_pb_row][/et_pb_section]</p>

<p>Actividades periódicas Calidad vida con-sciente II Otoño 2020 Coordinado por:  Beatriz Gutiérrez-SolarEl Foro de Calidad de vida con-sciente nos ofrece una nueva oportunidad de apuntarnos a las siguientes actividades: Todos los días a las 9.00h y lunes alternos por la tarde: meditación a las 19.30 horas y charla posterior a las 20.00h Conexión por Zoom [&hellip;]</p>
