{"id":43,"date":"2020-07-10T12:09:38","date_gmt":"2020-07-10T10:09:38","guid":{"rendered":"https:\/\/ateneoescurialense.org\/calidadvida\/?page_id=43"},"modified":"2020-09-15T22:17:27","modified_gmt":"2020-09-15T20:17:27","slug":"jovenes","status":"publish","type":"page","link":"https:\/\/ateneoescurialense.org\/calidadvida\/jovenes\/","title":{"rendered":"J\u00f3venes contra el cambio clim\u00e1tico"},"content":{"rendered":"<p>[et_pb_section fb_built=\u00bb1&#8243; _builder_version=\u00bb4.4.9&#8243; background_color=\u00bb#d6d6d6&#8243; use_background_color_gradient=\u00bbon\u00bb background_color_gradient_start=\u00bb#e2e2b5&#8243; background_color_gradient_end=\u00bbrgba(188,196,168,0.39)\u00bb][et_pb_row _builder_version=\u00bb4.4.9&#8243;][et_pb_column type=\u00bb4_4&#8243; _builder_version=\u00bb4.4.9&#8243;][et_pb_text _builder_version=\u00bb4.6.0&#8243; hover_enabled=\u00bb0&#8243; sticky_enabled=\u00bb0&#8243;]<\/p>\n<h1><span style=\"color: #000080;\">J\u00f3venes contra el cambio clim\u00e1tico<\/span><\/h1>\n<p>[\/et_pb_text][et_pb_text _builder_version=\u00bb4.4.9&#8243;]<\/p>\n<p>Mi\u00e9rcoles 8 de julio 2020 a las 10:30h<\/p>\n<p>[\/et_pb_text][\/et_pb_column][\/et_pb_row][et_pb_row column_structure=\u00bb1_2,1_2&#8243; _builder_version=\u00bb3.25&#8243; background_size=\u00bbinitial\u00bb background_position=\u00bbtop_left\u00bb background_repeat=\u00bbrepeat\u00bb][et_pb_column type=\u00bb1_2&#8243; _builder_version=\u00bb3.25&#8243; custom_padding=\u00bb|||\u00bb custom_padding__hover=\u00bb|||\u00bb][et_pb_image src=\u00bbhttps:\/\/ateneoescurialense.org\/calidadvida\/wp-content\/uploads\/sites\/4\/2020\/07\/Empren_climatico-212&#215;300-1.jpg\u00bb title_text=\u00bbEmpren_climatico-212&#215;300-1&#8243; _builder_version=\u00bb4.4.9&#8243;][\/et_pb_image][\/et_pb_column][et_pb_column type=\u00bb1_2&#8243; _builder_version=\u00bb3.25&#8243; custom_padding=\u00bb|||\u00bb custom_padding__hover=\u00bb|||\u00bb][et_pb_text _builder_version=\u00bb4.4.9&#8243; text_font_size=\u00bb18px\u00bb background_size=\u00bbinitial\u00bb background_position=\u00bbtop_left\u00bb background_repeat=\u00bbrepeat\u00bb]<\/p>\n<p>&nbsp;<\/p>\n<p>Este pasado mi\u00e9rcoles 8 de julio 2020 comenz\u00f3 esta actividad.<\/p>\n<p><strong>\u00bfEst\u00e1s preocupado por el cambio clim\u00e1tico?<\/strong><\/p>\n<p>Un grupo de j\u00f3venes con edades comprendidas entre los 14 y los 17 a\u00f1os, preocupados por este problema, quieren compartir, analizar, debatir y presentar las conclusiones a las que lleguen. Para ello, buscamos voluntarios\u00a0para debatir este verano sobre este problema. Habr\u00e1 charlas diversas, mesas de trabajo y exposici\u00f3n de vuestros resultados.<\/p>\n<p>Contacta con nosotros en <a>jovenes14-17@ateneoescurialense.org<\/a>.<\/p>\n<p>Inscripciones hasta el 5 de julio. El lunes d\u00eda 6 nos pondremos en contacto con los seleccionados para formalizar la inscripci\u00f3n<\/p>\n<p>Las reuniones ser\u00e1n en San Lorenzo de El Escorial y en remoto.<\/p>\n<p><strong>Planificaci\u00f3n prevista<\/strong><\/p>\n<p>8-jul \u00a0 Inauguraci\u00f3n, introducci\u00f3n a las jornadas por Sally Mulvihill<\/p>\n<p>Breves pinceladas sobre \u00abC\u00f3mo hacer una presentaci\u00f3n en p\u00fablico\u00bb por \u00c1ngel Mazo<\/p>\n<p>15-jul Causas del cambio clim\u00e1tico<\/p>\n<p>17-jul Consecuencias del cambio clim\u00e1tico<\/p>\n<p>Charla sobre \u00abEl cambio clim\u00e1tico en el entorno marino\u00bb por Amparo Cid<\/p>\n<p>22-jul Soluciones para combatir el cambio clim\u00e1tico<\/p>\n<p>24-jul Preparaci\u00f3n de la presentaci\u00f3n final<\/p>\n<p>30-jul Presentaci\u00f3n final de las conclusiones<\/p>\n<p>&nbsp;<\/p>\n<p>Adjuntamos el documento con las actividades a realizar y la planificaci\u00f3n de las mismas. <a href=\"https:\/\/ateneoescurialense.org\/wp-content\/uploads\/2020\/07\/JovenesCC-proyecto.pdf\">JovenesCC proyecto<\/a><\/p>\n<p>[\/et_pb_text][\/et_pb_column][\/et_pb_row][et_pb_row column_structure=\u00bb1_3,1_3,1_3&#8243; _builder_version=\u00bb4.4.9&#8243;][et_pb_column type=\u00bb1_3&#8243; _builder_version=\u00bb4.4.9&#8243;][et_pb_image src=\u00bbhttps:\/\/ateneoescurialense.org\/calidadvida\/wp-content\/uploads\/sites\/4\/2020\/07\/Jovenes_1-scaled.jpg\u00bb title_text=\u00bbJovenes_1&#8243; _builder_version=\u00bb4.4.9&#8243;][\/et_pb_image][\/et_pb_column][et_pb_column type=\u00bb1_3&#8243; _builder_version=\u00bb4.4.9&#8243;][et_pb_image src=\u00bbhttps:\/\/ateneoescurialense.org\/calidadvida\/wp-content\/uploads\/sites\/4\/2020\/07\/Jovenes_2-scaled.jpg\u00bb title_text=\u00bbJovenes_2&#8243; _builder_version=\u00bb4.4.9&#8243;][\/et_pb_image][\/et_pb_column][et_pb_column type=\u00bb1_3&#8243; _builder_version=\u00bb4.4.9&#8243;][et_pb_image src=\u00bbhttps:\/\/ateneoescurialense.org\/calidadvida\/wp-content\/uploads\/sites\/4\/2020\/07\/Jovenes_3-scaled.jpg\u00bb title_text=\u00bbJovenes_3&#8243; _builder_version=\u00bb4.4.9&#8243;][\/et_pb_image][\/et_pb_column][\/et_pb_row][et_pb_row _builder_version=\u00bb4.4.9&#8243;][et_pb_column type=\u00bb4_4&#8243; _builder_version=\u00bb4.4.9&#8243;][et_pb_text _builder_version=\u00bb4.4.9&#8243; text_font_size=\u00bb18px\u00bb]<\/p>\n<p>El grupo est\u00e1 compuesto por siete j\u00f3venes muy concienciados con el cambio clim\u00e1tico. En su primer d\u00eda de trabajo han planteado los objetivos a conseguir, las tareas que cada uno va a realizar para la siguiente semana y han corroborado la planificaci\u00f3n propuesta.<\/p>\n<p>No todos pudieron asistir presencialmente, por lo que usando herramientas de v\u00eddeo conferencia pudieron trabajar como un equipo.<\/p>\n<p>Para finalizar, nuestro compa\u00f1ero \u00c1ngel Mazo, les dio una introducci\u00f3n de como enfocar la presentaci\u00f3n final que se realizar\u00e1 el pr\u00f3ximo 30 de julio.<\/p>\n<p>[\/et_pb_text][\/et_pb_column][\/et_pb_row][\/et_pb_section]<\/p>\n","protected":false},"excerpt":{"rendered":"<p>J\u00f3venes contra el cambio clim\u00e1tico Mi\u00e9rcoles 8 de julio 2020 a las 10:30h&nbsp; Este pasado mi\u00e9rcoles 8 de julio 2020 comenz\u00f3 esta actividad. \u00bfEst\u00e1s preocupado por el cambio clim\u00e1tico? Un grupo de j\u00f3venes con edades comprendidas entre los 14 y los 17 a\u00f1os, preocupados por este problema, quieren compartir, analizar, debatir y presentar las conclusiones [&hellip;]<\/p>\n","protected":false},"author":3,"featured_media":0,"parent":0,"menu_order":0,"comment_status":"closed","ping_status":"closed","template":"","meta":{"_et_pb_use_builder":"on","_et_pb_old_content":"","_et_gb_content_width":"","footnotes":""},"class_list":["post-43","page","type-page","status-publish","hentry"],"_links":{"self":[{"href":"https:\/\/ateneoescurialense.org\/calidadvida\/wp-json\/wp\/v2\/pages\/43","targetHints":{"allow":["GET"]}}],"collection":[{"href":"https:\/\/ateneoescurialense.org\/calidadvida\/wp-json\/wp\/v2\/pages"}],"about":[{"href":"https:\/\/ateneoescurialense.org\/calidadvida\/wp-json\/wp\/v2\/types\/page"}],"author":[{"embeddable":true,"href":"https:\/\/ateneoescurialense.org\/calidadvida\/wp-json\/wp\/v2\/users\/3"}],"replies":[{"embeddable":true,"href":"https:\/\/ateneoescurialense.org\/calidadvida\/wp-json\/wp\/v2\/comments?post=43"}],"version-history":[{"count":27,"href":"https:\/\/ateneoescurialense.org\/calidadvida\/wp-json\/wp\/v2\/pages\/43\/revisions"}],"predecessor-version":[{"id":363,"href":"https:\/\/ateneoescurialense.org\/calidadvida\/wp-json\/wp\/v2\/pages\/43\/revisions\/363"}],"wp:attachment":[{"href":"https:\/\/ateneoescurialense.org\/calidadvida\/wp-json\/wp\/v2\/media?parent=43"}],"curies":[{"name":"wp","href":"https:\/\/api.w.org\/{rel}","templated":true}]}}

Jóvenes contra el cambio climático

<p>[et_pb_section fb_built=»1&#8243; _builder_version=»4.4.9&#8243; background_color=»#d6d6d6&#8243; use_background_color_gradient=»on» background_color_gradient_start=»#e2e2b5&#8243; background_color_gradient_end=»rgba(188,196,168,0.39)»][et_pb_row _builder_version=»4.4.9&#8243;][et_pb_column type=»4_4&#8243; _builder_version=»4.4.9&#8243;][et_pb_text _builder_version=»4.6.0&#8243; hover_enabled=»0&#8243; sticky_enabled=»0&#8243;]</p>
<h1><span style="color: #000080;">Jóvenes contra el cambio climático</span></h1>
<p>[/et_pb_text][et_pb_text _builder_version=»4.4.9&#8243;]</p>
<p>Miércoles 8 de julio 2020 a las 10:30h</p>
<p>[/et_pb_text][/et_pb_column][/et_pb_row][et_pb_row column_structure=»1_2,1_2&#8243; _builder_version=»3.25&#8243; background_size=»initial» background_position=»top_left» background_repeat=»repeat»][et_pb_column type=»1_2&#8243; _builder_version=»3.25&#8243; custom_padding=»|||» custom_padding__hover=»|||»][et_pb_image src=»https://ateneoescurialense.org/calidadvida/wp-content/uploads/sites/4/2020/07/Empren_climatico-212&#215;300-1.jpg» title_text=»Empren_climatico-212&#215;300-1&#8243; _builder_version=»4.4.9&#8243;][/et_pb_image][/et_pb_column][et_pb_column type=»1_2&#8243; _builder_version=»3.25&#8243; custom_padding=»|||» custom_padding__hover=»|||»][et_pb_text _builder_version=»4.4.9&#8243; text_font_size=»18px» background_size=»initial» background_position=»top_left» background_repeat=»repeat»]</p>
<p>&nbsp;</p>
<p>Este pasado miércoles 8 de julio 2020 comenzó esta actividad.</p>
<p><strong>¿Estás preocupado por el cambio climático?</strong></p>
<p>Un grupo de jóvenes con edades comprendidas entre los 14 y los 17 años, preocupados por este problema, quieren compartir, analizar, debatir y presentar las conclusiones a las que lleguen. Para ello, buscamos voluntarios para debatir este verano sobre este problema. Habrá charlas diversas, mesas de trabajo y exposición de vuestros resultados.</p>
<p>Contacta con nosotros en <a>jovenes14-17@ateneoescurialense.org</a>.</p>
<p>Inscripciones hasta el 5 de julio. El lunes día 6 nos pondremos en contacto con los seleccionados para formalizar la inscripción</p>
<p>Las reuniones serán en San Lorenzo de El Escorial y en remoto.</p>
<p><strong>Planificación prevista</strong></p>
<p>8-jul   Inauguración, introducción a las jornadas por Sally Mulvihill</p>
<p>Breves pinceladas sobre «Cómo hacer una presentación en público» por Ángel Mazo</p>
<p>15-jul Causas del cambio climático</p>
<p>17-jul Consecuencias del cambio climático</p>
<p>Charla sobre «El cambio climático en el entorno marino» por Amparo Cid</p>
<p>22-jul Soluciones para combatir el cambio climático</p>
<p>24-jul Preparación de la presentación final</p>
<p>30-jul Presentación final de las conclusiones</p>
<p>&nbsp;</p>
<p>Adjuntamos el documento con las actividades a realizar y la planificación de las mismas. <a href="https://ateneoescurialense.org/wp-content/uploads/2020/07/JovenesCC-proyecto.pdf">JovenesCC proyecto</a></p>
<p>[/et_pb_text][/et_pb_column][/et_pb_row][et_pb_row column_structure=»1_3,1_3,1_3&#8243; _builder_version=»4.4.9&#8243;][et_pb_column type=»1_3&#8243; _builder_version=»4.4.9&#8243;][et_pb_image src=»https://ateneoescurialense.org/calidadvida/wp-content/uploads/sites/4/2020/07/Jovenes_1-scaled.jpg» title_text=»Jovenes_1&#8243; _builder_version=»4.4.9&#8243;][/et_pb_image][/et_pb_column][et_pb_column type=»1_3&#8243; _builder_version=»4.4.9&#8243;][et_pb_image src=»https://ateneoescurialense.org/calidadvida/wp-content/uploads/sites/4/2020/07/Jovenes_2-scaled.jpg» title_text=»Jovenes_2&#8243; _builder_version=»4.4.9&#8243;][/et_pb_image][/et_pb_column][et_pb_column type=»1_3&#8243; _builder_version=»4.4.9&#8243;][et_pb_image src=»https://ateneoescurialense.org/calidadvida/wp-content/uploads/sites/4/2020/07/Jovenes_3-scaled.jpg» title_text=»Jovenes_3&#8243; _builder_version=»4.4.9&#8243;][/et_pb_image][/et_pb_column][/et_pb_row][et_pb_row _builder_version=»4.4.9&#8243;][et_pb_column type=»4_4&#8243; _builder_version=»4.4.9&#8243;][et_pb_text _builder_version=»4.4.9&#8243; text_font_size=»18px»]</p>
<p>El grupo está compuesto por siete jóvenes muy concienciados con el cambio climático. En su primer día de trabajo han planteado los objetivos a conseguir, las tareas que cada uno va a realizar para la siguiente semana y han corroborado la planificación propuesta.</p>
<p>No todos pudieron asistir presencialmente, por lo que usando herramientas de vídeo conferencia pudieron trabajar como un equipo.</p>
<p>Para finalizar, nuestro compañero Ángel Mazo, les dio una introducción de como enfocar la presentación final que se realizará el próximo 30 de julio.</p>
<p>[/et_pb_text][/et_pb_column][/et_pb_row][/et_pb_section]</p>

<p>Jóvenes contra el cambio climático Miércoles 8 de julio 2020 a las 10:30h&nbsp; Este pasado miércoles 8 de julio 2020 comenzó esta actividad. ¿Estás preocupado por el cambio climático? Un grupo de jóvenes con edades comprendidas entre los 14 y los 17 años, preocupados por este problema, quieren compartir, analizar, debatir y presentar las conclusiones [&hellip;]</p>
